CRAN Package Check Results for Package ggplot2

Last updated on 2024-07-22 00:50:38 CEST.

Flavor Version Tinstall Tcheck Ttotal Status Flags
r-devel-linux-x86_64-debian-clang 3.5.1 32.73 596.32 629.05 OK
r-devel-linux-x86_64-debian-gcc 3.5.1 26.87 427.17 454.04 NOTE
r-devel-linux-x86_64-fedora-clang 3.5.1 809.37 NOTE
r-devel-linux-x86_64-fedora-gcc 3.5.1 808.99 OK
r-devel-windows-x86_64 3.5.1 34.00 459.00 493.00 NOTE
r-patched-linux-x86_64 3.5.1 43.46 564.61 608.07 OK
r-release-linux-x86_64 3.5.1 33.71 548.15 581.86 OK
r-release-macos-arm64 3.5.1 200.00 NOTE
r-release-macos-x86_64 3.5.1 324.00 NOTE
r-release-windows-x86_64 3.5.1 32.00 473.00 505.00 NOTE
r-oldrel-macos-arm64 3.5.1 186.00 NOTE
r-oldrel-macos-x86_64 3.5.1 503.00 NOTE
r-oldrel-windows-x86_64 3.5.1 43.00 584.00 627.00 NOTE

Check Details

Version: 3.5.1
Check: Rd cross-references
Result: NOTE Found the following Rd file(s) with Rd \link{} targets missing package anchors: ggplot2-ggproto.Rd: gtable ggplot_gtable.Rd: gtable Please provide package anchors for all Rd \link{} targets not in the package itself and the base packages. Flavors: r-devel-linux-x86_64-debian-gcc, r-devel-windows-x86_64

Version: 3.5.1
Check: installed package size
Result: NOTE installed size is 6.0Mb sub-directories of 1Mb or more: R 1.5Mb doc 2.3Mb help 1.2Mb Flavors: r-devel-linux-x86_64-fedora-clang, r-devel-windows-x86_64, r-release-macos-arm64, r-release-macos-x86_64, r-release-windows-x86_64, r-oldrel-macos-arm64, r-oldrel-macos-x86_64, r-oldrel-windows-x86_64

Version: 3.5.1
Check: Rd cross-references
Result: NOTE Undeclared packages ‘interp’, ‘akima’ in Rd xrefs Flavor: r-devel-linux-x86_64-fedora-clang