Last updated on 2025-06-19 11:49:44 CEST.
Flavor | Version | Tinstall | Tcheck | Ttotal | Status | Flags |
---|---|---|---|---|---|---|
r-devel-linux-x86_64-debian-clang | 0.1.6 | 4.43 | 72.57 | 77.00 | OK | |
r-devel-linux-x86_64-debian-gcc | 0.1.6 | 3.81 | 54.15 | 57.96 | OK | |
r-devel-linux-x86_64-fedora-clang | 0.1.6 | 126.01 | OK | |||
r-devel-linux-x86_64-fedora-gcc | 0.1.6 | 128.27 | OK | |||
r-devel-windows-x86_64 | 0.1.6 | 9.00 | 101.00 | 110.00 | OK | |
r-patched-linux-x86_64 | 0.1.6 | 5.31 | 66.96 | 72.27 | OK | |
r-release-linux-x86_64 | 0.1.5 | 5.12 | 71.62 | 76.74 | NOTE | |
r-release-macos-arm64 | 0.1.6 | 43.00 | OK | |||
r-release-macos-x86_64 | 0.1.6 | 115.00 | OK | |||
r-release-windows-x86_64 | 0.1.6 | 8.00 | 93.00 | 101.00 | OK | |
r-oldrel-macos-arm64 | 0.1.6 | 45.00 | OK | |||
r-oldrel-macos-x86_64 | 0.1.5 | 70.00 | OK | |||
r-oldrel-windows-x86_64 | 0.1.6 | 9.00 | 99.00 | 108.00 | OK |
Version: 0.1.5
Check: DESCRIPTION meta-information
Result: NOTE
Missing dependency on R >= 4.1.0 because package code uses the pipe
|> or function shorthand \(...) syntax added in R 4.1.0.
File(s) using such syntax:
‘labs2.R’
Flavor: r-release-linux-x86_64