CRAN Package Check Results for Package geneExpressionFromGEO

Last updated on 2024-04-23 08:57:58 CEST.

Flavor Version Tinstall Tcheck Ttotal Status Flags
r-devel-linux-x86_64-debian-clang 0.9 0.39 2.09 2.48 ERROR
r-devel-linux-x86_64-debian-gcc 0.9 1.74 1.74 ERROR
r-devel-linux-x86_64-fedora-clang 0.9 51.23 NOTE
r-devel-linux-x86_64-fedora-gcc 0.9 63.96 NOTE
r-prerel-macos-arm64 0.9 35.00 OK
r-prerel-macos-x86_64 0.9 51.00 OK
r-prerel-windows-x86_64 0.9 4.00 308.00 312.00 OK
r-patched-linux-x86_64 0.9 2.26 36.08 38.34 OK
r-release-linux-x86_64 0.9 1.50 34.80 36.30 OK
r-release-macos-arm64 0.9 8.00 ERROR
r-release-macos-x86_64 0.9 43.00 OK
r-release-windows-x86_64 0.9 4.00 340.00 344.00 OK
r-oldrel-macos-arm64 0.9 29.00 NOTE
r-oldrel-windows-x86_64 0.9 4.00 277.00 281.00 OK

Check Details

Version: 0.9
Check: package dependencies
Result: ERROR Packages required but not available: 'annotate', 'GEOquery' See section ‘The DESCRIPTION file’ in the ‘Writing R Extensions’ manual. Flavor: r-devel-linux-x86_64-debian-clang

Version: 0.9
Check: package dependencies
Result: ERROR Package required but not available: ‘annotate’ See section ‘The DESCRIPTION file’ in the ‘Writing R Extensions’ manual. Flavor: r-devel-linux-x86_64-debian-gcc

Version: 0.9
Check: dependencies in R code
Result: NOTE Namespaces in Imports field not imported from: ‘BiocManager’ ‘R.utils’ ‘markdown’ All declared Imports should be used. Flavors: r-devel-linux-x86_64-fedora-clang, r-devel-linux-x86_64-fedora-gcc, r-oldrel-macos-arm64

Version: 0.9
Check: package dependencies
Result: ERROR Package required but not available: ‘GEOquery’ See section ‘The DESCRIPTION file’ in the ‘Writing R Extensions’ manual. Flavor: r-release-macos-arm64