CRAN Package Check Results for Package geeVerse

Last updated on 2024-06-23 16:56:22 CEST.

Flavor Version Tinstall Tcheck Ttotal Status Flags
r-devel-linux-x86_64-debian-clang 0.1.0 61.60 90.15 151.75 OK
r-devel-linux-x86_64-debian-gcc 0.1.0 45.09 69.99 115.08 OK
r-devel-linux-x86_64-fedora-clang 0.1.0 189.29 OK
r-devel-linux-x86_64-fedora-gcc 0.1.0 202.25 OK
r-devel-windows-x86_64 0.1.0 46.00 99.00 145.00 OK
r-patched-linux-x86_64 0.1.0 58.92 91.85 150.77 OK
r-release-linux-x86_64 0.1.0 56.15 90.80 146.95 OK
r-release-macos-arm64 0.1.0 48.00 NOTE
r-release-macos-x86_64 0.1.0 83.00 NOTE
r-release-windows-x86_64 0.1.0 47.00 99.00 146.00 OK
r-oldrel-macos-arm64 0.1.0 59.00 NOTE
r-oldrel-macos-x86_64 0.1.0 112.00 NOTE
r-oldrel-windows-x86_64 0.1.0 56.00 121.00 177.00 OK

Check Details

Version: 0.1.0
Check: installed package size
Result: NOTE installed size is 17.7Mb sub-directories of 1Mb or more: libs 17.5Mb Flavors: r-release-macos-arm64, r-release-macos-x86_64, r-oldrel-macos-arm64, r-oldrel-macos-x86_64