Last updated on 2025-01-22 14:52:37 CET.
Flavor | Version | Tinstall | Tcheck | Ttotal | Status | Flags |
---|---|---|---|---|---|---|
r-devel-linux-x86_64-debian-clang | 0.7.0 | 10.20 | 426.31 | 436.51 | OK | |
r-devel-linux-x86_64-debian-gcc | 0.7.0 | 6.67 | 303.61 | 310.28 | OK | |
r-devel-linux-x86_64-fedora-clang | 0.7.0 | 727.93 | OK | |||
r-devel-linux-x86_64-fedora-gcc | 0.7.0 | 773.07 | OK | |||
r-devel-windows-x86_64 | 0.7.0 | 12.00 | 426.00 | 438.00 | OK | |
r-patched-linux-x86_64 | 0.7.0 | 8.82 | 401.01 | 409.83 | OK | |
r-release-linux-x86_64 | 0.7.0 | 9.01 | 399.21 | 408.22 | OK | |
r-release-macos-arm64 | 0.7.0 | 301.00 | OK | |||
r-release-macos-x86_64 | 0.7.0 | 517.00 | ERROR | |||
r-release-windows-x86_64 | 0.7.0 | 11.00 | 414.00 | 425.00 | OK | |
r-oldrel-macos-arm64 | 0.7.0 | 317.00 | OK | |||
r-oldrel-macos-x86_64 | 0.7.0 | 590.00 | ERROR | |||
r-oldrel-windows-x86_64 | 0.7.0 | 14.00 | 514.00 | 528.00 | OK |
Version: 0.7.0
Check: tests
Result: ERROR
Running ‘testthat.R’ [268s/380s]
Running the tests in ‘tests/testthat.R’ failed.
Complete output:
> # This file is part of the standard setup for testthat.
> # It is recommended that you do not modify it.
> #
> # Where should you do additional test configuration?
> # Learn more about the roles of various files in:
> # * https://r-pkgs.org/testing-design.html#sec-tests-files-overview
> # * https://testthat.r-lib.org/articles/special-files.html
>
> library(testthat)
> library(fusen)
>
> test_check("fusen")
Created file .here in /private/var/folders/2b/t0kwbtmn3p7brv2mvx39c9cr0000gn/T/RtmpU1E5Zh/add.flat.template1288274648515 . Please start a new R session in the new project directory.
'0-dev_history.Rmd' already exists. It was not overwritten. Set `add_flat_template(overwrite = TRUE)` if you want to do so.
Created file .here in /private/var/folders/2b/t0kwbtmn3p7brv2mvx39c9cr0000gn/T/RtmpU1E5Zh/dev.history.template1288239d6e130 . Please start a new R session in the new project directory.
v Setting active project to
"/private/var/folders/2b/t0kwbtmn3p7brv2mvx39c9cr0000gn/T/RtmpU1E5Zh/dev.history.template1288239d6e130".
! Title was modified to 'Title Case'.
v Adding "MIT + file LICENSE" to 'License'.
v Writing 'LICENSE'.
v Writing 'LICENSE.md'.
v Adding "^LICENSE\\.md$" to '.Rbuildignore'.
v Setting active project to "<no active project>".
Created file .here in /private/var/folders/2b/t0kwbtmn3p7brv2mvx39c9cr0000gn/T/RtmpU1E5Zh/dev.history.template.uu1288234c38c1e . Please start a new R session in the new project directory.
v Setting active project to
"/private/var/folders/2b/t0kwbtmn3p7brv2mvx39c9cr0000gn/T/RtmpU1E5Zh/dev.history.template.uu1288234c38c1e".
! Title was modified to 'Title Case'.
v Writing 'LICENSE.md'.
v Adding "^LICENSE\\.md$" to '.Rbuildignore'.
v Setting active project to "<no active project>".
✔ Setting active project to
"/private/var/folders/2b/t0kwbtmn3p7brv2mvx39c9cr0000gn/T/RtmpU1E5Zh/all.templates.knitfull128827acdf0d2".
✔ Setting active project to "<no active project>".
✔ Setting active project to
"/private/var/folders/2b/t0kwbtmn3p7brv2mvx39c9cr0000gn/T/RtmpU1E5Zh/all.templates.knitminimal.package12882962bf1a".
✔ Setting active project to "<no active project>".
✔ Setting active project to
"/private/var/folders/2b/t0kwbtmn3p7brv2mvx39c9cr0000gn/T/RtmpU1E5Zh/all.templates.knitminpkg1288276b98597".
✔ Setting active project to "<no active project>".
✔ Setting active project to
"/private/var/folders/2b/t0kwbtmn3p7brv2mvx39c9cr0000gn/T/RtmpU1E5Zh/all.templates.knitminimal.flat128827cf0377d".
✔ Setting active project to "<no active project>".
✔ Setting active project to
"/private/var/folders/2b/t0kwbtmn3p7brv2mvx39c9cr0000gn/T/RtmpU1E5Zh/all.templates.knitminflat1288254120132".
✔ Setting active project to "<no active project>".
✔ Setting active project to
"/private/var/folders/2b/t0kwbtmn3p7brv2mvx39c9cr0000gn/T/RtmpU1E5Zh/all.templates.knitadd12882779eb86a".
✔ Setting active project to "<no active project>".
✔ Setting active project to
"/private/var/folders/2b/t0kwbtmn3p7brv2mvx39c9cr0000gn/T/RtmpU1E5Zh/all.templates.knitadditional1288238aa9705".
✔ Setting active project to "<no active project>".
✔ Setting active project to
"/private/var/folders/2b/t0kwbtmn3p7brv2mvx39c9cr0000gn/T/RtmpU1E5Zh/all.templates.knitteach128823e83c534".
✔ Setting active project to "<no active project>".
✔ Setting active project to
"/private/var/folders/2b/t0kwbtmn3p7brv2mvx39c9cr0000gn/T/RtmpU1E5Zh/all.templates.knitteaching1288219d43758".
✔ Setting active project to "<no active project>".
Created file .here in /private/var/folders/2b/t0kwbtmn3p7brv2mvx39c9cr0000gn/T/RtmpU1E5Zh/other.names1288237959d2 . Please start a new R session in the new project directory.
v Setting active project to
"/private/var/folders/2b/t0kwbtmn3p7brv2mvx39c9cr0000gn/T/RtmpU1E5Zh/other.names1288237959d2".
i Loading other.names1288237959d2
Writing 'NAMESPACE'
v Adding knitr to 'Suggests' field in DESCRIPTION.
[ ] Use `requireNamespace("knitr", quietly = TRUE)` to test if knitr is
installed.
[ ] Then directly refer to functions with `knitr::fun()`.
v Adding "inst/doc" to '.gitignore'.
-- config file for dev/flat_hello_2.Rmd ----------------------------------------
v R: R/hello.R was added to the config file
v tests: tests/testthat/test-hello.R was added to the config file
v vignettes: vignettes/hello.Rmd was added to the config file
Saving attachment parameters to yaml config file
Updating other.names1288237959d2 documentation
i Loading other.names1288237959d2
Writing 'NAMESPACE'
Writing 'hello.Rd'
i Loading other.names1288237959d2
[+] 2 package(s) added: rmarkdown, testthat.
v Setting active project to
"/private/var/folders/2b/t0kwbtmn3p7brv2mvx39c9cr0000gn/T/RtmpU1E5Zh/all.templates.knitteaching1288219d43758".
Created file .here in /private/var/folders/2b/t0kwbtmn3p7brv2mvx39c9cr0000gn/T/RtmpU1E5Zh/devdir128823a519487 . Please start a new R session in the new project directory.
-- Creating new directory: /var/folders/2b/t0kwbtmn3p7brv2mvx39c9cr0000gn/T//Rtm
v Creating
'/var/folders/2b/t0kwbtmn3p7brv2mvx39c9cr0000gn/T/RtmpU1E5Zh/chunk.export.1288270b5d134/foosen/'.
v Setting active project to
"/private/var/folders/2b/t0kwbtmn3p7brv2mvx39c9cr0000gn/T/RtmpU1E5Zh/chunk.export.1288270b5d134/foosen".
v Creating 'R/'.
v Writing a sentinel file '.here'.
[ ] Build robust paths within your project via `here::here()`.
i Learn more at <https://here.r-lib.org>.
v Setting active project to
"/private/var/folders/2b/t0kwbtmn3p7brv2mvx39c9cr0000gn/T/RtmpU1E5Zh/all.templates.knitteaching1288219d43758".
v New directory created: /var/folders/2b/t0kwbtmn3p7brv2mvx39c9cr0000gn/T//RtmpU1E5Zh/chunk.export.1288270b5d134/foosen
v Added /private/var/folders/2b/t0kwbtmn3p7brv2mvx39c9cr0000gn/T/RtmpU1E5Zh/chunk.export.1288270b5d134/foosen/dev/flat_minimal_package.Rmd, /private/var/folders/2b/t0kwbtmn3p7brv2mvx39c9cr0000gn/T/RtmpU1E5Zh/chunk.export.1288270b5d134/foosen/dev/0-dev_history.Rmd
[1] "test without interactive"
-- Creating new directory: /var/folders/2b/t0kwbtmn3p7brv2mvx39c9cr0000gn/T//Rtm
v Creating
'/var/folders/2b/t0kwbtmn3p7brv2mvx39c9cr0000gn/T/RtmpU1E5Zh/chunk.noRd.1288216bea41d/foosen/'.
v Setting active project to
"/private/var/folders/2b/t0kwbtmn3p7brv2mvx39c9cr0000gn/T/RtmpU1E5Zh/chunk.noRd.1288216bea41d/foosen".
v Creating 'R/'.
v Writing a sentinel file '.here'.
[ ] Build robust paths within your project via `here::here()`.
i Learn more at <https://here.r-lib.org>.
v Setting active project to
"/private/var/folders/2b/t0kwbtmn3p7brv2mvx39c9cr0000gn/T/RtmpU1E5Zh/all.templates.knitteaching1288219d43758".
v New directory created: /var/folders/2b/t0kwbtmn3p7brv2mvx39c9cr0000gn/T//RtmpU1E5Zh/chunk.noRd.1288216bea41d/foosen
v Added /private/var/folders/2b/t0kwbtmn3p7brv2mvx39c9cr0000gn/T/RtmpU1E5Zh/chunk.noRd.1288216bea41d/foosen/dev/flat_minimal_package.Rmd, /private/var/folders/2b/t0kwbtmn3p7brv2mvx39c9cr0000gn/T/RtmpU1E5Zh/chunk.noRd.1288216bea41d/foosen/dev/0-dev_history.Rmd
[1] "test without interactive"
-- Creating new directory: /var/folders/2b/t0kwbtmn3p7brv2mvx39c9cr0000gn/T//Rtm
! The path: /private/var/folders/2b/t0kwbtmn3p7brv2mvx39c9cr0000gn/T/RtmpU1E5Zh/dummy128822d2099a9/foosen already exists.
x Aborting fusen project creation. Set `create_fusen(overwrite = TRUE)` to avoid a stop.
! The path: /private/var/folders/2b/t0kwbtmn3p7brv2mvx39c9cr0000gn/T/RtmpU1E5Zh/dummy128822d2099a9/foosen already exists.
v Added /private/var/folders/2b/t0kwbtmn3p7brv2mvx39c9cr0000gn/T/RtmpU1E5Zh/dummy128822d2099a9/foosen/dev/flat_full.Rmd, /private/var/folders/2b/t0kwbtmn3p7brv2mvx39c9cr0000gn/T/RtmpU1E5Zh/dummy128822d2099a9/foosen/dev/0-dev_history.Rmd
-- Creating new directory: /var/folders/2b/t0kwbtmn3p7brv2mvx39c9cr0000gn/T//Rtm
-- Creating new directory: /var/folders/2b/t0kwbtmn3p7brv2mvx39c9cr0000gn/T//Rtm
-- Creating new directory: /var/folders/2b/t0kwbtmn3p7brv2mvx39c9cr0000gn/T//Rtm
-- Creating new directory: /var/folders/2b/t0kwbtmn3p7brv2mvx39c9cr0000gn/T//Rtm
-- Creating new directory: /var/folders/2b/t0kwbtmn3p7brv2mvx39c9cr0000gn/T//Rtm
-- Creating new directory: /private/var/folders/2b/t0kwbtmn3p7brv2mvx39c9cr0000g
-- Creating new directory: /private/var/folders/2b/t0kwbtmn3p7brv2mvx39c9cr0000g
-- Creating new directory: /private/var/folders/2b/t0kwbtmn3p7brv2mvx39c9cr0000g
-- Creating new directory: /private/var/folders/2b/t0kwbtmn3p7brv2mvx39c9cr0000g
-- Creating new directory: /var/folders/2b/t0kwbtmn3p7brv2mvx39c9cr0000gn/T//Rtm
-- Initializing git repository -------------------------------------------------
-- Creating new directory: /var/folders/2b/t0kwbtmn3p7brv2mvx39c9cr0000gn/T//Rtm
-- Creating new directory: /private/var/folders/2b/t0kwbtmn3p7brv2mvx39c9cr0000g
-- Initializing git repository -------------------------------------------------
-- Creating new directory: /private/var/folders/2b/t0kwbtmn3p7brv2mvx39c9cr0000g
✔ Setting active project to
"/private/var/folders/2b/t0kwbtmn3p7brv2mvx39c9cr0000gn/T/RtmpU1E5Zh/deprecate128822b7900a0".
── config file for dev/flat_full.Rmd ───────────────────────────────────────────
✔ The flat file flat_full.Rmd has been deprecated.
✔ Setting active project to
"/private/var/folders/2b/t0kwbtmn3p7brv2mvx39c9cr0000gn/T/RtmpU1E5Zh/all.templates.knitteaching1288219d43758".
! Title was modified to 'Title Case'.
✔ Setting active project to
"/private/var/folders/2b/t0kwbtmn3p7brv2mvx39c9cr0000gn/T/RtmpU1E5Zh/drawpkg.structure12882230013c3".
-- No NAMESPACE file found there: /private/var/folders/2b/t0kwbtmn3p7brv2mvx39c
-- keep ------------------------------------------------------------------------
── config file for dev/flat_full.Rmd ───────────────────────────────────────────
-- Reading NAMESPACE file --------------------------------------------------------------------------
-- flat_full.Rmd -----------------------------------------------------------------------------------
-- keep --------------------------------------------------------------------------------------------
✔ Setting active project to
"/private/var/folders/2b/t0kwbtmn3p7brv2mvx39c9cr0000gn/T/RtmpU1E5Zh/all.templates.knitteaching1288219d43758".
✔ Setting active project to
"/private/var/folders/2b/t0kwbtmn3p7brv2mvx39c9cr0000gn/T/RtmpU1E5Zh/inflate.tests12882c9e01fb".
✔ Adding "MIT + file LICENSE" to 'License'.
✔ Writing 'LICENSE'.
✔ Writing 'LICENSE.md'.
✔ Adding "^LICENSE\\.md$" to '.Rbuildignore'.
── config file for dev/flat_full.Rmd ───────────────────────────────────────────
✔ Setting active project to
"/private/var/folders/2b/t0kwbtmn3p7brv2mvx39c9cr0000gn/T/RtmpU1E5Zh/all.templates.knitteaching1288219d43758".
✔ Setting active project to
"/private/var/folders/2b/t0kwbtmn3p7brv2mvx39c9cr0000gn/T/RtmpU1E5Zh/inflate.tests12882c9e01fb".
✔ Setting active project to
"/private/var/folders/2b/t0kwbtmn3p7brv2mvx39c9cr0000gn/T/RtmpU1E5Zh/all.templates.knitteaching1288219d43758".
Created file .here in /private/var/folders/2b/t0kwbtmn3p7brv2mvx39c9cr0000gn/T/RtmpU1E5Zh/dummypackage.special128826371ca9a . Please start a new R session in the new project directory.
✔ Setting active project to
"/private/var/folders/2b/t0kwbtmn3p7brv2mvx39c9cr0000gn/T/RtmpU1E5Zh/dummypackage.special128826371ca9a".
── config file for dev/flat_full.Rmd ───────────────────────────────────────────
✔ Setting active project to
"/private/var/folders/2b/t0kwbtmn3p7brv2mvx39c9cr0000gn/T/RtmpU1E5Zh/all.templates.knitteaching1288219d43758".
✔ Setting active project to
"/private/var/folders/2b/t0kwbtmn3p7brv2mvx39c9cr0000gn/T/RtmpU1E5Zh/inflate.tests12882c9e01fb".
── config file for dev/flat_full.Rmd ───────────────────────────────────────────
✔ Setting active project to
"/private/var/folders/2b/t0kwbtmn3p7brv2mvx39c9cr0000gn/T/RtmpU1E5Zh/all.templates.knitteaching1288219d43758".
✔ Setting active project to
"/private/var/folders/2b/t0kwbtmn3p7brv2mvx39c9cr0000gn/T/RtmpU1E5Zh/inflate.tests12882c9e01fb".
── config file for dev/flat_full.Rmd ───────────────────────────────────────────
✔ Setting active project to
"/private/var/folders/2b/t0kwbtmn3p7brv2mvx39c9cr0000gn/T/RtmpU1E5Zh/all.templates.knitteaching1288219d43758".
✔ Setting active project to
"/private/var/folders/2b/t0kwbtmn3p7brv2mvx39c9cr0000gn/T/RtmpU1E5Zh/inflate.tests12882c9e01fb".
-- config file for dev/flat_full.Rmd -------------------------------------------
✔ Setting active project to
"/private/var/folders/2b/t0kwbtmn3p7brv2mvx39c9cr0000gn/T/RtmpU1E5Zh/all.templates.knitteaching1288219d43758".
✔ Setting active project to
"/private/var/folders/2b/t0kwbtmn3p7brv2mvx39c9cr0000gn/T/RtmpU1E5Zh/inflate.tests12882c9e01fb".
── config file for dev/flat_full.Rmd ───────────────────────────────────────────
── config file for dev/flat_full.Rmd ───────────────────────────────────────────
✔ Setting active project to
"/private/var/folders/2b/t0kwbtmn3p7brv2mvx39c9cr0000gn/T/RtmpU1E5Zh/all.templates.knitteaching1288219d43758".
✔ Setting active project to
"/private/var/folders/2b/t0kwbtmn3p7brv2mvx39c9cr0000gn/T/RtmpU1E5Zh/inflate.tests12882c9e01fb".
-- config file for dev/flat_full.Rmd -------------------------------------------
✔ Setting active project to
"/private/var/folders/2b/t0kwbtmn3p7brv2mvx39c9cr0000gn/T/RtmpU1E5Zh/all.templates.knitteaching1288219d43758".
✔ Setting active project to
"/private/var/folders/2b/t0kwbtmn3p7brv2mvx39c9cr0000gn/T/RtmpU1E5Zh/inflate.tests12882c9e01fb".
── config file for dev/flat_full.Rmd ───────────────────────────────────────────
✔ Setting active project to
"/private/var/folders/2b/t0kwbtmn3p7brv2mvx39c9cr0000gn/T/RtmpU1E5Zh/all.templates.knitteaching1288219d43758".
✔ Setting active project to
"/private/var/folders/2b/t0kwbtmn3p7brv2mvx39c9cr0000gn/T/RtmpU1E5Zh/clean.vignette1288250dd2aae".
── config file for dev/flat_full.Rmd ───────────────────────────────────────────
✔ Setting active project to
"/private/var/folders/2b/t0kwbtmn3p7brv2mvx39c9cr0000gn/T/RtmpU1E5Zh/all.templates.knitteaching1288219d43758".
Created file .here in /private/var/folders/2b/t0kwbtmn3p7brv2mvx39c9cr0000gn/T/RtmpU1E5Zh/descpackage1288212bf080c . Please start a new R session in the new project directory.
✔ Setting active project to
"/private/var/folders/2b/t0kwbtmn3p7brv2mvx39c9cr0000gn/T/RtmpU1E5Zh/descpackage1288212bf080c".
✔ Setting active project to
"/private/var/folders/2b/t0kwbtmn3p7brv2mvx39c9cr0000gn/T/RtmpU1E5Zh/all.templates.knitteaching1288219d43758".
Created file .here in /private/var/folders/2b/t0kwbtmn3p7brv2mvx39c9cr0000gn/T/RtmpU1E5Zh/nordpackage12882126c5763 . Please start a new R session in the new project directory.
✔ Setting active project to
"/private/var/folders/2b/t0kwbtmn3p7brv2mvx39c9cr0000gn/T/RtmpU1E5Zh/nordpackage12882126c5763".
✔ Adding "MIT + file LICENSE" to 'License'.
✔ Writing 'LICENSE'.
✔ Writing 'LICENSE.md'.
✔ Adding "^LICENSE\\.md$" to '.Rbuildignore'.
-- config file for dev/flat_full.Rmd -------------------------------------------
✔ Setting active project to
"/private/var/folders/2b/t0kwbtmn3p7brv2mvx39c9cr0000gn/T/RtmpU1E5Zh/all.templates.knitteaching1288219d43758".
── Creating new directory: /var/folders/2b/t0kwbtmn3p7brv2mvx39c9cr0000gn/T//Rtm
✔ Creating
'/var/folders/2b/t0kwbtmn3p7brv2mvx39c9cr0000gn/T/RtmpU1E5Zh/all.templates.inflate1288240fa3f3c/full/'.
✔ Setting active project to
"/private/var/folders/2b/t0kwbtmn3p7brv2mvx39c9cr0000gn/T/RtmpU1E5Zh/all.templates.inflate1288240fa3f3c/full".
✔ Creating 'R/'.
✔ Writing a sentinel file '.here'.
☐ Build robust paths within your project via `here::here()`.
ℹ Learn more at <https://here.r-lib.org>.
✔ Setting active project to
"/private/var/folders/2b/t0kwbtmn3p7brv2mvx39c9cr0000gn/T/RtmpU1E5Zh/all.templates.knitteaching1288219d43758".
✔ New directory created: /var/folders/2b/t0kwbtmn3p7brv2mvx39c9cr0000gn/T//RtmpU1E5Zh/all.templates.inflate1288240fa3f3c/full
✔ Added /private/var/folders/2b/t0kwbtmn3p7brv2mvx39c9cr0000gn/T/RtmpU1E5Zh/all.templates.inflate1288240fa3f3c/full/dev/flat_full.Rmd, /private/var/folders/2b/t0kwbtmn3p7brv2mvx39c9cr0000gn/T/RtmpU1E5Zh/all.templates.inflate1288240fa3f3c/full/dev/0-dev_history.Rmd
✔ Setting active project to
"/private/var/folders/2b/t0kwbtmn3p7brv2mvx39c9cr0000gn/T/RtmpU1E5Zh/all.templates.inflate1288240fa3f3c/full".
✔ Setting active project to
"/private/var/folders/2b/t0kwbtmn3p7brv2mvx39c9cr0000gn/T/RtmpU1E5Zh/all.templates.knitteaching1288219d43758".
── Creating new directory: /var/folders/2b/t0kwbtmn3p7brv2mvx39c9cr0000gn/T//Rtm
✔ Creating
'/var/folders/2b/t0kwbtmn3p7brv2mvx39c9cr0000gn/T/RtmpU1E5Zh/all.templates.inflate1288240fa3f3c/minimal/'.
✔ Setting active project to
"/private/var/folders/2b/t0kwbtmn3p7brv2mvx39c9cr0000gn/T/RtmpU1E5Zh/all.templates.inflate1288240fa3f3c/minimal".
✔ Creating 'R/'.
✔ Writing a sentinel file '.here'.
☐ Build robust paths within your project via `here::here()`.
ℹ Learn more at <https://here.r-lib.org>.
✔ Setting active project to
"/private/var/folders/2b/t0kwbtmn3p7brv2mvx39c9cr0000gn/T/RtmpU1E5Zh/all.templates.knitteaching1288219d43758".
✔ New directory created: /var/folders/2b/t0kwbtmn3p7brv2mvx39c9cr0000gn/T//RtmpU1E5Zh/all.templates.inflate1288240fa3f3c/minimal
✔ Added /private/var/folders/2b/t0kwbtmn3p7brv2mvx39c9cr0000gn/T/RtmpU1E5Zh/all.templates.inflate1288240fa3f3c/minimal/dev/flat_minimal_package.Rmd, /private/var/folders/2b/t0kwbtmn3p7brv2mvx39c9cr0000gn/T/RtmpU1E5Zh/all.templates.inflate1288240fa3f3c/minimal/dev/0-dev_history.Rmd
✔ Setting active project to
"/private/var/folders/2b/t0kwbtmn3p7brv2mvx39c9cr0000gn/T/RtmpU1E5Zh/all.templates.inflate1288240fa3f3c/minimal".
✔ Setting active project to
"/private/var/folders/2b/t0kwbtmn3p7brv2mvx39c9cr0000gn/T/RtmpU1E5Zh/all.templates.knitteaching1288219d43758".
── Creating new directory: /var/folders/2b/t0kwbtmn3p7brv2mvx39c9cr0000gn/T//Rtm
✔ Creating
'/var/folders/2b/t0kwbtmn3p7brv2mvx39c9cr0000gn/T/RtmpU1E5Zh/all.templates.inflate1288240fa3f3c/teaching/'.
✔ Setting active project to
"/private/var/folders/2b/t0kwbtmn3p7brv2mvx39c9cr0000gn/T/RtmpU1E5Zh/all.templates.inflate1288240fa3f3c/teaching".
✔ Creating 'R/'.
✔ Writing a sentinel file '.here'.
☐ Build robust paths within your project via `here::here()`.
ℹ Learn more at <https://here.r-lib.org>.
✔ Setting active project to
"/private/var/folders/2b/t0kwbtmn3p7brv2mvx39c9cr0000gn/T/RtmpU1E5Zh/all.templates.knitteaching1288219d43758".
✔ New directory created: /var/folders/2b/t0kwbtmn3p7brv2mvx39c9cr0000gn/T//RtmpU1E5Zh/all.templates.inflate1288240fa3f3c/teaching
✔ Added /private/var/folders/2b/t0kwbtmn3p7brv2mvx39c9cr0000gn/T/RtmpU1E5Zh/all.templates.inflate1288240fa3f3c/teaching/dev/flat_teaching.Rmd
✔ Setting active project to
"/private/var/folders/2b/t0kwbtmn3p7brv2mvx39c9cr0000gn/T/RtmpU1E5Zh/all.templates.inflate1288240fa3f3c/teaching".
✔ Setting active project to
"/private/var/folders/2b/t0kwbtmn3p7brv2mvx39c9cr0000gn/T/RtmpU1E5Zh/all.templates.knitteaching1288219d43758".
✔ Setting active project to
"/private/var/folders/2b/t0kwbtmn3p7brv2mvx39c9cr0000gn/T/RtmpU1E5Zh/dataset1288230e7b6e7".
v Adding R to 'Depends' field in DESCRIPTION.
v Creating 'data/'.
v Setting 'LazyData' to "true" in 'DESCRIPTION'.
v Saving "nyc_squirrels" to "data/nyc_squirrels.rda".
[ ] Document your data (see <https://r-pkgs.org/data.html>).
v Adding "GPL (>= 3)" to 'License'.
v Writing 'LICENSE.md'.
v Adding "^LICENSE\\.md$" to '.Rbuildignore'.
-- config file for dev/flat_full.Rmd -------------------------------------------
✔ Setting active project to
"/private/var/folders/2b/t0kwbtmn3p7brv2mvx39c9cr0000gn/T/RtmpU1E5Zh/all.templates.knitteaching1288219d43758".
✔ Setting active project to
"/private/var/folders/2b/t0kwbtmn3p7brv2mvx39c9cr0000gn/T/RtmpU1E5Zh/empty.chunks1288228395e10".
✔ Adding "GPL (>= 3)" to 'License'.
✔ Writing 'LICENSE.md'.
✔ Adding "^LICENSE\\.md$" to '.Rbuildignore'.
✔ Adding R to 'Depends' field in DESCRIPTION.
✔ Creating 'data/'.
✔ Setting 'LazyData' to "true" in 'DESCRIPTION'.
✔ Saving "cars" to "data/cars.rda".
☐ Document your data (see <https://r-pkgs.org/data.html>).
-- config file for dev/flat_full.Rmd -------------------------------------------
-- config file for dev/flat_full.Rmd -------------------------------------------
✔ Setting active project to
"/private/var/folders/2b/t0kwbtmn3p7brv2mvx39c9cr0000gn/T/RtmpU1E5Zh/all.templates.knitteaching1288219d43758".
✔ Setting active project to
"/private/var/folders/2b/t0kwbtmn3p7brv2mvx39c9cr0000gn/T/RtmpU1E5Zh/r6class1288269e5cf37".
✔ Adding "GPL (>= 3)" to 'License'.
✔ Writing 'LICENSE.md'.
✔ Adding "^LICENSE\\.md$" to '.Rbuildignore'.
✔ Adding R to 'Depends' field in DESCRIPTION.
✔ Creating 'data/'.
✔ Setting 'LazyData' to "true" in 'DESCRIPTION'.
✔ Saving "cars" to "data/cars.rda".
☐ Document your data (see <https://r-pkgs.org/data.html>).
-- config file for dev/flat_full.Rmd -------------------------------------------
✔ Setting active project to
"/private/var/folders/2b/t0kwbtmn3p7brv2mvx39c9cr0000gn/T/RtmpU1E5Zh/all.templates.knitteaching1288219d43758".
v Setting active project to
"/private/var/folders/2b/t0kwbtmn3p7brv2mvx39c9cr0000gn/T/RtmpU1E5Zh/inflate.deprecated1288239afddd3".
v Setting active project to
"/private/var/folders/2b/t0kwbtmn3p7brv2mvx39c9cr0000gn/T/RtmpU1E5Zh/all.templates.knitteaching1288219d43758".
✔ Setting active project to
"/private/var/folders/2b/t0kwbtmn3p7brv2mvx39c9cr0000gn/T/RtmpU1E5Zh/inflate.no.vignette1288227de8a36".
i Loading inflate.no.vignette1288227de8a36
Writing 'NAMESPACE'
-- config file for dev/flat_full.Rmd -------------------------------------------
v R: R/my_median.R was added to the config file
v R: R/my_other_median.R was added to the config file
v tests: tests/testthat/test-my_median.R was added to the config file
v tests: tests/testthat/test-my_other_median.R was added to the config file
Saving attachment parameters to yaml config file
Updating inflate.no.vignette1288227de8a36 documentation
i Loading inflate.no.vignette1288227de8a36
Writing 'NAMESPACE'
Writing 'my_median.Rd'
Writing 'my_other_median.Rd'
Writing 'sub_median.Rd'
i Loading inflate.no.vignette1288227de8a36
[+] 2 package(s) added: stats, testthat.
! my_median.R has been overwritten
! my_other_median.R has been overwritten
! test-my_median.R has been overwritten
! test-my_other_median.R has been overwritten
-- config file for dev/flat_full.Rmd -------------------------------------------
i Some files group already existed and were modified: flat_full.Rmd
Documentation parameters were restored from attachment config file.
Updating inflate.no.vignette1288227de8a36 documentation
i Loading inflate.no.vignette1288227de8a36
Writing 'NAMESPACE'
i Loading inflate.no.vignette1288227de8a36
! my_median.R has been overwritten
! my_other_median.R has been overwritten
! test-my_median.R has been overwritten
! test-my_other_median.R has been overwritten
-- config file for dev/flat_full.Rmd -------------------------------------------
i Some files group already existed and were modified: flat_full.Rmd
Documentation parameters were restored from attachment config file.
Updating inflate.no.vignette1288227de8a36 documentation
i Loading inflate.no.vignette1288227de8a36
Writing 'NAMESPACE'
i Loading inflate.no.vignette1288227de8a36
-- config file for dev/flat_full.Rmd -------------------------------------------
✔ Setting active project to
"/private/var/folders/2b/t0kwbtmn3p7brv2mvx39c9cr0000gn/T/RtmpU1E5Zh/all.templates.knitteaching1288219d43758".
✔ Setting active project to
"/private/var/folders/2b/t0kwbtmn3p7brv2mvx39c9cr0000gn/T/RtmpU1E5Zh/inflate.twofuns128823be47e35".
── config file for dev/flat_full.Rmd ───────────────────────────────────────────
✔ Setting active project to
"/private/var/folders/2b/t0kwbtmn3p7brv2mvx39c9cr0000gn/T/RtmpU1E5Zh/all.templates.knitteaching1288219d43758".
✔ Setting active project to
"/private/var/folders/2b/t0kwbtmn3p7brv2mvx39c9cr0000gn/T/RtmpU1E5Zh/inflate.authors1288240d4bcb3".
── config file for dev/flat_full.Rmd ───────────────────────────────────────────
✔ Setting active project to
"/private/var/folders/2b/t0kwbtmn3p7brv2mvx39c9cr0000gn/T/RtmpU1E5Zh/all.templates.knitteaching1288219d43758".
✔ Setting active project to
"/private/var/folders/2b/t0kwbtmn3p7brv2mvx39c9cr0000gn/T/RtmpU1E5Zh/inflate.tests128825957b688".
── config file for dev/flat_full.Rmd ───────────────────────────────────────────
✔ Setting active project to
"/private/var/folders/2b/t0kwbtmn3p7brv2mvx39c9cr0000gn/T/RtmpU1E5Zh/all.templates.knitteaching1288219d43758".
✔ Setting active project to
"/private/var/folders/2b/t0kwbtmn3p7brv2mvx39c9cr0000gn/T/RtmpU1E5Zh/inflate.tests12882575e9809".
-- config file for dev/flat_full.Rmd -------------------------------------------
✔ Setting active project to
"/private/var/folders/2b/t0kwbtmn3p7brv2mvx39c9cr0000gn/T/RtmpU1E5Zh/all.templates.knitteaching1288219d43758".
✔ Setting active project to
"/private/var/folders/2b/t0kwbtmn3p7brv2mvx39c9cr0000gn/T/RtmpU1E5Zh/inflate.tests12882f1944e6".
-- config file for dev/flat_full.Rmd -------------------------------------------
✔ Setting active project to
"/private/var/folders/2b/t0kwbtmn3p7brv2mvx39c9cr0000gn/T/RtmpU1E5Zh/all.templates.knitteaching1288219d43758".
✔ Setting active project to
"/private/var/folders/2b/t0kwbtmn3p7brv2mvx39c9cr0000gn/T/RtmpU1E5Zh/inflate.examples128825f581bc2".
i Loading inflate.examples128825f581bc2
Writing 'NAMESPACE'
v Adding knitr to 'Suggests' field in DESCRIPTION.
[ ] Use `requireNamespace("knitr", quietly = TRUE)` to test if knitr is
installed.
[ ] Then directly refer to functions with `knitr::fun()`.
v Adding "inst/doc" to '.gitignore'.
-- config file for dev/flat_full.Rmd -------------------------------------------
v R: R/my_median.R was added to the config file
v tests: tests/testthat/test-my_median.R was added to the config file
v tests: tests/testthat/test-the_test.R was added to the config file
v vignettes: vignettes/get-started.Rmd was added to the config file
Saving attachment parameters to yaml config file
Updating inflate.examples128825f581bc2 documentation
i Loading inflate.examples128825f581bc2
Writing 'NAMESPACE'
Writing 'my_median.Rd'
i Loading inflate.examples128825f581bc2
[+] 3 package(s) added: stats, rmarkdown, testthat.
✔ Setting active project to
"/private/var/folders/2b/t0kwbtmn3p7brv2mvx39c9cr0000gn/T/RtmpU1E5Zh/all.templates.knitteaching1288219d43758".
✔ Setting active project to
"/private/var/folders/2b/t0kwbtmn3p7brv2mvx39c9cr0000gn/T/RtmpU1E5Zh/vignette.name128824cd7ff9b".
── config file for dev/flat_full.Rmd ───────────────────────────────────────────
✔ Setting active project to
"/private/var/folders/2b/t0kwbtmn3p7brv2mvx39c9cr0000gn/T/RtmpU1E5Zh/all.templates.knitteaching1288219d43758".
✔ Setting active project to
"/private/var/folders/2b/t0kwbtmn3p7brv2mvx39c9cr0000gn/T/RtmpU1E5Zh/inflate.fun.in.roxygen128824e5c536f".
── config file for dev/flat_full.Rmd ───────────────────────────────────────────
✔ Setting active project to
"/private/var/folders/2b/t0kwbtmn3p7brv2mvx39c9cr0000gn/T/RtmpU1E5Zh/all.templates.knitteaching1288219d43758".
Created file .here in /private/var/folders/2b/t0kwbtmn3p7brv2mvx39c9cr0000gn/T/RtmpU1E5Zh/twoexamples1288258ad6140 . Please start a new R session in the new project directory.
✔ Setting active project to
"/private/var/folders/2b/t0kwbtmn3p7brv2mvx39c9cr0000gn/T/RtmpU1E5Zh/twoexamples1288258ad6140".
✔ Adding "MIT + file LICENSE" to 'License'.
✔ Writing 'LICENSE'.
✔ Writing 'LICENSE.md'.
✔ Adding "^LICENSE\\.md$" to '.Rbuildignore'.
-- config file for dev/flat_full.Rmd -------------------------------------------
✔ Setting active project to
"/private/var/folders/2b/t0kwbtmn3p7brv2mvx39c9cr0000gn/T/RtmpU1E5Zh/all.templates.knitteaching1288219d43758".
✔ Setting active project to
"/private/var/folders/2b/t0kwbtmn3p7brv2mvx39c9cr0000gn/T/RtmpU1E5Zh/inflate.fun.in.roxygen1288225527029".
── config file for dev/flat_full.Rmd ───────────────────────────────────────────
✔ Setting active project to
"/private/var/folders/2b/t0kwbtmn3p7brv2mvx39c9cr0000gn/T/RtmpU1E5Zh/all.templates.knitteaching1288219d43758".
✔ Setting active project to
"/private/var/folders/2b/t0kwbtmn3p7brv2mvx39c9cr0000gn/T/RtmpU1E5Zh/dummypackage_@
(special)1288233144011".
── config file for dev/flat_full.Rmd ───────────────────────────────────────────
✔ Setting active project to
"/private/var/folders/2b/t0kwbtmn3p7brv2mvx39c9cr0000gn/T/RtmpU1E5Zh/all.templates.knitteaching1288219d43758".
✔ Setting active project to
"/private/var/folders/2b/t0kwbtmn3p7brv2mvx39c9cr0000gn/T/RtmpU1E5Zh/fkgqunpcxb128821ff1087d".
✔ Adding "MIT + file LICENSE" to 'License'.
✔ Writing 'LICENSE'.
✔ Writing 'LICENSE.md'.
✔ Adding "^LICENSE\\.md$" to '.Rbuildignore'.
Created file .here in /private/var/folders/2b/t0kwbtmn3p7brv2mvx39c9cr0000gn/T/RtmpU1E5Zh/fkgqunpcxb128821ff1087d . Please start a new R session in the new project directory.
── config file for dev/flat_flat1.Rmd ──────────────────────────────────────────
── config file for dev/flat_flat1.Rmd ──────────────────────────────────────────
── config file for dev/flat_flat1.Rmd ──────────────────────────────────────────
✔ Setting active project to
"/private/var/folders/2b/t0kwbtmn3p7brv2mvx39c9cr0000gn/T/RtmpU1E5Zh/all.templates.knitteaching1288219d43758".
✔ Setting active project to
"/private/var/folders/2b/t0kwbtmn3p7brv2mvx39c9cr0000gn/T/RtmpU1E5Zh/inflateall.first128822e3c0b56".
✔ Adding "MIT + file LICENSE" to 'License'.
✔ Writing 'LICENSE'.
✔ Writing 'LICENSE.md'.
✔ Adding "^LICENSE\\.md$" to '.Rbuildignore'.
x The flat file flat_minimal.Rmd is not going to be inflated. It was detected in your flats directory but it is absent from the config file.
Please inflate() it manually when you are ready, so that it is accounted the next time. Then you will be able to fully use `inflate_all*()`.
── config file for dev/flat_minimal.Rmd ────────────────────────────────────────
-- config file for dev/flat_minimal.Rmd ----------------------------------------
-- check not registered files --------------------------------------------------
v There are no unregistered files.
Documentation parameters were restored from attachment config file.
Updating inflateall.first128822e3c0b56 documentation
i Loading inflateall.first128822e3c0b56
Writing 'NAMESPACE'
i Loading inflateall.first128822e3c0b56
No flat files were inflated
-- check not registered files --------------------------------------------------
v There are no unregistered files.
Documentation parameters were restored from attachment config file.
Updating inflateall.first128822e3c0b56 documentation
i Loading inflateall.first128822e3c0b56
Deleting 'my_fun.Rd'
i Loading inflateall.first128822e3c0b56
! The flat file flat_minimal.Rmd is not going to be inflated because it is in state 'inactive or deprecated'
No flat files were inflated
-- check not registered files --------------------------------------------------
v There are no unregistered files.
Documentation parameters were restored from attachment config file.
Updating inflateall.first128822e3c0b56 documentation
i Loading inflateall.first128822e3c0b56
i Loading inflateall.first128822e3c0b56
-- config file for dev/flat_minimal.Rmd ----------------------------------------
v The flat file flat_minimal.Rmd is going to be inflated
-- config file for dev/flat_minimal.Rmd ----------------------------------------
-- check not registered files --------------------------------------------------
v There are no unregistered files.
Documentation parameters were restored from attachment config file.
Updating inflateall.first128822e3c0b56 documentation
i Loading inflateall.first128822e3c0b56
Writing 'NAMESPACE'
Writing 'my_fun.Rd'
i Loading inflateall.first128822e3c0b56
v The flat file flat_minimal.Rmd is going to be inflated
-- config file for dev/flat_minimal.Rmd ----------------------------------------
-- check not registered files --------------------------------------------------
v There are no unregistered files.
Documentation parameters were restored from attachment config file.
Updating inflateall.first128822e3c0b56 documentation
i Loading inflateall.first128822e3c0b56
Writing 'NAMESPACE'
Writing 'new_fun2.Rd'
i Loading inflateall.first128822e3c0b56
-- config file for dev/flat_minimal_2.Rmd --------------------------------------
v The flat file flat_minimal.Rmd is going to be inflated
v The flat file flat_minimal_2.Rmd is going to be inflated
-- config file for dev/flat_minimal.Rmd ----------------------------------------
-- config file for dev/flat_minimal_2.Rmd --------------------------------------
-- check not registered files --------------------------------------------------
v There are no unregistered files.
Documentation parameters were restored from attachment config file.
Updating inflateall.first128822e3c0b56 documentation
i Loading inflateall.first128822e3c0b56
Writing 'NAMESPACE'
Writing 'my_fun.Rd'
Writing 'my_fun_from_flat_file2.Rd'
Writing 'new_fun2.Rd'
i Loading inflateall.first128822e3c0b56
-- config file for dev/flat_minimal_2.Rmd --------------------------------------
v The flat file flat_minimal.Rmd is going to be inflated
v The flat file flat_minimal_2.Rmd is going to be inflated
-- config file for dev/flat_minimal.Rmd ----------------------------------------
-- config file for dev/flat_minimal_2.Rmd --------------------------------------
-- check not registered files --------------------------------------------------
v There are no unregistered files.
Documentation parameters were restored from attachment config file.
Updating inflateall.first128822e3c0b56 documentation
i Loading inflateall.first128822e3c0b56
Writing 'NAMESPACE'
Writing 'my_fun.Rd'
i Loading inflateall.first128822e3c0b56
✔ Setting active project to
"/private/var/folders/2b/t0kwbtmn3p7brv2mvx39c9cr0000gn/T/RtmpU1E5Zh/all.templates.knitteaching1288219d43758".
Created file .here in /private/var/folders/2b/t0kwbtmn3p7brv2mvx39c9cr0000gn/T/RtmpU1E5Zh/inflateall.other.pkg128825a407b4c . Please start a new R session in the new project directory.
✔ Setting active project to
"/private/var/folders/2b/t0kwbtmn3p7brv2mvx39c9cr0000gn/T/RtmpU1E5Zh/inflateall.other.pkg128825a407b4c".
── config file for dev/test_minimal.Rmd ────────────────────────────────────────
-- config file for dev/test_minimal.Rmd ----------------------------------------
-- check not registered files --------------------------------------------------
v There are no unregistered files.
Documentation parameters were restored from attachment config file.
Updating inflateall.other.pkg128825a407b4c documentation
i Loading inflateall.other.pkg128825a407b4c
Writing 'NAMESPACE'
i Loading inflateall.other.pkg128825a407b4c
v The flat file test_minimal.Rmd is going to be inflated
-- config file for dev/test_minimal.Rmd ----------------------------------------
-- check not registered files --------------------------------------------------
v There are no unregistered files.
Documentation parameters were restored from attachment config file.
Updating inflateall.other.pkg128825a407b4c documentation
i Loading inflateall.other.pkg128825a407b4c
Writing 'NAMESPACE'
i Loading inflateall.other.pkg128825a407b4c
✔ Setting active project to
"/private/var/folders/2b/t0kwbtmn3p7brv2mvx39c9cr0000gn/T/RtmpU1E5Zh/all.templates.knitteaching1288219d43758".
✔ Setting active project to
"/private/var/folders/2b/t0kwbtmn3p7brv2mvx39c9cr0000gn/T/RtmpU1E5Zh/inflateall.nocheck128827d4ded39".
── config file for dev/flat_minimal.Rmd ────────────────────────────────────────
v The flat file flat_minimal.Rmd is going to be inflated
v There are no unregistered files.
Documentation parameters were restored from attachment config file.
Updating inflateall.nocheck128827d4ded39 documentation
i Loading inflateall.nocheck128827d4ded39
Writing 'NAMESPACE'
i Loading inflateall.nocheck128827d4ded39
✔ Setting active project to
"/private/var/folders/2b/t0kwbtmn3p7brv2mvx39c9cr0000gn/T/RtmpU1E5Zh/all.templates.knitteaching1288219d43758".
✔ Setting active project to
"/private/var/folders/2b/t0kwbtmn3p7brv2mvx39c9cr0000gn/T/RtmpU1E5Zh/inflateall.unregistered128824a4b61c7".
── config file for dev/flat_minimal.Rmd ────────────────────────────────────────
v The flat file flat_minimal.Rmd is going to be inflated
-- config file for dev/flat_minimal.Rmd ----------------------------------------
-- check not registered files --------------------------------------------------
cli-59225-4113
Documentation parameters were restored from attachment config file.
Updating inflateall.unregistered128824a4b61c7 documentation
i Loading inflateall.unregistered128824a4b61c7
Writing 'NAMESPACE'
i Loading inflateall.unregistered128824a4b61c7
v R: R/unregistered_r.R was added to the config file
v tests: tests/testthat/test-unregistered_r.R was added to the config file
-- Delete dev/config_not_registered.csv ----------------------------------------
v The flat file flat_minimal.Rmd is going to be inflated
-- config file for dev/flat_minimal.Rmd ----------------------------------------
-- check not registered files --------------------------------------------------
Documentation parameters were restored from attachment config file.
Updating inflateall.unregistered128824a4b61c7 documentation
i Loading inflateall.unregistered128824a4b61c7
Writing 'NAMESPACE'
i Loading inflateall.unregistered128824a4b61c7
v The flat file flat_minimal.Rmd is going to be inflated
Documentation parameters were restored from attachment config file.
Updating inflateall.unregistered128824a4b61c7 documentation
i Loading inflateall.unregistered128824a4b61c7
Writing 'NAMESPACE'
i Loading inflateall.unregistered128824a4b61c7
v The flat file flat_minimal.Rmd is going to be inflated
-- config file for dev/flat_minimal.Rmd ----------------------------------------
-- check not registered files --------------------------------------------------
cli-59225-4203
Documentation parameters were restored from attachment config file.
Updating inflateall.unregistered128824a4b61c7 documentation
i Loading inflateall.unregistered128824a4b61c7
Writing 'NAMESPACE'
Writing 'my_fun.Rd'
i Loading inflateall.unregistered128824a4b61c7
-- Delete dev/config_not_registered.csv ----------------------------------------
v The flat file flat_minimal.Rmd is going to be inflated
-- config file for dev/flat_minimal.Rmd ----------------------------------------
-- check not registered files --------------------------------------------------
Documentation parameters were restored from attachment config file.
Updating inflateall.unregistered128824a4b61c7 documentation
i Loading inflateall.unregistered128824a4b61c7
Writing 'NAMESPACE'
i Loading inflateall.unregistered128824a4b61c7
✔ Setting active project to
"/private/var/folders/2b/t0kwbtmn3p7brv2mvx39c9cr0000gn/T/RtmpU1E5Zh/all.templates.knitteaching1288219d43758".
✔ Setting active project to
"/private/var/folders/2b/t0kwbtmn3p7brv2mvx39c9cr0000gn/T/RtmpU1E5Zh/inflate.empties128827f70e811".
── config file for dev/flat_full.Rmd ───────────────────────────────────────────
-- config file for dev/flat_full.Rmd -------------------------------------------
-- check not registered files --------------------------------------------------
v There are no unregistered files.
Documentation parameters were restored from attachment config file.
Updating inflate.empties128827f70e811 documentation
i Loading inflate.empties128827f70e811
i Loading inflate.empties128827f70e811
── config file for dev/flat_full.Rmd ───────────────────────────────────────────
-- config file for dev/flat_full.Rmd -------------------------------------------
-- check not registered files --------------------------------------------------
There are no files in the package. Did you inflate it once?
Documentation parameters were restored from attachment config file.
Updating inflate.empties128827f70e811 documentation
i Loading inflate.empties128827f70e811
i Loading inflate.empties128827f70e811
✔ Setting active project to
"/private/var/folders/2b/t0kwbtmn3p7brv2mvx39c9cr0000gn/T/RtmpU1E5Zh/all.templates.knitteaching1288219d43758".
✔ Setting active project to
"/private/var/folders/2b/t0kwbtmn3p7brv2mvx39c9cr0000gn/T/RtmpU1E5Zh/inflateall.stylers12882635e7a27".
── config file for dev/flat_minimal.Rmd ────────────────────────────────────────
v The flat file flat_minimal.Rmd is going to be inflated
-- config file for dev/flat_minimal.Rmd ----------------------------------------
-- check not registered files --------------------------------------------------
v There are no unregistered files.
-- Let's apply stylers to the package ------------------------------------------
Documentation parameters were restored from attachment config file.
Updating inflateall.stylers12882635e7a27 documentation
i Loading inflateall.stylers12882635e7a27
Writing 'NAMESPACE'
i Loading inflateall.stylers12882635e7a27
v The flat file flat_minimal.Rmd is going to be inflated
-- config file for dev/flat_minimal.Rmd ----------------------------------------
-- check not registered files --------------------------------------------------
v There are no unregistered files.
-- Let's apply stylers to the package ------------------------------------------
Documentation parameters were restored from attachment config file.
Updating inflateall.stylers12882635e7a27 documentation
i Loading inflateall.stylers12882635e7a27
Writing 'NAMESPACE'
i Loading inflateall.stylers12882635e7a27
v The flat file flat_minimal.Rmd is going to be inflated
-- config file for dev/flat_minimal.Rmd ----------------------------------------
-- check not registered files --------------------------------------------------
v There are no unregistered files.
-- Let's apply stylers to the package ------------------------------------------
Documentation parameters were restored from attachment config file.
Updating inflateall.stylers12882635e7a27 documentation
i Loading inflateall.stylers12882635e7a27
Writing 'NAMESPACE'
i Loading inflateall.stylers12882635e7a27
✔ Setting active project to
"/private/var/folders/2b/t0kwbtmn3p7brv2mvx39c9cr0000gn/T/RtmpU1E5Zh/all.templates.knitteaching1288219d43758".
✔ Setting active project to
"/private/var/folders/2b/t0kwbtmn3p7brv2mvx39c9cr0000gn/T/RtmpU1E5Zh/pdjelwmcxa128822e4872f7".
✔ Adding "MIT + file LICENSE" to 'License'.
✔ Writing 'LICENSE'.
✔ Writing 'LICENSE.md'.
✔ Adding "^LICENSE\\.md$" to '.Rbuildignore'.
Created file .here in /private/var/folders/2b/t0kwbtmn3p7brv2mvx39c9cr0000gn/T/RtmpU1E5Zh/pdjelwmcxa128822e4872f7 . Please start a new R session in the new project directory.
ℹ Loading pdjelwmcxa128822e4872f7
Writing 'NAMESPACE'
✔ Adding knitr to 'Suggests' field in DESCRIPTION.
☐ Use `requireNamespace("knitr", quietly = TRUE)` to test if knitr is
installed.
☐ Then directly refer to functions with `knitr::fun()`.
✔ Adding "inst/doc" to '.gitignore'.
── config file for dev/flat_flat1.Rmd ──────────────────────────────────────────
✔ R: R/flat1_rmd.R was added to the config file
✔ tests: tests/testthat/test-flat1_rmd.R was added to the config file
✔ vignettes: vignettes/get-started.Rmd was added to the config file
Saving attachment parameters to yaml config file
Updating pdjelwmcxa128822e4872f7 documentation
ℹ Loading pdjelwmcxa128822e4872f7
Writing 'NAMESPACE'
Writing 'flat1_rmd.Rd'
ℹ Loading pdjelwmcxa128822e4872f7
[+] 2 package(s) added: rmarkdown, testthat.
ℹ Computing code coverage - it might take some time
pdjelwmcxa128822e4872f7 Coverage: 0.00%
R/flat1_rmd.R: 0.00%
── config file for dev/flat_flat1.Rmd ──────────────────────────────────────────
── check not registered files ──────────────────────────────────────────────────
── config file for dev/flat_flat1.Rmd ──────────────────────────────────────────
── check not registered files ──────────────────────────────────────────────────
── config file for dev/flat_flat1.Rmd ──────────────────────────────────────────
── check not registered files ──────────────────────────────────────────────────
✔ Setting active project to
"/private/var/folders/2b/t0kwbtmn3p7brv2mvx39c9cr0000gn/T/RtmpU1E5Zh/all.templates.knitteaching1288219d43758".
✔ Setting active project to
"/private/var/folders/2b/t0kwbtmn3p7brv2mvx39c9cr0000gn/T/RtmpU1E5Zh/diag1288259c929e5".
── config file for dev/flat_minimal.Rmd ────────────────────────────────────────
── config file for dev/flat_minimal_2.Rmd ──────────────────────────────────────
v The flat file flat_minimal_2.Rmd is going to be inflated
v R: R/zaza.R was added to the config file
-- config file for dev/test_minimal.Rmd ----------------------------------------
✔ Setting active project to
"/private/var/folders/2b/t0kwbtmn3p7brv2mvx39c9cr0000gn/T/RtmpU1E5Zh/all.templates.knitteaching1288219d43758".
✔ Setting active project to
"/private/var/folders/2b/t0kwbtmn3p7brv2mvx39c9cr0000gn/T/RtmpU1E5Zh/readinflateparams1288273db40f3".
── config file for dev/flat_minimal.Rmd ────────────────────────────────────────
── config file for dev/flat_minimal_2.Rmd ──────────────────────────────────────
v R: R/zaza.R was added to the config file
! Some paths appear multiple times in the config file. The yaml was forced with `force = TRUE`. Please verify the source of these scripts in the existing yaml file or in the df_files provided:
✔ Setting active project to
"/private/var/folders/2b/t0kwbtmn3p7brv2mvx39c9cr0000gn/T/RtmpU1E5Zh/all.templates.knitteaching1288219d43758".
✔ Setting active project to
"/private/var/folders/2b/t0kwbtmn3p7brv2mvx39c9cr0000gn/T/RtmpU1E5Zh/inflate.qmd128822617d147".
── config file for dev/dev-template-tests.qmd ──────────────────────────────────
✔ Setting active project to
"/private/var/folders/2b/t0kwbtmn3p7brv2mvx39c9cr0000gn/T/RtmpU1E5Zh/all.templates.knitteaching1288219d43758".
[1] "==== inflate_utils ===="
✔ Setting active project to
"/private/var/folders/2b/t0kwbtmn3p7brv2mvx39c9cr0000gn/T/RtmpU1E5Zh/isrproj.pkg128823d6f6c84".
✔ Setting active project to
"/private/var/folders/2b/t0kwbtmn3p7brv2mvx39c9cr0000gn/T/RtmpU1E5Zh/isrproj.pkg128823d6f6c84".
✔ Adding "^isrproj\\.pkg128823d6f6c84\\.Rproj$" to '.Rbuildignore'.
✔ Adding "^\\.Rproj\\.user$" to '.Rbuildignore'.
ℹ Loading isrproj.pkg128823d6f6c84
Writing 'NAMESPACE'
✔ Adding knitr to 'Suggests' field in DESCRIPTION.
☐ Use `requireNamespace("knitr", quietly = TRUE)` to test if knitr is
installed.
☐ Then directly refer to functions with `knitr::fun()`.
✔ Adding "inst/doc" to '.gitignore'.
── config file for dev/flat_full.Rmd ───────────────────────────────────────────
✔ R: R/my_median.R was added to the config file
✔ R: R/my_other_median.R was added to the config file
✔ tests: tests/testthat/test-my_median.R was added to the config file
✔ tests: tests/testthat/test-my_other_median.R was added to the config file
✔ vignettes: vignettes/get-started.Rmd was added to the config file
Saving attachment parameters to yaml config file
Updating isrproj.pkg128823d6f6c84 documentation
ℹ Loading isrproj.pkg128823d6f6c84
Writing 'NAMESPACE'
Writing 'my_median.Rd'
Writing 'my_other_median.Rd'
Writing 'sub_median.Rd'
ℹ Loading isrproj.pkg128823d6f6c84
[+] 3 package(s) added: stats, rmarkdown, testthat.
✔ Setting active project to
"/private/var/folders/2b/t0kwbtmn3p7brv2mvx39c9cr0000gn/T/RtmpU1E5Zh/isrproj.pkg128823d6f6c84".
✔ Setting active project to
"/private/var/folders/2b/t0kwbtmn3p7brv2mvx39c9cr0000gn/T/RtmpU1E5Zh/all.templates.knitteaching1288219d43758".
v Setting active project to
"/private/var/folders/2b/t0kwbtmn3p7brv2mvx39c9cr0000gn/T/RtmpU1E5Zh/vignette.head1288263c72459".
v Setting active project to
"/private/var/folders/2b/t0kwbtmn3p7brv2mvx39c9cr0000gn/T/RtmpU1E5Zh/all.templates.knitteaching1288219d43758".
v Setting active project to
"/private/var/folders/2b/t0kwbtmn3p7brv2mvx39c9cr0000gn/T/RtmpU1E5Zh/checkpk.gname12882782b222".
i Loading COUCOU
Writing 'NAMESPACE'
v Adding knitr to 'Suggests' field in DESCRIPTION.
[ ] Use `requireNamespace("knitr", quietly = TRUE)` to test if knitr is
installed.
[ ] Then directly refer to functions with `knitr::fun()`.
v Adding "inst/doc" to '.gitignore'.
-- config file for dev/flat_full.Rmd -------------------------------------------
v R: R/my_median.R was added to the config file
v R: R/my_other_median.R was added to the config file
v tests: tests/testthat/test-my_median.R was added to the config file
v tests: tests/testthat/test-my_other_median.R was added to the config file
v vignettes: vignettes/get-started.Rmd was added to the config file
Saving attachment parameters to yaml config file
Updating checkpk.gname12882782b222 documentation
i Loading COUCOU
Writing 'NAMESPACE'
Writing 'my_median.Rd'
Writing 'my_other_median.Rd'
Writing 'sub_median.Rd'
i Loading COUCOU
[+] 3 package(s) added: stats, rmarkdown, testthat.
v Setting active project to
"/private/var/folders/2b/t0kwbtmn3p7brv2mvx39c9cr0000gn/T/RtmpU1E5Zh/all.templates.knitteaching1288219d43758".
✔ Setting active project to
"/private/var/folders/2b/t0kwbtmn3p7brv2mvx39c9cr0000gn/T/RtmpU1E5Zh/clean1288262db8021".
✔ Setting active project to
"/private/var/folders/2b/t0kwbtmn3p7brv2mvx39c9cr0000gn/T/RtmpU1E5Zh/all.templates.knitteaching1288219d43758".
! The flat file flat_minimal2.Rmd is not going to be inflated because it is 'inactive or deprecated'
v The flat file flat_minimal.Rmd is going to be inflated
✔ Setting active project to
"/private/var/folders/2b/t0kwbtmn3p7brv2mvx39c9cr0000gn/T/RtmpU1E5Zh/registered1288228790ffa".
── config file for dev/flat_full.Rmd ───────────────────────────────────────────
cli-59225-5377
v R: R/my_median.R was added to the config file
v R: R/my_other_median.R was added to the config file
v tests: tests/testthat/test-my_median.R was added to the config file
v tests: tests/testthat/test-my_other_median.R was added to the config file
v vignettes: vignettes/get-started.Rmd was added to the config file
cli-59225-5403
v R: R/to_keep.R was added to the config file
i Some files group already existed and were modified: keep
v R: R/to_keep.R was added to the config file
i Some files group already existed and were modified: keep
✔ Setting active project to
"/private/var/folders/2b/t0kwbtmn3p7brv2mvx39c9cr0000gn/T/RtmpU1E5Zh/all.templates.knitteaching1288219d43758".
✔ Setting active project to
"/private/var/folders/2b/t0kwbtmn3p7brv2mvx39c9cr0000gn/T/RtmpU1E5Zh/register1288231f66688/fusentest".
── config file for dev/flat_full.Rmd ───────────────────────────────────────────
✔ Setting active project to
"/private/var/folders/2b/t0kwbtmn3p7brv2mvx39c9cr0000gn/T/RtmpU1E5Zh/all.templates.knitteaching1288219d43758".
v Setting active project to
"/private/var/folders/2b/t0kwbtmn3p7brv2mvx39c9cr0000gn/T/RtmpU1E5Zh/register1288231f66688/fusentest".
v R: R/to_keep.R was added to the config file
v There are no unregistered files.
-- config file for dev/flat_new_one.Rmd ----------------------------------------
v There are no unregistered files.
There is no file to register or everything was already registered
-- config file for dev/flat_new_one.Rmd ----------------------------------------
v There are no unregistered files.
There is no file to register or everything was already registered
v Setting active project to
"/private/var/folders/2b/t0kwbtmn3p7brv2mvx39c9cr0000gn/T/RtmpU1E5Zh/all.templates.knitteaching1288219d43758".
✔ Setting active project to
"/private/var/folders/2b/t0kwbtmn3p7brv2mvx39c9cr0000gn/T/RtmpU1E5Zh/register128822e73c57e".
── config file for dev/flat_full.Rmd ───────────────────────────────────────────
-- Delete dev/config_not_registered.csv ----------------------------------------
cli-59225-5685
-- Delete dev/config_not_registered.csv ----------------------------------------
i Some files group already existed and were modified: keep
i Some files group already existed and were modified: keep
✔ Setting active project to
"/private/var/folders/2b/t0kwbtmn3p7brv2mvx39c9cr0000gn/T/RtmpU1E5Zh/all.templates.knitteaching1288219d43758".
✔ Setting active project to
"/private/var/folders/2b/t0kwbtmn3p7brv2mvx39c9cr0000gn/T/RtmpU1E5Zh/rename1288211ba603".
i The flat file /private/var/folders/2b/t0kwbtmn3p7brv2mvx39c9cr0000gn/T/RtmpU1E5Zh/rename1288211ba603/dev/flat_full.Rmd has been renamed to /private/var/folders/2b/t0kwbtmn3p7brv2mvx39c9cr0000gn/T/RtmpU1E5Zh/rename1288211ba603/dev/flat_new.Rmd
i The flat file dev/flat_new.Rmd has been renamed to dev/flat_other_new.Rmd
i The flat file flat_new.Rmd has been updated in the config file.
-- config file for dev/flat_other_new.Rmd --------------------------------------
i The flat file dev/flat_other_new.Rmd has been renamed to dev/flat_new2.Rmd
i The flat file flat_other_new.Rmd has been updated in the config file.
i The flat file flat_new2.Rmd has been updated in the inflated files.
i The flat file dev/flat_new2.Rmd has been renamed to otherdev/flat_new_with_path.Rmd
i The flat file flat_new2.Rmd has been updated in the config file.
i The flat file flat_new_with_path.Rmd has been updated in the inflated files.
✔ Setting active project to
"/private/var/folders/2b/t0kwbtmn3p7brv2mvx39c9cr0000gn/T/RtmpU1E5Zh/all.templates.knitteaching1288219d43758".
✔ Setting active project to
"/private/var/folders/2b/t0kwbtmn3p7brv2mvx39c9cr0000gn/T/RtmpU1E5Zh/mbflseavqh128825032b2e".
✔ Adding "MIT + file LICENSE" to 'License'.
✔ Writing 'LICENSE'.
✔ Writing 'LICENSE.md'.
✔ Adding "^LICENSE\\.md$" to '.Rbuildignore'.
i No flat files were detected.
i No fusen-related tags have been found in any files located in R/, tests/ and vignettes/ folders.
Created file .here in /private/var/folders/2b/t0kwbtmn3p7brv2mvx39c9cr0000gn/T/RtmpU1E5Zh/mbflseavqh128825032b2e . Please start a new R session in the new project directory.
── config file for dev/flat_flat1.Rmd ──────────────────────────────────────────
✔ Cleaning is done !
✔ Setting active project to
"/private/var/folders/2b/t0kwbtmn3p7brv2mvx39c9cr0000gn/T/RtmpU1E5Zh/all.templates.knitteaching1288219d43758".
✔ Setting active project to
"/private/var/folders/2b/t0kwbtmn3p7brv2mvx39c9cr0000gn/T/RtmpU1E5Zh/qmitwlycko128822497d6d5".
✔ Adding "MIT + file LICENSE" to 'License'.
✔ Writing 'LICENSE'.
✔ Writing 'LICENSE.md'.
✔ Adding "^LICENSE\\.md$" to '.Rbuildignore'.
i No fusen configuration file found. The flat files to be deleted will be identified as Rmd or qmd files starting with 'flat' in the dev/ and dev/flat_history folders.
i No fusen-related tags have been found in any files located in R/, tests/ and vignettes/ folders.
Created file .here in /private/var/folders/2b/t0kwbtmn3p7brv2mvx39c9cr0000gn/T/RtmpU1E5Zh/qmitwlycko128822497d6d5 . Please start a new R session in the new project directory.
i Loading qmitwlycko128822497d6d5
Writing 'NAMESPACE'
v Adding knitr to 'Suggests' field in DESCRIPTION.
[ ] Use `requireNamespace("knitr", quietly = TRUE)` to test if knitr is
installed.
[ ] Then directly refer to functions with `knitr::fun()`.
v Adding "inst/doc" to '.gitignore'.
-- config file for dev/flat_flat1.Rmd ------------------------------------------
v R: R/flat1_rmd.R was added to the config file
v tests: tests/testthat/test-flat1_rmd.R was added to the config file
v vignettes: vignettes/get-started.Rmd was added to the config file
Saving attachment parameters to yaml config file
Updating qmitwlycko128822497d6d5 documentation
i Loading qmitwlycko128822497d6d5
Writing 'NAMESPACE'
Writing 'flat1_rmd.Rd'
i Loading qmitwlycko128822497d6d5
[+] 2 package(s) added: rmarkdown, testthat.
i A fusen configuration file was found. The flat files to be deleted will be identified as files listed in this configuration file as well as Rmd or qmd files starting with 'flat' in the dev/ and dev/flat_history folders. The configuration file will also be deleted.
i The following files have been identified as containing fusen-related tags and will therefore be modified:
R/flat1_rmd.R
tests/testthat/test-flat1_rmd.R
vignettes/get-started.Rmd
v Cleaning is done !
✔ Setting active project to
"/private/var/folders/2b/t0kwbtmn3p7brv2mvx39c9cr0000gn/T/RtmpU1E5Zh/all.templates.knitteaching1288219d43758".
✔ Setting active project to
"/private/var/folders/2b/t0kwbtmn3p7brv2mvx39c9cr0000gn/T/RtmpU1E5Zh/knuvpelsgj1288220377d82".
✔ Adding "MIT + file LICENSE" to 'License'.
✔ Writing 'LICENSE'.
✔ Writing 'LICENSE.md'.
✔ Adding "^LICENSE\\.md$" to '.Rbuildignore'.
✔ Creating 'R/'.
☐ Edit 'R/some_R_file.R'.
✔ Adding testthat to 'Suggests' field in DESCRIPTION.
✔ Adding "3" to 'Config/testthat/edition'.
✔ Creating 'tests/testthat/'.
✔ Writing 'tests/testthat.R'.
✔ Writing 'tests/testthat/test-some_test.R'.
☐ Edit 'tests/testthat/test-some_test.R'.
i No fusen configuration file found. The flat files to be deleted will be identified as Rmd or qmd files starting with 'flat' in the dev/ and dev/flat_history folders.
i No flat files were detected.
Created file .here in /private/var/folders/2b/t0kwbtmn3p7brv2mvx39c9cr0000gn/T/RtmpU1E5Zh/knuvpelsgj1288220377d82 . Please start a new R session in the new project directory.
i Loading knuvpelsgj1288220377d82
Writing 'NAMESPACE'
v Adding knitr to 'Suggests' field in DESCRIPTION.
[ ] Use `requireNamespace("knitr", quietly = TRUE)` to test if knitr is
installed.
[ ] Then directly refer to functions with `knitr::fun()`.
v Adding "inst/doc" to '.gitignore'.
-- config file for dev/flat_flat1.Rmd ------------------------------------------
v R: R/flat1_rmd.R was added to the config file
v tests: tests/testthat/test-flat1_rmd.R was added to the config file
v vignettes: vignettes/get-started.Rmd was added to the config file
Saving attachment parameters to yaml config file
Updating knuvpelsgj1288220377d82 documentation
i Loading knuvpelsgj1288220377d82
Writing 'NAMESPACE'
Writing 'flat1_rmd.Rd'
i Loading knuvpelsgj1288220377d82
[+] 1 package(s) added: rmarkdown.
-- config file for dev/flat_flat2.Rmd ------------------------------------------
v R: R/flat2_rmd.R was added to the config file
v tests: tests/testthat/test-flat2_rmd.R was added to the config file
v vignettes: vignettes/get-started-2.Rmd was added to the config file
Documentation parameters were restored from attachment config file.
Updating knuvpelsgj1288220377d82 documentation
i Loading knuvpelsgj1288220377d82
Writing 'NAMESPACE'
Writing 'flat2_rmd.Rd'
i Loading knuvpelsgj1288220377d82
i A fusen configuration file was found. The flat files to be deleted will be identified as files listed in this configuration file as well as Rmd or qmd files starting with 'flat' in the dev/ and dev/flat_history folders. The configuration file will also be deleted.
i The following flat files were detected and will therefore be deleted from your package:
dev/flat_flat1.Rmd
dev/flat_flat2.Rmd
v Cleaning is done !
✔ Setting active project to
"/private/var/folders/2b/t0kwbtmn3p7brv2mvx39c9cr0000gn/T/RtmpU1E5Zh/all.templates.knitteaching1288219d43758".
✔ Setting active project to
"/private/var/folders/2b/t0kwbtmn3p7brv2mvx39c9cr0000gn/T/RtmpU1E5Zh/xbfovqmctn1288217f74981".
✔ Adding "MIT + file LICENSE" to 'License'.
✔ Writing 'LICENSE'.
✔ Writing 'LICENSE.md'.
✔ Adding "^LICENSE\\.md$" to '.Rbuildignore'.
Created file .here in /private/var/folders/2b/t0kwbtmn3p7brv2mvx39c9cr0000gn/T/RtmpU1E5Zh/xbfovqmctn1288217f74981 . Please start a new R session in the new project directory.
ℹ Loading xbfovqmctn1288217f74981
Writing 'NAMESPACE'
✔ Adding knitr to 'Suggests' field in DESCRIPTION.
☐ Use `requireNamespace("knitr", quietly = TRUE)` to test if knitr is
installed.
☐ Then directly refer to functions with `knitr::fun()`.
✔ Adding "inst/doc" to '.gitignore'.
── config file for dev/flat_flat1.Rmd ──────────────────────────────────────────
✔ R: R/flat1_rmd.R was added to the config file
✔ tests: tests/testthat/test-flat1_rmd.R was added to the config file
✔ vignettes: vignettes/get-started.Rmd was added to the config file
Saving attachment parameters to yaml config file
Updating xbfovqmctn1288217f74981 documentation
ℹ Loading xbfovqmctn1288217f74981
Writing 'NAMESPACE'
Writing 'flat1_rmd.Rd'
ℹ Loading xbfovqmctn1288217f74981
[+] 2 package(s) added: rmarkdown, testthat.
✔ Setting active project to
"/private/var/folders/2b/t0kwbtmn3p7brv2mvx39c9cr0000gn/T/RtmpU1E5Zh/all.templates.knitteaching1288219d43758".
✔ Setting active project to
"/private/var/folders/2b/t0kwbtmn3p7brv2mvx39c9cr0000gn/T/RtmpU1E5Zh/bnvtpgazhk128821f9a7ea9".
✔ Adding "MIT + file LICENSE" to 'License'.
✔ Writing 'LICENSE'.
✔ Writing 'LICENSE.md'.
✔ Adding "^LICENSE\\.md$" to '.Rbuildignore'.
Created file .here in /private/var/folders/2b/t0kwbtmn3p7brv2mvx39c9cr0000gn/T/RtmpU1E5Zh/bnvtpgazhk128821f9a7ea9 . Please start a new R session in the new project directory.
ℹ Loading bnvtpgazhk128821f9a7ea9
Writing 'NAMESPACE'
✔ Adding knitr to 'Suggests' field in DESCRIPTION.
☐ Use `requireNamespace("knitr", quietly = TRUE)` to test if knitr is
installed.
☐ Then directly refer to functions with `knitr::fun()`.
✔ Adding "inst/doc" to '.gitignore'.
── config file for dev/flat_flat1.Rmd ──────────────────────────────────────────
✔ R: R/flat1_rmd.R was added to the config file
✔ tests: tests/testthat/test-flat1_rmd.R was added to the config file
✔ vignettes: vignettes/get-started.Rmd was added to the config file
Saving attachment parameters to yaml config file
Updating bnvtpgazhk128821f9a7ea9 documentation
ℹ Loading bnvtpgazhk128821f9a7ea9
Writing 'NAMESPACE'
Writing 'flat1_rmd.Rd'
ℹ Loading bnvtpgazhk128821f9a7ea9
[+] 2 package(s) added: rmarkdown, testthat.
── config file for dev/flat_flat2.Rmd ──────────────────────────────────────────
✔ R: R/flat2_rmd.R was added to the config file
✔ tests: tests/testthat/test-flat2_rmd.R was added to the config file
✔ vignettes: vignettes/get-started-2.Rmd was added to the config file
Documentation parameters were restored from attachment config file.
Updating bnvtpgazhk128821f9a7ea9 documentation
ℹ Loading bnvtpgazhk128821f9a7ea9
Writing 'NAMESPACE'
Writing 'flat2_rmd.Rd'
ℹ Loading bnvtpgazhk128821f9a7ea9
✔ The flat file flat_flat1.Rmd has been deprecated.
ℹ A fusen configuration file was found. The flat files to be deleted will be identified as files listed in this configuration file as well as Rmd or qmd files starting with 'flat' in the dev/ and dev/flat_history folders. The configuration file will also be deleted.
✔ Cleaning is done !
✔ Setting active project to
"/private/var/folders/2b/t0kwbtmn3p7brv2mvx39c9cr0000gn/T/RtmpU1E5Zh/all.templates.knitteaching1288219d43758".
Created file .here in /private/var/folders/2b/t0kwbtmn3p7brv2mvx39c9cr0000gn/T/RtmpU1E5Zh/crhskialwq128823b61a928 . Please start a new R session in the new project directory.
✔ Setting active project to
"/private/var/folders/2b/t0kwbtmn3p7brv2mvx39c9cr0000gn/T/RtmpU1E5Zh/crhskialwq128823b61a928".
✔ Adding "MIT + file LICENSE" to 'License'.
✔ Writing 'LICENSE'.
✔ Writing 'LICENSE.md'.
✔ Adding "^LICENSE\\.md$" to '.Rbuildignore'.
✔ Setting active project to
"/private/var/folders/2b/t0kwbtmn3p7brv2mvx39c9cr0000gn/T/RtmpU1E5Zh/all.templates.knitteaching1288219d43758".
✔ Setting active project to
"/private/var/folders/2b/t0kwbtmn3p7brv2mvx39c9cr0000gn/T/RtmpU1E5Zh/crhskialwq128823b61a928".
i Loading crhskialwq128823b61a928
Writing 'NAMESPACE'
v Adding knitr to 'Suggests' field in DESCRIPTION.
[ ] Use `requireNamespace("knitr", quietly = TRUE)` to test if knitr is
installed.
[ ] Then directly refer to functions with `knitr::fun()`.
v Adding "inst/doc" to '.gitignore'.
-- config file for dev/flat_minimal.Rmd ----------------------------------------
v R: R/my_fun.R was added to the config file
v tests: tests/testthat/test-my_fun.R was added to the config file
v vignettes: vignettes/get-started.Rmd was added to the config file
Saving attachment parameters to yaml config file
Updating crhskialwq128823b61a928 documentation
i Loading crhskialwq128823b61a928
Writing 'NAMESPACE'
Writing 'my_fun.Rd'
i Loading crhskialwq128823b61a928
[+] 2 package(s) added: rmarkdown, testthat.
-- config file for dev/flat_xxx_flat2.Rmd --------------------------------------
v R: R/xxx_flat2_rmd.R was added to the config file
v tests: tests/testthat/test-xxx_flat2_rmd.R was added to the config file
v vignettes: vignettes/get-started-2.Rmd was added to the config file
Documentation parameters were restored from attachment config file.
Updating crhskialwq128823b61a928 documentation
i Loading crhskialwq128823b61a928
Writing 'NAMESPACE'
Writing 'xxx_flat2_rmd.Rd'
i Loading crhskialwq128823b61a928
✔ Setting active project to
"/private/var/folders/2b/t0kwbtmn3p7brv2mvx39c9cr0000gn/T/RtmpU1E5Zh/all.templates.knitteaching1288219d43758".
Created file .here in /private/var/folders/2b/t0kwbtmn3p7brv2mvx39c9cr0000gn/T/RtmpU1E5Zh/hrbqwgjeps1288239f39c17 . Please start a new R session in the new project directory.
✔ Setting active project to
"/private/var/folders/2b/t0kwbtmn3p7brv2mvx39c9cr0000gn/T/RtmpU1E5Zh/hrbqwgjeps1288239f39c17".
✔ Adding "MIT + file LICENSE" to 'License'.
✔ Writing 'LICENSE'.
✔ Writing 'LICENSE.md'.
✔ Adding "^LICENSE\\.md$" to '.Rbuildignore'.
i Loading hrbqwgjeps1288239f39c17
Writing 'NAMESPACE'
`vignette_name` is empty: no vignette created
-- config file for dev/flat_minimal.Rmd ----------------------------------------
v R: R/my_fun.R was added to the config file
v tests: tests/testthat/test-my_fun.R was added to the config file
Saving attachment parameters to yaml config file
Updating hrbqwgjeps1288239f39c17 documentation
i Loading hrbqwgjeps1288239f39c17
Writing 'NAMESPACE'
Writing 'my_fun.Rd'
i Loading hrbqwgjeps1288239f39c17
[+] 1 package(s) added: testthat.
v The flat file flat_minimal.Rmd has been deprecated.
✔ Setting active project to
"/private/var/folders/2b/t0kwbtmn3p7brv2mvx39c9cr0000gn/T/RtmpU1E5Zh/all.templates.knitteaching1288219d43758".
✔ Setting active project to
"/private/var/folders/2b/t0kwbtmn3p7brv2mvx39c9cr0000gn/T/RtmpU1E5Zh/nzabldeyuh128824456fe0".
✔ Adding "MIT + file LICENSE" to 'License'.
✔ Writing 'LICENSE'.
✔ Writing 'LICENSE.md'.
✔ Adding "^LICENSE\\.md$" to '.Rbuildignore'.
Created file .here in /private/var/folders/2b/t0kwbtmn3p7brv2mvx39c9cr0000gn/T/RtmpU1E5Zh/nzabldeyuh128824456fe0 . Please start a new R session in the new project directory.
i Loading nzabldeyuh128824456fe0
Writing 'NAMESPACE'
v Adding knitr to 'Suggests' field in DESCRIPTION.
[ ] Use `requireNamespace("knitr", quietly = TRUE)` to test if knitr is
installed.
[ ] Then directly refer to functions with `knitr::fun()`.
v Adding "inst/doc" to '.gitignore'.
-- config file for dev/flat_flat1.Rmd ------------------------------------------
v R: R/flat1_rmd.R was added to the config file
v tests: tests/testthat/test-flat1_rmd.R was added to the config file
v vignettes: vignettes/get-started.Rmd was added to the config file
Saving attachment parameters to yaml config file
Updating nzabldeyuh128824456fe0 documentation
i Loading nzabldeyuh128824456fe0
Writing 'NAMESPACE'
Writing 'flat1_rmd.Rd'
i Loading nzabldeyuh128824456fe0
[+] 2 package(s) added: rmarkdown, testthat.
! flat1_rmd.R has been overwritten
! test-flat1_rmd.R has been overwritten
-- config file for dev/flat_flat1.Rmd ------------------------------------------
i Some files group already existed and were modified: flat_flat1.Rmd
Documentation parameters were restored from attachment config file.
Updating nzabldeyuh128824456fe0 documentation
i Loading nzabldeyuh128824456fe0
Writing 'NAMESPACE'
i Loading nzabldeyuh128824456fe0
v The flat file flat_flat1.Rmd has been deprecated.
✔ Setting active project to
"/private/var/folders/2b/t0kwbtmn3p7brv2mvx39c9cr0000gn/T/RtmpU1E5Zh/all.templates.knitteaching1288219d43758".
✔ Setting active project to
"/private/var/folders/2b/t0kwbtmn3p7brv2mvx39c9cr0000gn/T/RtmpU1E5Zh/nisjvolmug128826e8c85bb".
✔ Adding "MIT + file LICENSE" to 'License'.
✔ Writing 'LICENSE'.
✔ Writing 'LICENSE.md'.
✔ Adding "^LICENSE\\.md$" to '.Rbuildignore'.
Created file .here in /private/var/folders/2b/t0kwbtmn3p7brv2mvx39c9cr0000gn/T/RtmpU1E5Zh/nisjvolmug128826e8c85bb . Please start a new R session in the new project directory.
i Loading nisjvolmug128826e8c85bb
Writing 'NAMESPACE'
v Adding knitr to 'Suggests' field in DESCRIPTION.
[ ] Use `requireNamespace("knitr", quietly = TRUE)` to test if knitr is
installed.
[ ] Then directly refer to functions with `knitr::fun()`.
v Adding "inst/doc" to '.gitignore'.
-- config file for dev/flat_flat1.Rmd ------------------------------------------
v R: R/flat1_rmd.R was added to the config file
v tests: tests/testthat/test-flat1_rmd.R was added to the config file
v vignettes: vignettes/get-started.Rmd was added to the config file
Saving attachment parameters to yaml config file
Updating nisjvolmug128826e8c85bb documentation
i Loading nisjvolmug128826e8c85bb
Writing 'NAMESPACE'
Writing 'flat1_rmd.Rd'
i Loading nisjvolmug128826e8c85bb
[+] 2 package(s) added: rmarkdown, testthat.
[ ] Edit 'R/donotfindme.R'.
v Writing 'tests/testthat/test-donotfindme.R'.
[ ] Edit 'tests/testthat/test-donotfindme.R'.
✔ Setting active project to
"/private/var/folders/2b/t0kwbtmn3p7brv2mvx39c9cr0000gn/T/RtmpU1E5Zh/all.templates.knitteaching1288219d43758".
✔ Setting active project to
"/private/var/folders/2b/t0kwbtmn3p7brv2mvx39c9cr0000gn/T/RtmpU1E5Zh/mngythlxow12882327843b2".
✔ Adding "MIT + file LICENSE" to 'License'.
✔ Writing 'LICENSE'.
✔ Writing 'LICENSE.md'.
✔ Adding "^LICENSE\\.md$" to '.Rbuildignore'.
Created file .here in /private/var/folders/2b/t0kwbtmn3p7brv2mvx39c9cr0000gn/T/RtmpU1E5Zh/mngythlxow12882327843b2 . Please start a new R session in the new project directory.
ℹ Loading mngythlxow12882327843b2
Writing 'NAMESPACE'
✔ Adding knitr to 'Suggests' field in DESCRIPTION.
☐ Use `requireNamespace("knitr", quietly = TRUE)` to test if knitr is
installed.
☐ Then directly refer to functions with `knitr::fun()`.
✔ Adding "inst/doc" to '.gitignore'.
── config file for dev/flat_flat1.Rmd ──────────────────────────────────────────
✔ R: R/flat1_rmd.R was added to the config file
✔ tests: tests/testthat/test-flat1_rmd.R was added to the config file
✔ vignettes: vignettes/get-started.Rmd was added to the config file
Saving attachment parameters to yaml config file
Updating mngythlxow12882327843b2 documentation
ℹ Loading mngythlxow12882327843b2
Writing 'NAMESPACE'
Writing 'flat1_rmd.Rd'
ℹ Loading mngythlxow12882327843b2
[+] 2 package(s) added: rmarkdown, testthat.
✔ Setting active project to
"/private/var/folders/2b/t0kwbtmn3p7brv2mvx39c9cr0000gn/T/RtmpU1E5Zh/all.templates.knitteaching1288219d43758".
── Creating new directory: /var/folders/2b/t0kwbtmn3p7brv2mvx39c9cr0000gn/T//Rtm
✔ Setting active project to
"/private/var/folders/2b/t0kwbtmn3p7brv2mvx39c9cr0000gn/T/RtmpU1E5Zh/all.templates.second.flat12882754adcb/foosen.process".
── config file for dev/flat_first.Rmd ──────────────────────────────────────────
'0-dev_history.Rmd' already exists. It was not overwritten. Set `add_flat_template(overwrite = TRUE)` if you want to do so.
-- config file for dev/flat_second.Rmd -----------------------------------------
-- config file for dev/flat_first.Rmd ------------------------------------------
-- config file for dev/flat_second.Rmd -----------------------------------------
-- check not registered files --------------------------------------------------
-- config file for dev/flat_first.Rmd ------------------------------------------
-- config file for dev/flat_second.Rmd -----------------------------------------
-- check not registered files --------------------------------------------------
✔ Setting active project to
"/private/var/folders/2b/t0kwbtmn3p7brv2mvx39c9cr0000gn/T/RtmpU1E5Zh/all.templates.knitteaching1288219d43758".
── Creating new directory: /var/folders/2b/t0kwbtmn3p7brv2mvx39c9cr0000gn/T//Rtm
✔ Setting active project to
"/private/var/folders/2b/t0kwbtmn3p7brv2mvx39c9cr0000gn/T/RtmpU1E5Zh/all.templates.second.flat12882462e3ea1/foosen.process".
── config file for dev/flat_first.Rmd ──────────────────────────────────────────
'0-dev_history.Rmd' already exists. It was not overwritten. Set `add_flat_template(overwrite = TRUE)` if you want to do so.
-- config file for dev/flat_second.Rmd -----------------------------------------
-- config file for dev/flat_first.Rmd ------------------------------------------
-- config file for dev/flat_second.Rmd -----------------------------------------
-- check not registered files --------------------------------------------------
-- config file for dev/flat_first.Rmd ------------------------------------------
-- config file for dev/flat_second.Rmd -----------------------------------------
-- check not registered files --------------------------------------------------
✔ Setting active project to
"/private/var/folders/2b/t0kwbtmn3p7brv2mvx39c9cr0000gn/T/RtmpU1E5Zh/all.templates.knitteaching1288219d43758".
── Creating new directory: /var/folders/2b/t0kwbtmn3p7brv2mvx39c9cr0000gn/T//Rtm
✔ Setting active project to
"/private/var/folders/2b/t0kwbtmn3p7brv2mvx39c9cr0000gn/T/RtmpU1E5Zh/all.templates.second.flat128827223f3ea/foosen.process".
── config file for dev/flat_first.Rmd ──────────────────────────────────────────
'0-dev_history.Rmd' already exists. It was not overwritten. Set `add_flat_template(overwrite = TRUE)` if you want to do so.
-- config file for dev/flat_second.Rmd -----------------------------------------
-- config file for dev/flat_first.Rmd ------------------------------------------
-- config file for dev/flat_second.Rmd -----------------------------------------
-- check not registered files --------------------------------------------------
-- config file for dev/flat_first.Rmd ------------------------------------------
-- config file for dev/flat_second.Rmd -----------------------------------------
-- check not registered files --------------------------------------------------
✔ Setting active project to
"/private/var/folders/2b/t0kwbtmn3p7brv2mvx39c9cr0000gn/T/RtmpU1E5Zh/all.templates.knitteaching1288219d43758".
── Creating new directory: /var/folders/2b/t0kwbtmn3p7brv2mvx39c9cr0000gn/T//Rtm
✔ Setting active project to
"/private/var/folders/2b/t0kwbtmn3p7brv2mvx39c9cr0000gn/T/RtmpU1E5Zh/all.templates.second.flat1288248fe7b2e/foosen.process".
── config file for dev/flat_first.Rmd ──────────────────────────────────────────
-- config file for dev/flat_second.Rmd -----------------------------------------
-- config file for dev/flat_first.Rmd ------------------------------------------
-- config file for dev/flat_second.Rmd -----------------------------------------
-- check not registered files --------------------------------------------------
-- config file for dev/flat_first.Rmd ------------------------------------------
-- config file for dev/flat_second.Rmd -----------------------------------------
-- check not registered files --------------------------------------------------
✔ Setting active project to
"/private/var/folders/2b/t0kwbtmn3p7brv2mvx39c9cr0000gn/T/RtmpU1E5Zh/all.templates.knitteaching1288219d43758".
── Creating new directory: /var/folders/2b/t0kwbtmn3p7brv2mvx39c9cr0000gn/T//Rtm
✔ Setting active project to
"/private/var/folders/2b/t0kwbtmn3p7brv2mvx39c9cr0000gn/T/RtmpU1E5Zh/all.templates.second.flat128821cff0a3e/foosen.process".
── config file for dev/flat_first.Rmd ──────────────────────────────────────────
-- config file for dev/flat_second.Rmd -----------------------------------------
-- config file for dev/flat_first.Rmd ------------------------------------------
-- config file for dev/flat_second.Rmd -----------------------------------------
-- check not registered files --------------------------------------------------
-- config file for dev/flat_first.Rmd ------------------------------------------
-- config file for dev/flat_second.Rmd -----------------------------------------
-- check not registered files --------------------------------------------------
✔ Setting active project to
"/private/var/folders/2b/t0kwbtmn3p7brv2mvx39c9cr0000gn/T/RtmpU1E5Zh/all.templates.knitteaching1288219d43758".
── Creating new directory: /var/folders/2b/t0kwbtmn3p7brv2mvx39c9cr0000gn/T//Rtm
✔ Setting active project to
"/private/var/folders/2b/t0kwbtmn3p7brv2mvx39c9cr0000gn/T/RtmpU1E5Zh/all.templates.second.flat12882eb6a2c/foosen.process".
── config file for dev/flat_first.Rmd ──────────────────────────────────────────
-- config file for dev/flat_second.Rmd -----------------------------------------
-- config file for dev/flat_first.Rmd ------------------------------------------
-- config file for dev/flat_second.Rmd -----------------------------------------
-- check not registered files --------------------------------------------------
-- config file for dev/flat_first.Rmd ------------------------------------------
-- config file for dev/flat_second.Rmd -----------------------------------------
-- check not registered files --------------------------------------------------
✔ Setting active project to
"/private/var/folders/2b/t0kwbtmn3p7brv2mvx39c9cr0000gn/T/RtmpU1E5Zh/all.templates.knitteaching1288219d43758".
── Creating new directory: /var/folders/2b/t0kwbtmn3p7brv2mvx39c9cr0000gn/T//Rtm
✔ Setting active project to
"/private/var/folders/2b/t0kwbtmn3p7brv2mvx39c9cr0000gn/T/RtmpU1E5Zh/all.templates.second.flat128825914fc4c/foosen.process".
── config file for dev/flat_first.Rmd ──────────────────────────────────────────
-- config file for dev/flat_second.Rmd -----------------------------------------
-- config file for dev/flat_first.Rmd ------------------------------------------
-- config file for dev/flat_second.Rmd -----------------------------------------
-- check not registered files --------------------------------------------------
-- config file for dev/flat_first.Rmd ------------------------------------------
-- config file for dev/flat_second.Rmd -----------------------------------------
-- check not registered files --------------------------------------------------
✔ Setting active project to
"/private/var/folders/2b/t0kwbtmn3p7brv2mvx39c9cr0000gn/T/RtmpU1E5Zh/all.templates.knitteaching1288219d43758".
── Creating new directory: /var/folders/2b/t0kwbtmn3p7brv2mvx39c9cr0000gn/T//Rtm
✔ Setting active project to
"/private/var/folders/2b/t0kwbtmn3p7brv2mvx39c9cr0000gn/T/RtmpU1E5Zh/all.templates.second.flat128826d86fdc/foosen.process".
── config file for dev/flat_first.Rmd ──────────────────────────────────────────
-- config file for dev/flat_second.Rmd -----------------------------------------
-- config file for dev/flat_first.Rmd ------------------------------------------
-- config file for dev/flat_second.Rmd -----------------------------------------
-- check not registered files --------------------------------------------------
-- config file for dev/flat_first.Rmd ------------------------------------------
-- config file for dev/flat_second.Rmd -----------------------------------------
-- check not registered files --------------------------------------------------
✔ Setting active project to
"/private/var/folders/2b/t0kwbtmn3p7brv2mvx39c9cr0000gn/T/RtmpU1E5Zh/all.templates.knitteaching1288219d43758".
── Creating new directory: /var/folders/2b/t0kwbtmn3p7brv2mvx39c9cr0000gn/T//Rtm
✔ Setting active project to
"/private/var/folders/2b/t0kwbtmn3p7brv2mvx39c9cr0000gn/T/RtmpU1E5Zh/all.templates.second.flat1288257722cb0/foosen.process".
── config file for dev/flat_first.Rmd ──────────────────────────────────────────
-- config file for dev/flat_second.Rmd -----------------------------------------
-- config file for dev/flat_first.Rmd ------------------------------------------
-- config file for dev/flat_second.Rmd -----------------------------------------
-- check not registered files --------------------------------------------------
-- config file for dev/flat_first.Rmd ------------------------------------------
-- config file for dev/flat_second.Rmd -----------------------------------------
-- check not registered files --------------------------------------------------
✔ Setting active project to
"/private/var/folders/2b/t0kwbtmn3p7brv2mvx39c9cr0000gn/T/RtmpU1E5Zh/all.templates.knitteaching1288219d43758".
[ FAIL 18 | WARN 0 | SKIP 14 | PASS 906 ]
══ Skipped tests (14) ══════════════════════════════════════════════════════════
• On CRAN (10): 'test-get_package_structure.R:22:5',
'test-get_package_structure.R:54:5', 'test-inflate-part1.R:245:5',
'test-inflate-part2.R:42:5', 'test-inflate-part2.R:85:7',
'test-inflate-part2.R:85:7', 'test-inflate-part2.R:85:7',
'test-inflate-part2.R:313:5', 'test-inflate-part2.R:467:7',
'test-register_config_file.R:429:3'
• empty test (1): 'test-inflate_utils.R:193:1'
• interactive() is not TRUE (3): 'test-inflate_all.R:388:5',
'test-init_share_on_github.R:4:3', 'test-skeleton.R:2:3'
══ Failed tests ════════════════════════════════════════════════════════════════
── Failure ('test-add_flat_template.R:341:7'): flat file inflates after knit from command inside ──
`suppressMessages(eval(parse(text = inflate_command)))` threw an unexpected error.
Message: DESCRIPTION file does not exist in your directory:/private/var/folders/2b/t0kwbtmn3p7brv2mvx39c9cr0000gn/T/RtmpU1E5Zh/all.templates.knitfull128827acdf0d2.
Have you run the content of the 'description' chunk of your {fusen} template?
Class: simpleError/error/condition
── Failure ('test-add_flat_template.R:349:7'): flat file inflates a second time ──
`suppressMessages(eval(parse(text = inflate_command_second)))` threw an unexpected error.
Message: DESCRIPTION file does not exist in your directory:/private/var/folders/2b/t0kwbtmn3p7brv2mvx39c9cr0000gn/T/RtmpU1E5Zh/all.templates.knitfull128827acdf0d2.
Have you run the content of the 'description' chunk of your {fusen} template?
Class: simpleError/error/condition
── Failure ('test-add_flat_template.R:341:7'): flat file inflates after knit from command inside ──
`suppressMessages(eval(parse(text = inflate_command)))` threw an unexpected error.
Message: DESCRIPTION file does not exist in your directory:/private/var/folders/2b/t0kwbtmn3p7brv2mvx39c9cr0000gn/T/RtmpU1E5Zh/all.templates.knitminimal.package12882962bf1a.
Have you run the content of the 'description' chunk of your {fusen} template?
Class: simpleError/error/condition
── Failure ('test-add_flat_template.R:349:7'): flat file inflates a second time ──
`suppressMessages(eval(parse(text = inflate_command_second)))` threw an unexpected error.
Message: DESCRIPTION file does not exist in your directory:/private/var/folders/2b/t0kwbtmn3p7brv2mvx39c9cr0000gn/T/RtmpU1E5Zh/all.templates.knitminimal.package12882962bf1a.
Have you run the content of the 'description' chunk of your {fusen} template?
Class: simpleError/error/condition
── Failure ('test-add_flat_template.R:341:7'): flat file inflates after knit from command inside ──
`suppressMessages(eval(parse(text = inflate_command)))` threw an unexpected error.
Message: DESCRIPTION file does not exist in your directory:/private/var/folders/2b/t0kwbtmn3p7brv2mvx39c9cr0000gn/T/RtmpU1E5Zh/all.templates.knitminpkg1288276b98597.
Have you run the content of the 'description' chunk of your {fusen} template?
Class: simpleError/error/condition
── Failure ('test-add_flat_template.R:349:7'): flat file inflates a second time ──
`suppressMessages(eval(parse(text = inflate_command_second)))` threw an unexpected error.
Message: DESCRIPTION file does not exist in your directory:/private/var/folders/2b/t0kwbtmn3p7brv2mvx39c9cr0000gn/T/RtmpU1E5Zh/all.templates.knitminpkg1288276b98597.
Have you run the content of the 'description' chunk of your {fusen} template?
Class: simpleError/error/condition
── Failure ('test-add_flat_template.R:341:7'): flat file inflates after knit from command inside ──
`suppressMessages(eval(parse(text = inflate_command)))` threw an unexpected error.
Message: DESCRIPTION file does not exist in your directory:/private/var/folders/2b/t0kwbtmn3p7brv2mvx39c9cr0000gn/T/RtmpU1E5Zh/all.templates.knitminimal.flat128827cf0377d.
Have you run the content of the 'description' chunk of your {fusen} template?
Class: simpleError/error/condition
── Failure ('test-add_flat_template.R:349:7'): flat file inflates a second time ──
`suppressMessages(eval(parse(text = inflate_command_second)))` threw an unexpected error.
Message: DESCRIPTION file does not exist in your directory:/private/var/folders/2b/t0kwbtmn3p7brv2mvx39c9cr0000gn/T/RtmpU1E5Zh/all.templates.knitminimal.flat128827cf0377d.
Have you run the content of the 'description' chunk of your {fusen} template?
Class: simpleError/error/condition
── Failure ('test-add_flat_template.R:341:7'): flat file inflates after knit from command inside ──
`suppressMessages(eval(parse(text = inflate_command)))` threw an unexpected error.
Message: DESCRIPTION file does not exist in your directory:/private/var/folders/2b/t0kwbtmn3p7brv2mvx39c9cr0000gn/T/RtmpU1E5Zh/all.templates.knitminflat1288254120132.
Have you run the content of the 'description' chunk of your {fusen} template?
Class: simpleError/error/condition
── Failure ('test-add_flat_template.R:349:7'): flat file inflates a second time ──
`suppressMessages(eval(parse(text = inflate_command_second)))` threw an unexpected error.
Message: DESCRIPTION file does not exist in your directory:/private/var/folders/2b/t0kwbtmn3p7brv2mvx39c9cr0000gn/T/RtmpU1E5Zh/all.templates.knitminflat1288254120132.
Have you run the content of the 'description' chunk of your {fusen} template?
Class: simpleError/error/condition
── Failure ('test-add_flat_template.R:341:7'): flat file inflates after knit from command inside ──
`suppressMessages(eval(parse(text = inflate_command)))` threw an unexpected error.
Message: DESCRIPTION file does not exist in your directory:/private/var/folders/2b/t0kwbtmn3p7brv2mvx39c9cr0000gn/T/RtmpU1E5Zh/all.templates.knitadd12882779eb86a.
Have you run the content of the 'description' chunk of your {fusen} template?
Class: simpleError/error/condition
── Failure ('test-add_flat_template.R:349:7'): flat file inflates a second time ──
`suppressMessages(eval(parse(text = inflate_command_second)))` threw an unexpected error.
Message: DESCRIPTION file does not exist in your directory:/private/var/folders/2b/t0kwbtmn3p7brv2mvx39c9cr0000gn/T/RtmpU1E5Zh/all.templates.knitadd12882779eb86a.
Have you run the content of the 'description' chunk of your {fusen} template?
Class: simpleError/error/condition
── Failure ('test-add_flat_template.R:341:7'): flat file inflates after knit from command inside ──
`suppressMessages(eval(parse(text = inflate_command)))` threw an unexpected error.
Message: DESCRIPTION file does not exist in your directory:/private/var/folders/2b/t0kwbtmn3p7brv2mvx39c9cr0000gn/T/RtmpU1E5Zh/all.templates.knitadditional1288238aa9705.
Have you run the content of the 'description' chunk of your {fusen} template?
Class: simpleError/error/condition
── Failure ('test-add_flat_template.R:349:7'): flat file inflates a second time ──
`suppressMessages(eval(parse(text = inflate_command_second)))` threw an unexpected error.
Message: DESCRIPTION file does not exist in your directory:/private/var/folders/2b/t0kwbtmn3p7brv2mvx39c9cr0000gn/T/RtmpU1E5Zh/all.templates.knitadditional1288238aa9705.
Have you run the content of the 'description' chunk of your {fusen} template?
Class: simpleError/error/condition
── Failure ('test-add_flat_template.R:341:7'): flat file inflates after knit from command inside ──
`suppressMessages(eval(parse(text = inflate_command)))` threw an unexpected error.
Message: DESCRIPTION file does not exist in your directory:/private/var/folders/2b/t0kwbtmn3p7brv2mvx39c9cr0000gn/T/RtmpU1E5Zh/all.templates.knitteach128823e83c534.
Have you run the content of the 'description' chunk of your {fusen} template?
Class: simpleError/error/condition
── Failure ('test-add_flat_template.R:349:7'): flat file inflates a second time ──
`suppressMessages(eval(parse(text = inflate_command_second)))` threw an unexpected error.
Message: DESCRIPTION file does not exist in your directory:/private/var/folders/2b/t0kwbtmn3p7brv2mvx39c9cr0000gn/T/RtmpU1E5Zh/all.templates.knitteach128823e83c534.
Have you run the content of the 'description' chunk of your {fusen} template?
Class: simpleError/error/condition
── Failure ('test-add_flat_template.R:341:7'): flat file inflates after knit from command inside ──
`suppressMessages(eval(parse(text = inflate_command)))` threw an unexpected error.
Message: DESCRIPTION file does not exist in your directory:/private/var/folders/2b/t0kwbtmn3p7brv2mvx39c9cr0000gn/T/RtmpU1E5Zh/all.templates.knitteaching1288219d43758.
Have you run the content of the 'description' chunk of your {fusen} template?
Class: simpleError/error/condition
── Failure ('test-add_flat_template.R:349:7'): flat file inflates a second time ──
`suppressMessages(eval(parse(text = inflate_command_second)))` threw an unexpected error.
Message: DESCRIPTION file does not exist in your directory:/private/var/folders/2b/t0kwbtmn3p7brv2mvx39c9cr0000gn/T/RtmpU1E5Zh/all.templates.knitteaching1288219d43758.
Have you run the content of the 'description' chunk of your {fusen} template?
Class: simpleError/error/condition
[ FAIL 18 | WARN 0 | SKIP 14 | PASS 906 ]
Error: Test failures
Execution halted
Flavor: r-release-macos-x86_64
Version: 0.7.0
Check: tests
Result: ERROR
Running ‘testthat.R’ [260s/461s]
Running the tests in ‘tests/testthat.R’ failed.
Complete output:
> # This file is part of the standard setup for testthat.
> # It is recommended that you do not modify it.
> #
> # Where should you do additional test configuration?
> # Learn more about the roles of various files in:
> # * https://r-pkgs.org/testing-design.html#sec-tests-files-overview
> # * https://testthat.r-lib.org/articles/special-files.html
>
> library(testthat)
> library(fusen)
>
> test_check("fusen")
Created file .here in /private/var/folders/2b/t0kwbtmn3p7brv2mvx39c9cr0000gn/T/RtmpSfwjqu/add.flat.template1654270a736c4 . Please start a new R session in the new project directory.
'0-dev_history.Rmd' already exists. It was not overwritten. Set `add_flat_template(overwrite = TRUE)` if you want to do so.
Created file .here in /private/var/folders/2b/t0kwbtmn3p7brv2mvx39c9cr0000gn/T/RtmpSfwjqu/dev.history.template165424e70d317 . Please start a new R session in the new project directory.
v Setting active project to
"/private/var/folders/2b/t0kwbtmn3p7brv2mvx39c9cr0000gn/T/RtmpSfwjqu/dev.history.template165424e70d317".
! Title was modified to 'Title Case'.
v Adding "MIT + file LICENSE" to 'License'.
v Writing 'LICENSE'.
v Writing 'LICENSE.md'.
v Adding "^LICENSE\\.md$" to '.Rbuildignore'.
v Setting active project to "<no active project>".
Created file .here in /private/var/folders/2b/t0kwbtmn3p7brv2mvx39c9cr0000gn/T/RtmpSfwjqu/dev.history.template.uu165424fa051b9 . Please start a new R session in the new project directory.
v Setting active project to
"/private/var/folders/2b/t0kwbtmn3p7brv2mvx39c9cr0000gn/T/RtmpSfwjqu/dev.history.template.uu165424fa051b9".
! Title was modified to 'Title Case'.
v Writing 'LICENSE.md'.
v Adding "^LICENSE\\.md$" to '.Rbuildignore'.
v Setting active project to "<no active project>".
✔ Setting active project to
"/private/var/folders/2b/t0kwbtmn3p7brv2mvx39c9cr0000gn/T/RtmpSfwjqu/all.templates.knitfull16542cef5c22".
✔ Setting active project to "<no active project>".
✔ Setting active project to
"/private/var/folders/2b/t0kwbtmn3p7brv2mvx39c9cr0000gn/T/RtmpSfwjqu/all.templates.knitminimal.package165425ec83ac0".
✔ Setting active project to "<no active project>".
✔ Setting active project to
"/private/var/folders/2b/t0kwbtmn3p7brv2mvx39c9cr0000gn/T/RtmpSfwjqu/all.templates.knitminpkg16542c3a6b0c".
✔ Setting active project to "<no active project>".
✔ Setting active project to
"/private/var/folders/2b/t0kwbtmn3p7brv2mvx39c9cr0000gn/T/RtmpSfwjqu/all.templates.knitminimal.flat16542222a4480".
✔ Setting active project to "<no active project>".
✔ Setting active project to
"/private/var/folders/2b/t0kwbtmn3p7brv2mvx39c9cr0000gn/T/RtmpSfwjqu/all.templates.knitminflat1654225fab4d6".
✔ Setting active project to "<no active project>".
✔ Setting active project to
"/private/var/folders/2b/t0kwbtmn3p7brv2mvx39c9cr0000gn/T/RtmpSfwjqu/all.templates.knitadd16542453748a8".
✔ Setting active project to "<no active project>".
✔ Setting active project to
"/private/var/folders/2b/t0kwbtmn3p7brv2mvx39c9cr0000gn/T/RtmpSfwjqu/all.templates.knitadditional1654255d9386a".
✔ Setting active project to "<no active project>".
✔ Setting active project to
"/private/var/folders/2b/t0kwbtmn3p7brv2mvx39c9cr0000gn/T/RtmpSfwjqu/all.templates.knitteach165421fc1aafd".
✔ Setting active project to "<no active project>".
✔ Setting active project to
"/private/var/folders/2b/t0kwbtmn3p7brv2mvx39c9cr0000gn/T/RtmpSfwjqu/all.templates.knitteaching16542510ea77".
✔ Setting active project to "<no active project>".
Created file .here in /private/var/folders/2b/t0kwbtmn3p7brv2mvx39c9cr0000gn/T/RtmpSfwjqu/other.names165423af7fc4f . Please start a new R session in the new project directory.
v Setting active project to
"/private/var/folders/2b/t0kwbtmn3p7brv2mvx39c9cr0000gn/T/RtmpSfwjqu/other.names165423af7fc4f".
i Loading other.names165423af7fc4f
Writing 'NAMESPACE'
v Adding knitr to 'Suggests' field in DESCRIPTION.
[ ] Use `requireNamespace("knitr", quietly = TRUE)` to test if knitr is
installed.
[ ] Then directly refer to functions with `knitr::fun()`.
v Adding "inst/doc" to '.gitignore'.
-- config file for dev/flat_hello_2.Rmd ----------------------------------------
v R: R/hello.R was added to the config file
v tests: tests/testthat/test-hello.R was added to the config file
v vignettes: vignettes/hello.Rmd was added to the config file
Saving attachment parameters to yaml config file
Updating other.names165423af7fc4f documentation
i Loading other.names165423af7fc4f
Writing 'NAMESPACE'
Writing 'hello.Rd'
i Loading other.names165423af7fc4f
[+] 2 package(s) added: rmarkdown, testthat.
v Setting active project to
"/private/var/folders/2b/t0kwbtmn3p7brv2mvx39c9cr0000gn/T/RtmpSfwjqu/all.templates.knitteaching16542510ea77".
Created file .here in /private/var/folders/2b/t0kwbtmn3p7brv2mvx39c9cr0000gn/T/RtmpSfwjqu/devdir165424bc93407 . Please start a new R session in the new project directory.
-- Creating new directory: /var/folders/2b/t0kwbtmn3p7brv2mvx39c9cr0000gn/T//Rtm
v Creating
'/var/folders/2b/t0kwbtmn3p7brv2mvx39c9cr0000gn/T/RtmpSfwjqu/chunk.export.165427d3498ca/foosen/'.
v Setting active project to
"/private/var/folders/2b/t0kwbtmn3p7brv2mvx39c9cr0000gn/T/RtmpSfwjqu/chunk.export.165427d3498ca/foosen".
v Creating 'R/'.
v Writing a sentinel file '.here'.
[ ] Build robust paths within your project via `here::here()`.
i Learn more at <https://here.r-lib.org>.
v Setting active project to
"/private/var/folders/2b/t0kwbtmn3p7brv2mvx39c9cr0000gn/T/RtmpSfwjqu/all.templates.knitteaching16542510ea77".
v New directory created: /var/folders/2b/t0kwbtmn3p7brv2mvx39c9cr0000gn/T//RtmpSfwjqu/chunk.export.165427d3498ca/foosen
v Added /private/var/folders/2b/t0kwbtmn3p7brv2mvx39c9cr0000gn/T/RtmpSfwjqu/chunk.export.165427d3498ca/foosen/dev/flat_minimal_package.Rmd, /private/var/folders/2b/t0kwbtmn3p7brv2mvx39c9cr0000gn/T/RtmpSfwjqu/chunk.export.165427d3498ca/foosen/dev/0-dev_history.Rmd
[1] "test without interactive"
-- Creating new directory: /var/folders/2b/t0kwbtmn3p7brv2mvx39c9cr0000gn/T//Rtm
v Creating
'/var/folders/2b/t0kwbtmn3p7brv2mvx39c9cr0000gn/T/RtmpSfwjqu/chunk.noRd.165421934ecb9/foosen/'.
v Setting active project to
"/private/var/folders/2b/t0kwbtmn3p7brv2mvx39c9cr0000gn/T/RtmpSfwjqu/chunk.noRd.165421934ecb9/foosen".
v Creating 'R/'.
v Writing a sentinel file '.here'.
[ ] Build robust paths within your project via `here::here()`.
i Learn more at <https://here.r-lib.org>.
v Setting active project to
"/private/var/folders/2b/t0kwbtmn3p7brv2mvx39c9cr0000gn/T/RtmpSfwjqu/all.templates.knitteaching16542510ea77".
v New directory created: /var/folders/2b/t0kwbtmn3p7brv2mvx39c9cr0000gn/T//RtmpSfwjqu/chunk.noRd.165421934ecb9/foosen
v Added /private/var/folders/2b/t0kwbtmn3p7brv2mvx39c9cr0000gn/T/RtmpSfwjqu/chunk.noRd.165421934ecb9/foosen/dev/flat_minimal_package.Rmd, /private/var/folders/2b/t0kwbtmn3p7brv2mvx39c9cr0000gn/T/RtmpSfwjqu/chunk.noRd.165421934ecb9/foosen/dev/0-dev_history.Rmd
[1] "test without interactive"
-- Creating new directory: /var/folders/2b/t0kwbtmn3p7brv2mvx39c9cr0000gn/T//Rtm
! The path: /private/var/folders/2b/t0kwbtmn3p7brv2mvx39c9cr0000gn/T/RtmpSfwjqu/dummy1654283e7c97/foosen already exists.
x Aborting fusen project creation. Set `create_fusen(overwrite = TRUE)` to avoid a stop.
! The path: /private/var/folders/2b/t0kwbtmn3p7brv2mvx39c9cr0000gn/T/RtmpSfwjqu/dummy1654283e7c97/foosen already exists.
v Added /private/var/folders/2b/t0kwbtmn3p7brv2mvx39c9cr0000gn/T/RtmpSfwjqu/dummy1654283e7c97/foosen/dev/flat_full.Rmd, /private/var/folders/2b/t0kwbtmn3p7brv2mvx39c9cr0000gn/T/RtmpSfwjqu/dummy1654283e7c97/foosen/dev/0-dev_history.Rmd
-- Creating new directory: /var/folders/2b/t0kwbtmn3p7brv2mvx39c9cr0000gn/T//Rtm
-- Creating new directory: /var/folders/2b/t0kwbtmn3p7brv2mvx39c9cr0000gn/T//Rtm
-- Creating new directory: /var/folders/2b/t0kwbtmn3p7brv2mvx39c9cr0000gn/T//Rtm
-- Creating new directory: /var/folders/2b/t0kwbtmn3p7brv2mvx39c9cr0000gn/T//Rtm
-- Creating new directory: /var/folders/2b/t0kwbtmn3p7brv2mvx39c9cr0000gn/T//Rtm
-- Creating new directory: /private/var/folders/2b/t0kwbtmn3p7brv2mvx39c9cr0000g
-- Creating new directory: /private/var/folders/2b/t0kwbtmn3p7brv2mvx39c9cr0000g
-- Creating new directory: /private/var/folders/2b/t0kwbtmn3p7brv2mvx39c9cr0000g
-- Creating new directory: /private/var/folders/2b/t0kwbtmn3p7brv2mvx39c9cr0000g
-- Creating new directory: /var/folders/2b/t0kwbtmn3p7brv2mvx39c9cr0000gn/T//Rtm
-- Initializing git repository -------------------------------------------------
-- Creating new directory: /var/folders/2b/t0kwbtmn3p7brv2mvx39c9cr0000gn/T//Rtm
-- Creating new directory: /private/var/folders/2b/t0kwbtmn3p7brv2mvx39c9cr0000g
-- Initializing git repository -------------------------------------------------
-- Creating new directory: /private/var/folders/2b/t0kwbtmn3p7brv2mvx39c9cr0000g
✔ Setting active project to
"/private/var/folders/2b/t0kwbtmn3p7brv2mvx39c9cr0000gn/T/RtmpSfwjqu/deprecate165424c634aa9".
── config file for dev/flat_full.Rmd ───────────────────────────────────────────
✔ The flat file flat_full.Rmd has been deprecated.
✔ Setting active project to
"/private/var/folders/2b/t0kwbtmn3p7brv2mvx39c9cr0000gn/T/RtmpSfwjqu/all.templates.knitteaching16542510ea77".
! Title was modified to 'Title Case'.
✔ Setting active project to
"/private/var/folders/2b/t0kwbtmn3p7brv2mvx39c9cr0000gn/T/RtmpSfwjqu/drawpkg.structure1654270e36bfd".
-- No NAMESPACE file found there: /private/var/folders/2b/t0kwbtmn3p7brv2mvx39c
-- keep ------------------------------------------------------------------------
── config file for dev/flat_full.Rmd ───────────────────────────────────────────
-- Reading NAMESPACE file --------------------------------------------------------------------------
-- flat_full.Rmd -----------------------------------------------------------------------------------
-- keep --------------------------------------------------------------------------------------------
✔ Setting active project to
"/private/var/folders/2b/t0kwbtmn3p7brv2mvx39c9cr0000gn/T/RtmpSfwjqu/all.templates.knitteaching16542510ea77".
✔ Setting active project to
"/private/var/folders/2b/t0kwbtmn3p7brv2mvx39c9cr0000gn/T/RtmpSfwjqu/inflate.tests165423d944f17".
✔ Adding "MIT + file LICENSE" to 'License'.
✔ Writing 'LICENSE'.
✔ Writing 'LICENSE.md'.
✔ Adding "^LICENSE\\.md$" to '.Rbuildignore'.
── config file for dev/flat_full.Rmd ───────────────────────────────────────────
✔ Setting active project to
"/private/var/folders/2b/t0kwbtmn3p7brv2mvx39c9cr0000gn/T/RtmpSfwjqu/all.templates.knitteaching16542510ea77".
✔ Setting active project to
"/private/var/folders/2b/t0kwbtmn3p7brv2mvx39c9cr0000gn/T/RtmpSfwjqu/inflate.tests165423d944f17".
✔ Setting active project to
"/private/var/folders/2b/t0kwbtmn3p7brv2mvx39c9cr0000gn/T/RtmpSfwjqu/all.templates.knitteaching16542510ea77".
Created file .here in /private/var/folders/2b/t0kwbtmn3p7brv2mvx39c9cr0000gn/T/RtmpSfwjqu/dummypackage.special165425a4c3e64 . Please start a new R session in the new project directory.
✔ Setting active project to
"/private/var/folders/2b/t0kwbtmn3p7brv2mvx39c9cr0000gn/T/RtmpSfwjqu/dummypackage.special165425a4c3e64".
── config file for dev/flat_full.Rmd ───────────────────────────────────────────
✔ Setting active project to
"/private/var/folders/2b/t0kwbtmn3p7brv2mvx39c9cr0000gn/T/RtmpSfwjqu/all.templates.knitteaching16542510ea77".
✔ Setting active project to
"/private/var/folders/2b/t0kwbtmn3p7brv2mvx39c9cr0000gn/T/RtmpSfwjqu/inflate.tests165423d944f17".
── config file for dev/flat_full.Rmd ───────────────────────────────────────────
✔ Setting active project to
"/private/var/folders/2b/t0kwbtmn3p7brv2mvx39c9cr0000gn/T/RtmpSfwjqu/all.templates.knitteaching16542510ea77".
✔ Setting active project to
"/private/var/folders/2b/t0kwbtmn3p7brv2mvx39c9cr0000gn/T/RtmpSfwjqu/inflate.tests165423d944f17".
── config file for dev/flat_full.Rmd ───────────────────────────────────────────
✔ Setting active project to
"/private/var/folders/2b/t0kwbtmn3p7brv2mvx39c9cr0000gn/T/RtmpSfwjqu/all.templates.knitteaching16542510ea77".
✔ Setting active project to
"/private/var/folders/2b/t0kwbtmn3p7brv2mvx39c9cr0000gn/T/RtmpSfwjqu/inflate.tests165423d944f17".
-- config file for dev/flat_full.Rmd -------------------------------------------
✔ Setting active project to
"/private/var/folders/2b/t0kwbtmn3p7brv2mvx39c9cr0000gn/T/RtmpSfwjqu/all.templates.knitteaching16542510ea77".
✔ Setting active project to
"/private/var/folders/2b/t0kwbtmn3p7brv2mvx39c9cr0000gn/T/RtmpSfwjqu/inflate.tests165423d944f17".
── config file for dev/flat_full.Rmd ───────────────────────────────────────────
── config file for dev/flat_full.Rmd ───────────────────────────────────────────
✔ Setting active project to
"/private/var/folders/2b/t0kwbtmn3p7brv2mvx39c9cr0000gn/T/RtmpSfwjqu/all.templates.knitteaching16542510ea77".
✔ Setting active project to
"/private/var/folders/2b/t0kwbtmn3p7brv2mvx39c9cr0000gn/T/RtmpSfwjqu/inflate.tests165423d944f17".
-- config file for dev/flat_full.Rmd -------------------------------------------
✔ Setting active project to
"/private/var/folders/2b/t0kwbtmn3p7brv2mvx39c9cr0000gn/T/RtmpSfwjqu/all.templates.knitteaching16542510ea77".
✔ Setting active project to
"/private/var/folders/2b/t0kwbtmn3p7brv2mvx39c9cr0000gn/T/RtmpSfwjqu/inflate.tests165423d944f17".
── config file for dev/flat_full.Rmd ───────────────────────────────────────────
✔ Setting active project to
"/private/var/folders/2b/t0kwbtmn3p7brv2mvx39c9cr0000gn/T/RtmpSfwjqu/all.templates.knitteaching16542510ea77".
✔ Setting active project to
"/private/var/folders/2b/t0kwbtmn3p7brv2mvx39c9cr0000gn/T/RtmpSfwjqu/clean.vignette1654216a3e4e4".
── config file for dev/flat_full.Rmd ───────────────────────────────────────────
✔ Setting active project to
"/private/var/folders/2b/t0kwbtmn3p7brv2mvx39c9cr0000gn/T/RtmpSfwjqu/all.templates.knitteaching16542510ea77".
Created file .here in /private/var/folders/2b/t0kwbtmn3p7brv2mvx39c9cr0000gn/T/RtmpSfwjqu/descpackage165427243cfeb . Please start a new R session in the new project directory.
✔ Setting active project to
"/private/var/folders/2b/t0kwbtmn3p7brv2mvx39c9cr0000gn/T/RtmpSfwjqu/descpackage165427243cfeb".
✔ Setting active project to
"/private/var/folders/2b/t0kwbtmn3p7brv2mvx39c9cr0000gn/T/RtmpSfwjqu/all.templates.knitteaching16542510ea77".
Created file .here in /private/var/folders/2b/t0kwbtmn3p7brv2mvx39c9cr0000gn/T/RtmpSfwjqu/nordpackage1654220bb1d00 . Please start a new R session in the new project directory.
✔ Setting active project to
"/private/var/folders/2b/t0kwbtmn3p7brv2mvx39c9cr0000gn/T/RtmpSfwjqu/nordpackage1654220bb1d00".
✔ Adding "MIT + file LICENSE" to 'License'.
✔ Writing 'LICENSE'.
✔ Writing 'LICENSE.md'.
✔ Adding "^LICENSE\\.md$" to '.Rbuildignore'.
-- config file for dev/flat_full.Rmd -------------------------------------------
✔ Setting active project to
"/private/var/folders/2b/t0kwbtmn3p7brv2mvx39c9cr0000gn/T/RtmpSfwjqu/all.templates.knitteaching16542510ea77".
── Creating new directory: /var/folders/2b/t0kwbtmn3p7brv2mvx39c9cr0000gn/T//Rtm
✔ Creating
'/var/folders/2b/t0kwbtmn3p7brv2mvx39c9cr0000gn/T/RtmpSfwjqu/all.templates.inflate165423b0a6e04/full/'.
✔ Setting active project to
"/private/var/folders/2b/t0kwbtmn3p7brv2mvx39c9cr0000gn/T/RtmpSfwjqu/all.templates.inflate165423b0a6e04/full".
✔ Creating 'R/'.
✔ Writing a sentinel file '.here'.
☐ Build robust paths within your project via `here::here()`.
ℹ Learn more at <https://here.r-lib.org>.
✔ Setting active project to
"/private/var/folders/2b/t0kwbtmn3p7brv2mvx39c9cr0000gn/T/RtmpSfwjqu/all.templates.knitteaching16542510ea77".
✔ New directory created: /var/folders/2b/t0kwbtmn3p7brv2mvx39c9cr0000gn/T//RtmpSfwjqu/all.templates.inflate165423b0a6e04/full
✔ Added /private/var/folders/2b/t0kwbtmn3p7brv2mvx39c9cr0000gn/T/RtmpSfwjqu/all.templates.inflate165423b0a6e04/full/dev/flat_full.Rmd, /private/var/folders/2b/t0kwbtmn3p7brv2mvx39c9cr0000gn/T/RtmpSfwjqu/all.templates.inflate165423b0a6e04/full/dev/0-dev_history.Rmd
✔ Setting active project to
"/private/var/folders/2b/t0kwbtmn3p7brv2mvx39c9cr0000gn/T/RtmpSfwjqu/all.templates.inflate165423b0a6e04/full".
✔ Setting active project to
"/private/var/folders/2b/t0kwbtmn3p7brv2mvx39c9cr0000gn/T/RtmpSfwjqu/all.templates.knitteaching16542510ea77".
── Creating new directory: /var/folders/2b/t0kwbtmn3p7brv2mvx39c9cr0000gn/T//Rtm
✔ Creating
'/var/folders/2b/t0kwbtmn3p7brv2mvx39c9cr0000gn/T/RtmpSfwjqu/all.templates.inflate165423b0a6e04/minimal/'.
✔ Setting active project to
"/private/var/folders/2b/t0kwbtmn3p7brv2mvx39c9cr0000gn/T/RtmpSfwjqu/all.templates.inflate165423b0a6e04/minimal".
✔ Creating 'R/'.
✔ Writing a sentinel file '.here'.
☐ Build robust paths within your project via `here::here()`.
ℹ Learn more at <https://here.r-lib.org>.
✔ Setting active project to
"/private/var/folders/2b/t0kwbtmn3p7brv2mvx39c9cr0000gn/T/RtmpSfwjqu/all.templates.knitteaching16542510ea77".
✔ New directory created: /var/folders/2b/t0kwbtmn3p7brv2mvx39c9cr0000gn/T//RtmpSfwjqu/all.templates.inflate165423b0a6e04/minimal
✔ Added /private/var/folders/2b/t0kwbtmn3p7brv2mvx39c9cr0000gn/T/RtmpSfwjqu/all.templates.inflate165423b0a6e04/minimal/dev/flat_minimal_package.Rmd, /private/var/folders/2b/t0kwbtmn3p7brv2mvx39c9cr0000gn/T/RtmpSfwjqu/all.templates.inflate165423b0a6e04/minimal/dev/0-dev_history.Rmd
✔ Setting active project to
"/private/var/folders/2b/t0kwbtmn3p7brv2mvx39c9cr0000gn/T/RtmpSfwjqu/all.templates.inflate165423b0a6e04/minimal".
✔ Setting active project to
"/private/var/folders/2b/t0kwbtmn3p7brv2mvx39c9cr0000gn/T/RtmpSfwjqu/all.templates.knitteaching16542510ea77".
── Creating new directory: /var/folders/2b/t0kwbtmn3p7brv2mvx39c9cr0000gn/T//Rtm
✔ Creating
'/var/folders/2b/t0kwbtmn3p7brv2mvx39c9cr0000gn/T/RtmpSfwjqu/all.templates.inflate165423b0a6e04/teaching/'.
✔ Setting active project to
"/private/var/folders/2b/t0kwbtmn3p7brv2mvx39c9cr0000gn/T/RtmpSfwjqu/all.templates.inflate165423b0a6e04/teaching".
✔ Creating 'R/'.
✔ Writing a sentinel file '.here'.
☐ Build robust paths within your project via `here::here()`.
ℹ Learn more at <https://here.r-lib.org>.
✔ Setting active project to
"/private/var/folders/2b/t0kwbtmn3p7brv2mvx39c9cr0000gn/T/RtmpSfwjqu/all.templates.knitteaching16542510ea77".
✔ New directory created: /var/folders/2b/t0kwbtmn3p7brv2mvx39c9cr0000gn/T//RtmpSfwjqu/all.templates.inflate165423b0a6e04/teaching
✔ Added /private/var/folders/2b/t0kwbtmn3p7brv2mvx39c9cr0000gn/T/RtmpSfwjqu/all.templates.inflate165423b0a6e04/teaching/dev/flat_teaching.Rmd
✔ Setting active project to
"/private/var/folders/2b/t0kwbtmn3p7brv2mvx39c9cr0000gn/T/RtmpSfwjqu/all.templates.inflate165423b0a6e04/teaching".
✔ Setting active project to
"/private/var/folders/2b/t0kwbtmn3p7brv2mvx39c9cr0000gn/T/RtmpSfwjqu/all.templates.knitteaching16542510ea77".
✔ Setting active project to
"/private/var/folders/2b/t0kwbtmn3p7brv2mvx39c9cr0000gn/T/RtmpSfwjqu/dataset165424f5e4225".
v Adding R to 'Depends' field in DESCRIPTION.
v Creating 'data/'.
v Setting 'LazyData' to "true" in 'DESCRIPTION'.
v Saving "nyc_squirrels" to "data/nyc_squirrels.rda".
[ ] Document your data (see <https://r-pkgs.org/data.html>).
v Adding "GPL (>= 3)" to 'License'.
v Writing 'LICENSE.md'.
v Adding "^LICENSE\\.md$" to '.Rbuildignore'.
-- config file for dev/flat_full.Rmd -------------------------------------------
✔ Setting active project to
"/private/var/folders/2b/t0kwbtmn3p7brv2mvx39c9cr0000gn/T/RtmpSfwjqu/all.templates.knitteaching16542510ea77".
✔ Setting active project to
"/private/var/folders/2b/t0kwbtmn3p7brv2mvx39c9cr0000gn/T/RtmpSfwjqu/empty.chunks1654268adc5d8".
✔ Adding "GPL (>= 3)" to 'License'.
✔ Writing 'LICENSE.md'.
✔ Adding "^LICENSE\\.md$" to '.Rbuildignore'.
✔ Adding R to 'Depends' field in DESCRIPTION.
✔ Creating 'data/'.
✔ Setting 'LazyData' to "true" in 'DESCRIPTION'.
✔ Saving "cars" to "data/cars.rda".
☐ Document your data (see <https://r-pkgs.org/data.html>).
-- config file for dev/flat_full.Rmd -------------------------------------------
-- config file for dev/flat_full.Rmd -------------------------------------------
✔ Setting active project to
"/private/var/folders/2b/t0kwbtmn3p7brv2mvx39c9cr0000gn/T/RtmpSfwjqu/all.templates.knitteaching16542510ea77".
✔ Setting active project to
"/private/var/folders/2b/t0kwbtmn3p7brv2mvx39c9cr0000gn/T/RtmpSfwjqu/r6class165427cc2f62a".
✔ Adding "GPL (>= 3)" to 'License'.
✔ Writing 'LICENSE.md'.
✔ Adding "^LICENSE\\.md$" to '.Rbuildignore'.
✔ Adding R to 'Depends' field in DESCRIPTION.
✔ Creating 'data/'.
✔ Setting 'LazyData' to "true" in 'DESCRIPTION'.
✔ Saving "cars" to "data/cars.rda".
☐ Document your data (see <https://r-pkgs.org/data.html>).
-- config file for dev/flat_full.Rmd -------------------------------------------
✔ Setting active project to
"/private/var/folders/2b/t0kwbtmn3p7brv2mvx39c9cr0000gn/T/RtmpSfwjqu/all.templates.knitteaching16542510ea77".
v Setting active project to
"/private/var/folders/2b/t0kwbtmn3p7brv2mvx39c9cr0000gn/T/RtmpSfwjqu/inflate.deprecated16542597cc9bc".
v Setting active project to
"/private/var/folders/2b/t0kwbtmn3p7brv2mvx39c9cr0000gn/T/RtmpSfwjqu/all.templates.knitteaching16542510ea77".
✔ Setting active project to
"/private/var/folders/2b/t0kwbtmn3p7brv2mvx39c9cr0000gn/T/RtmpSfwjqu/inflate.no.vignette16542b47c9cf".
i Loading inflate.no.vignette16542b47c9cf
Writing 'NAMESPACE'
-- config file for dev/flat_full.Rmd -------------------------------------------
v R: R/my_median.R was added to the config file
v R: R/my_other_median.R was added to the config file
v tests: tests/testthat/test-my_median.R was added to the config file
v tests: tests/testthat/test-my_other_median.R was added to the config file
Saving attachment parameters to yaml config file
Updating inflate.no.vignette16542b47c9cf documentation
i Loading inflate.no.vignette16542b47c9cf
Writing 'NAMESPACE'
Writing 'my_median.Rd'
Writing 'my_other_median.Rd'
Writing 'sub_median.Rd'
i Loading inflate.no.vignette16542b47c9cf
[+] 2 package(s) added: stats, testthat.
! my_median.R has been overwritten
! my_other_median.R has been overwritten
! test-my_median.R has been overwritten
! test-my_other_median.R has been overwritten
-- config file for dev/flat_full.Rmd -------------------------------------------
i Some files group already existed and were modified: flat_full.Rmd
Documentation parameters were restored from attachment config file.
Updating inflate.no.vignette16542b47c9cf documentation
i Loading inflate.no.vignette16542b47c9cf
Writing 'NAMESPACE'
i Loading inflate.no.vignette16542b47c9cf
! my_median.R has been overwritten
! my_other_median.R has been overwritten
! test-my_median.R has been overwritten
! test-my_other_median.R has been overwritten
-- config file for dev/flat_full.Rmd -------------------------------------------
i Some files group already existed and were modified: flat_full.Rmd
Documentation parameters were restored from attachment config file.
Updating inflate.no.vignette16542b47c9cf documentation
i Loading inflate.no.vignette16542b47c9cf
Writing 'NAMESPACE'
i Loading inflate.no.vignette16542b47c9cf
-- config file for dev/flat_full.Rmd -------------------------------------------
✔ Setting active project to
"/private/var/folders/2b/t0kwbtmn3p7brv2mvx39c9cr0000gn/T/RtmpSfwjqu/all.templates.knitteaching16542510ea77".
✔ Setting active project to
"/private/var/folders/2b/t0kwbtmn3p7brv2mvx39c9cr0000gn/T/RtmpSfwjqu/inflate.twofuns16542a845a2d".
── config file for dev/flat_full.Rmd ───────────────────────────────────────────
✔ Setting active project to
"/private/var/folders/2b/t0kwbtmn3p7brv2mvx39c9cr0000gn/T/RtmpSfwjqu/all.templates.knitteaching16542510ea77".
✔ Setting active project to
"/private/var/folders/2b/t0kwbtmn3p7brv2mvx39c9cr0000gn/T/RtmpSfwjqu/inflate.authors1654217caa3c3".
── config file for dev/flat_full.Rmd ───────────────────────────────────────────
✔ Setting active project to
"/private/var/folders/2b/t0kwbtmn3p7brv2mvx39c9cr0000gn/T/RtmpSfwjqu/all.templates.knitteaching16542510ea77".
✔ Setting active project to
"/private/var/folders/2b/t0kwbtmn3p7brv2mvx39c9cr0000gn/T/RtmpSfwjqu/inflate.tests1654255dfdc80".
── config file for dev/flat_full.Rmd ───────────────────────────────────────────
✔ Setting active project to
"/private/var/folders/2b/t0kwbtmn3p7brv2mvx39c9cr0000gn/T/RtmpSfwjqu/all.templates.knitteaching16542510ea77".
✔ Setting active project to
"/private/var/folders/2b/t0kwbtmn3p7brv2mvx39c9cr0000gn/T/RtmpSfwjqu/inflate.tests16542122ecffd".
-- config file for dev/flat_full.Rmd -------------------------------------------
✔ Setting active project to
"/private/var/folders/2b/t0kwbtmn3p7brv2mvx39c9cr0000gn/T/RtmpSfwjqu/all.templates.knitteaching16542510ea77".
✔ Setting active project to
"/private/var/folders/2b/t0kwbtmn3p7brv2mvx39c9cr0000gn/T/RtmpSfwjqu/inflate.tests16542273ef717".
-- config file for dev/flat_full.Rmd -------------------------------------------
✔ Setting active project to
"/private/var/folders/2b/t0kwbtmn3p7brv2mvx39c9cr0000gn/T/RtmpSfwjqu/all.templates.knitteaching16542510ea77".
✔ Setting active project to
"/private/var/folders/2b/t0kwbtmn3p7brv2mvx39c9cr0000gn/T/RtmpSfwjqu/inflate.examples16542105a6490".
i Loading inflate.examples16542105a6490
Writing 'NAMESPACE'
v Adding knitr to 'Suggests' field in DESCRIPTION.
[ ] Use `requireNamespace("knitr", quietly = TRUE)` to test if knitr is
installed.
[ ] Then directly refer to functions with `knitr::fun()`.
v Adding "inst/doc" to '.gitignore'.
-- config file for dev/flat_full.Rmd -------------------------------------------
v R: R/my_median.R was added to the config file
v tests: tests/testthat/test-my_median.R was added to the config file
v tests: tests/testthat/test-the_test.R was added to the config file
v vignettes: vignettes/get-started.Rmd was added to the config file
Saving attachment parameters to yaml config file
Updating inflate.examples16542105a6490 documentation
i Loading inflate.examples16542105a6490
Writing 'NAMESPACE'
Writing 'my_median.Rd'
i Loading inflate.examples16542105a6490
[+] 3 package(s) added: stats, rmarkdown, testthat.
✔ Setting active project to
"/private/var/folders/2b/t0kwbtmn3p7brv2mvx39c9cr0000gn/T/RtmpSfwjqu/all.templates.knitteaching16542510ea77".
✔ Setting active project to
"/private/var/folders/2b/t0kwbtmn3p7brv2mvx39c9cr0000gn/T/RtmpSfwjqu/vignette.name16542147e1912".
── config file for dev/flat_full.Rmd ───────────────────────────────────────────
✔ Setting active project to
"/private/var/folders/2b/t0kwbtmn3p7brv2mvx39c9cr0000gn/T/RtmpSfwjqu/all.templates.knitteaching16542510ea77".
✔ Setting active project to
"/private/var/folders/2b/t0kwbtmn3p7brv2mvx39c9cr0000gn/T/RtmpSfwjqu/inflate.fun.in.roxygen165422afa2cf5".
── config file for dev/flat_full.Rmd ───────────────────────────────────────────
✔ Setting active project to
"/private/var/folders/2b/t0kwbtmn3p7brv2mvx39c9cr0000gn/T/RtmpSfwjqu/all.templates.knitteaching16542510ea77".
Created file .here in /private/var/folders/2b/t0kwbtmn3p7brv2mvx39c9cr0000gn/T/RtmpSfwjqu/twoexamples165426e990f24 . Please start a new R session in the new project directory.
✔ Setting active project to
"/private/var/folders/2b/t0kwbtmn3p7brv2mvx39c9cr0000gn/T/RtmpSfwjqu/twoexamples165426e990f24".
✔ Adding "MIT + file LICENSE" to 'License'.
✔ Writing 'LICENSE'.
✔ Writing 'LICENSE.md'.
✔ Adding "^LICENSE\\.md$" to '.Rbuildignore'.
-- config file for dev/flat_full.Rmd -------------------------------------------
✔ Setting active project to
"/private/var/folders/2b/t0kwbtmn3p7brv2mvx39c9cr0000gn/T/RtmpSfwjqu/all.templates.knitteaching16542510ea77".
✔ Setting active project to
"/private/var/folders/2b/t0kwbtmn3p7brv2mvx39c9cr0000gn/T/RtmpSfwjqu/inflate.fun.in.roxygen16542a160163".
── config file for dev/flat_full.Rmd ───────────────────────────────────────────
✔ Setting active project to
"/private/var/folders/2b/t0kwbtmn3p7brv2mvx39c9cr0000gn/T/RtmpSfwjqu/all.templates.knitteaching16542510ea77".
✔ Setting active project to
"/private/var/folders/2b/t0kwbtmn3p7brv2mvx39c9cr0000gn/T/RtmpSfwjqu/dummypackage_@
(special)1654254d92c4d".
── config file for dev/flat_full.Rmd ───────────────────────────────────────────
✔ Setting active project to
"/private/var/folders/2b/t0kwbtmn3p7brv2mvx39c9cr0000gn/T/RtmpSfwjqu/all.templates.knitteaching16542510ea77".
✔ Setting active project to
"/private/var/folders/2b/t0kwbtmn3p7brv2mvx39c9cr0000gn/T/RtmpSfwjqu/roajdmitvh165424dd0142".
✔ Adding "MIT + file LICENSE" to 'License'.
✔ Writing 'LICENSE'.
✔ Writing 'LICENSE.md'.
✔ Adding "^LICENSE\\.md$" to '.Rbuildignore'.
Created file .here in /private/var/folders/2b/t0kwbtmn3p7brv2mvx39c9cr0000gn/T/RtmpSfwjqu/roajdmitvh165424dd0142 . Please start a new R session in the new project directory.
── config file for dev/flat_flat1.Rmd ──────────────────────────────────────────
── config file for dev/flat_flat1.Rmd ──────────────────────────────────────────
── config file for dev/flat_flat1.Rmd ──────────────────────────────────────────
✔ Setting active project to
"/private/var/folders/2b/t0kwbtmn3p7brv2mvx39c9cr0000gn/T/RtmpSfwjqu/all.templates.knitteaching16542510ea77".
✔ Setting active project to
"/private/var/folders/2b/t0kwbtmn3p7brv2mvx39c9cr0000gn/T/RtmpSfwjqu/inflateall.first1654258111afa".
✔ Adding "MIT + file LICENSE" to 'License'.
✔ Writing 'LICENSE'.
✔ Writing 'LICENSE.md'.
✔ Adding "^LICENSE\\.md$" to '.Rbuildignore'.
x The flat file flat_minimal.Rmd is not going to be inflated. It was detected in your flats directory but it is absent from the config file.
Please inflate() it manually when you are ready, so that it is accounted the next time. Then you will be able to fully use `inflate_all*()`.
── config file for dev/flat_minimal.Rmd ────────────────────────────────────────
-- config file for dev/flat_minimal.Rmd ----------------------------------------
-- check not registered files --------------------------------------------------
v There are no unregistered files.
Documentation parameters were restored from attachment config file.
Updating inflateall.first1654258111afa documentation
i Loading inflateall.first1654258111afa
Writing 'NAMESPACE'
i Loading inflateall.first1654258111afa
No flat files were inflated
-- check not registered files --------------------------------------------------
v There are no unregistered files.
Documentation parameters were restored from attachment config file.
Updating inflateall.first1654258111afa documentation
i Loading inflateall.first1654258111afa
Deleting 'my_fun.Rd'
i Loading inflateall.first1654258111afa
! The flat file flat_minimal.Rmd is not going to be inflated because it is in state 'inactive or deprecated'
No flat files were inflated
-- check not registered files --------------------------------------------------
v There are no unregistered files.
Documentation parameters were restored from attachment config file.
Updating inflateall.first1654258111afa documentation
i Loading inflateall.first1654258111afa
i Loading inflateall.first1654258111afa
-- config file for dev/flat_minimal.Rmd ----------------------------------------
v The flat file flat_minimal.Rmd is going to be inflated
-- config file for dev/flat_minimal.Rmd ----------------------------------------
-- check not registered files --------------------------------------------------
v There are no unregistered files.
Documentation parameters were restored from attachment config file.
Updating inflateall.first1654258111afa documentation
i Loading inflateall.first1654258111afa
Writing 'NAMESPACE'
Writing 'my_fun.Rd'
i Loading inflateall.first1654258111afa
v The flat file flat_minimal.Rmd is going to be inflated
-- config file for dev/flat_minimal.Rmd ----------------------------------------
-- check not registered files --------------------------------------------------
v There are no unregistered files.
Documentation parameters were restored from attachment config file.
Updating inflateall.first1654258111afa documentation
i Loading inflateall.first1654258111afa
Writing 'NAMESPACE'
Writing 'new_fun2.Rd'
i Loading inflateall.first1654258111afa
-- config file for dev/flat_minimal_2.Rmd --------------------------------------
v The flat file flat_minimal.Rmd is going to be inflated
v The flat file flat_minimal_2.Rmd is going to be inflated
-- config file for dev/flat_minimal.Rmd ----------------------------------------
-- config file for dev/flat_minimal_2.Rmd --------------------------------------
-- check not registered files --------------------------------------------------
v There are no unregistered files.
Documentation parameters were restored from attachment config file.
Updating inflateall.first1654258111afa documentation
i Loading inflateall.first1654258111afa
Writing 'NAMESPACE'
Writing 'my_fun.Rd'
Writing 'my_fun_from_flat_file2.Rd'
Writing 'new_fun2.Rd'
i Loading inflateall.first1654258111afa
-- config file for dev/flat_minimal_2.Rmd --------------------------------------
v The flat file flat_minimal.Rmd is going to be inflated
v The flat file flat_minimal_2.Rmd is going to be inflated
-- config file for dev/flat_minimal.Rmd ----------------------------------------
-- config file for dev/flat_minimal_2.Rmd --------------------------------------
-- check not registered files --------------------------------------------------
v There are no unregistered files.
Documentation parameters were restored from attachment config file.
Updating inflateall.first1654258111afa documentation
i Loading inflateall.first1654258111afa
Writing 'NAMESPACE'
Writing 'my_fun.Rd'
i Loading inflateall.first1654258111afa
✔ Setting active project to
"/private/var/folders/2b/t0kwbtmn3p7brv2mvx39c9cr0000gn/T/RtmpSfwjqu/all.templates.knitteaching16542510ea77".
Created file .here in /private/var/folders/2b/t0kwbtmn3p7brv2mvx39c9cr0000gn/T/RtmpSfwjqu/inflateall.other.pkg165424b701de4 . Please start a new R session in the new project directory.
✔ Setting active project to
"/private/var/folders/2b/t0kwbtmn3p7brv2mvx39c9cr0000gn/T/RtmpSfwjqu/inflateall.other.pkg165424b701de4".
── config file for dev/test_minimal.Rmd ────────────────────────────────────────
-- config file for dev/test_minimal.Rmd ----------------------------------------
-- check not registered files --------------------------------------------------
v There are no unregistered files.
Documentation parameters were restored from attachment config file.
Updating inflateall.other.pkg165424b701de4 documentation
i Loading inflateall.other.pkg165424b701de4
Writing 'NAMESPACE'
i Loading inflateall.other.pkg165424b701de4
v The flat file test_minimal.Rmd is going to be inflated
-- config file for dev/test_minimal.Rmd ----------------------------------------
-- check not registered files --------------------------------------------------
v There are no unregistered files.
Documentation parameters were restored from attachment config file.
Updating inflateall.other.pkg165424b701de4 documentation
i Loading inflateall.other.pkg165424b701de4
Writing 'NAMESPACE'
i Loading inflateall.other.pkg165424b701de4
✔ Setting active project to
"/private/var/folders/2b/t0kwbtmn3p7brv2mvx39c9cr0000gn/T/RtmpSfwjqu/all.templates.knitteaching16542510ea77".
✔ Setting active project to
"/private/var/folders/2b/t0kwbtmn3p7brv2mvx39c9cr0000gn/T/RtmpSfwjqu/inflateall.nocheck1654268fc1432".
── config file for dev/flat_minimal.Rmd ────────────────────────────────────────
v The flat file flat_minimal.Rmd is going to be inflated
v There are no unregistered files.
Documentation parameters were restored from attachment config file.
Updating inflateall.nocheck1654268fc1432 documentation
i Loading inflateall.nocheck1654268fc1432
Writing 'NAMESPACE'
i Loading inflateall.nocheck1654268fc1432
✔ Setting active project to
"/private/var/folders/2b/t0kwbtmn3p7brv2mvx39c9cr0000gn/T/RtmpSfwjqu/all.templates.knitteaching16542510ea77".
✔ Setting active project to
"/private/var/folders/2b/t0kwbtmn3p7brv2mvx39c9cr0000gn/T/RtmpSfwjqu/inflateall.unregistered16542661f270".
── config file for dev/flat_minimal.Rmd ────────────────────────────────────────
v The flat file flat_minimal.Rmd is going to be inflated
-- config file for dev/flat_minimal.Rmd ----------------------------------------
-- check not registered files --------------------------------------------------
cli-98058-4113
Documentation parameters were restored from attachment config file.
Updating inflateall.unregistered16542661f270 documentation
i Loading inflateall.unregistered16542661f270
Writing 'NAMESPACE'
i Loading inflateall.unregistered16542661f270
v R: R/unregistered_r.R was added to the config file
v tests: tests/testthat/test-unregistered_r.R was added to the config file
-- Delete dev/config_not_registered.csv ----------------------------------------
v The flat file flat_minimal.Rmd is going to be inflated
-- config file for dev/flat_minimal.Rmd ----------------------------------------
-- check not registered files --------------------------------------------------
Documentation parameters were restored from attachment config file.
Updating inflateall.unregistered16542661f270 documentation
i Loading inflateall.unregistered16542661f270
Writing 'NAMESPACE'
i Loading inflateall.unregistered16542661f270
v The flat file flat_minimal.Rmd is going to be inflated
Documentation parameters were restored from attachment config file.
Updating inflateall.unregistered16542661f270 documentation
i Loading inflateall.unregistered16542661f270
Writing 'NAMESPACE'
i Loading inflateall.unregistered16542661f270
v The flat file flat_minimal.Rmd is going to be inflated
-- config file for dev/flat_minimal.Rmd ----------------------------------------
-- check not registered files --------------------------------------------------
cli-98058-4203
Documentation parameters were restored from attachment config file.
Updating inflateall.unregistered16542661f270 documentation
i Loading inflateall.unregistered16542661f270
Writing 'NAMESPACE'
Writing 'my_fun.Rd'
i Loading inflateall.unregistered16542661f270
-- Delete dev/config_not_registered.csv ----------------------------------------
v The flat file flat_minimal.Rmd is going to be inflated
-- config file for dev/flat_minimal.Rmd ----------------------------------------
-- check not registered files --------------------------------------------------
Documentation parameters were restored from attachment config file.
Updating inflateall.unregistered16542661f270 documentation
i Loading inflateall.unregistered16542661f270
Writing 'NAMESPACE'
i Loading inflateall.unregistered16542661f270
✔ Setting active project to
"/private/var/folders/2b/t0kwbtmn3p7brv2mvx39c9cr0000gn/T/RtmpSfwjqu/all.templates.knitteaching16542510ea77".
✔ Setting active project to
"/private/var/folders/2b/t0kwbtmn3p7brv2mvx39c9cr0000gn/T/RtmpSfwjqu/inflate.empties1654239d1cfca".
── config file for dev/flat_full.Rmd ───────────────────────────────────────────
-- config file for dev/flat_full.Rmd -------------------------------------------
-- check not registered files --------------------------------------------------
v There are no unregistered files.
Documentation parameters were restored from attachment config file.
Updating inflate.empties1654239d1cfca documentation
i Loading inflate.empties1654239d1cfca
i Loading inflate.empties1654239d1cfca
── config file for dev/flat_full.Rmd ───────────────────────────────────────────
-- config file for dev/flat_full.Rmd -------------------------------------------
-- check not registered files --------------------------------------------------
There are no files in the package. Did you inflate it once?
Documentation parameters were restored from attachment config file.
Updating inflate.empties1654239d1cfca documentation
i Loading inflate.empties1654239d1cfca
i Loading inflate.empties1654239d1cfca
✔ Setting active project to
"/private/var/folders/2b/t0kwbtmn3p7brv2mvx39c9cr0000gn/T/RtmpSfwjqu/all.templates.knitteaching16542510ea77".
✔ Setting active project to
"/private/var/folders/2b/t0kwbtmn3p7brv2mvx39c9cr0000gn/T/RtmpSfwjqu/inflateall.stylers1654220ff11f0".
── config file for dev/flat_minimal.Rmd ────────────────────────────────────────
v The flat file flat_minimal.Rmd is going to be inflated
-- config file for dev/flat_minimal.Rmd ----------------------------------------
-- check not registered files --------------------------------------------------
v There are no unregistered files.
-- Let's apply stylers to the package ------------------------------------------
Documentation parameters were restored from attachment config file.
Updating inflateall.stylers1654220ff11f0 documentation
i Loading inflateall.stylers1654220ff11f0
Writing 'NAMESPACE'
i Loading inflateall.stylers1654220ff11f0
v The flat file flat_minimal.Rmd is going to be inflated
-- config file for dev/flat_minimal.Rmd ----------------------------------------
-- check not registered files --------------------------------------------------
v There are no unregistered files.
-- Let's apply stylers to the package ------------------------------------------
Documentation parameters were restored from attachment config file.
Updating inflateall.stylers1654220ff11f0 documentation
i Loading inflateall.stylers1654220ff11f0
Writing 'NAMESPACE'
i Loading inflateall.stylers1654220ff11f0
v The flat file flat_minimal.Rmd is going to be inflated
-- config file for dev/flat_minimal.Rmd ----------------------------------------
-- check not registered files --------------------------------------------------
v There are no unregistered files.
-- Let's apply stylers to the package ------------------------------------------
Documentation parameters were restored from attachment config file.
Updating inflateall.stylers1654220ff11f0 documentation
i Loading inflateall.stylers1654220ff11f0
Writing 'NAMESPACE'
i Loading inflateall.stylers1654220ff11f0
✔ Setting active project to
"/private/var/folders/2b/t0kwbtmn3p7brv2mvx39c9cr0000gn/T/RtmpSfwjqu/all.templates.knitteaching16542510ea77".
✔ Setting active project to
"/private/var/folders/2b/t0kwbtmn3p7brv2mvx39c9cr0000gn/T/RtmpSfwjqu/pfnwotkyge16542ec2007".
✔ Adding "MIT + file LICENSE" to 'License'.
✔ Writing 'LICENSE'.
✔ Writing 'LICENSE.md'.
✔ Adding "^LICENSE\\.md$" to '.Rbuildignore'.
Created file .here in /private/var/folders/2b/t0kwbtmn3p7brv2mvx39c9cr0000gn/T/RtmpSfwjqu/pfnwotkyge16542ec2007 . Please start a new R session in the new project directory.
ℹ Loading pfnwotkyge16542ec2007
Writing 'NAMESPACE'
✔ Adding knitr to 'Suggests' field in DESCRIPTION.
☐ Use `requireNamespace("knitr", quietly = TRUE)` to test if knitr is
installed.
☐ Then directly refer to functions with `knitr::fun()`.
✔ Adding "inst/doc" to '.gitignore'.
── config file for dev/flat_flat1.Rmd ──────────────────────────────────────────
✔ R: R/flat1_rmd.R was added to the config file
✔ tests: tests/testthat/test-flat1_rmd.R was added to the config file
✔ vignettes: vignettes/get-started.Rmd was added to the config file
Saving attachment parameters to yaml config file
Updating pfnwotkyge16542ec2007 documentation
ℹ Loading pfnwotkyge16542ec2007
Writing 'NAMESPACE'
Writing 'flat1_rmd.Rd'
ℹ Loading pfnwotkyge16542ec2007
[+] 2 package(s) added: rmarkdown, testthat.
ℹ Computing code coverage - it might take some time
pfnwotkyge16542ec2007 Coverage: 0.00%
R/flat1_rmd.R: 0.00%
── config file for dev/flat_flat1.Rmd ──────────────────────────────────────────
── check not registered files ──────────────────────────────────────────────────
── config file for dev/flat_flat1.Rmd ──────────────────────────────────────────
── check not registered files ──────────────────────────────────────────────────
── config file for dev/flat_flat1.Rmd ──────────────────────────────────────────
── check not registered files ──────────────────────────────────────────────────
✔ Setting active project to
"/private/var/folders/2b/t0kwbtmn3p7brv2mvx39c9cr0000gn/T/RtmpSfwjqu/all.templates.knitteaching16542510ea77".
✔ Setting active project to
"/private/var/folders/2b/t0kwbtmn3p7brv2mvx39c9cr0000gn/T/RtmpSfwjqu/diag165427d4e1867".
── config file for dev/flat_minimal.Rmd ────────────────────────────────────────
── config file for dev/flat_minimal_2.Rmd ──────────────────────────────────────
v The flat file flat_minimal_2.Rmd is going to be inflated
v R: R/zaza.R was added to the config file
-- config file for dev/test_minimal.Rmd ----------------------------------------
✔ Setting active project to
"/private/var/folders/2b/t0kwbtmn3p7brv2mvx39c9cr0000gn/T/RtmpSfwjqu/all.templates.knitteaching16542510ea77".
✔ Setting active project to
"/private/var/folders/2b/t0kwbtmn3p7brv2mvx39c9cr0000gn/T/RtmpSfwjqu/readinflateparams1654236fe0c8c".
── config file for dev/flat_minimal.Rmd ────────────────────────────────────────
── config file for dev/flat_minimal_2.Rmd ──────────────────────────────────────
v R: R/zaza.R was added to the config file
! Some paths appear multiple times in the config file. The yaml was forced with `force = TRUE`. Please verify the source of these scripts in the existing yaml file or in the df_files provided:
✔ Setting active project to
"/private/var/folders/2b/t0kwbtmn3p7brv2mvx39c9cr0000gn/T/RtmpSfwjqu/all.templates.knitteaching16542510ea77".
✔ Setting active project to
"/private/var/folders/2b/t0kwbtmn3p7brv2mvx39c9cr0000gn/T/RtmpSfwjqu/inflate.qmd1654233065b33".
── config file for dev/dev-template-tests.qmd ──────────────────────────────────
✔ Setting active project to
"/private/var/folders/2b/t0kwbtmn3p7brv2mvx39c9cr0000gn/T/RtmpSfwjqu/all.templates.knitteaching16542510ea77".
[1] "==== inflate_utils ===="
✔ Setting active project to
"/private/var/folders/2b/t0kwbtmn3p7brv2mvx39c9cr0000gn/T/RtmpSfwjqu/isrproj.pkg1654264ca1d7d".
✔ Setting active project to
"/private/var/folders/2b/t0kwbtmn3p7brv2mvx39c9cr0000gn/T/RtmpSfwjqu/isrproj.pkg1654264ca1d7d".
✔ Adding "^isrproj\\.pkg1654264ca1d7d\\.Rproj$" to '.Rbuildignore'.
✔ Adding "^\\.Rproj\\.user$" to '.Rbuildignore'.
ℹ Loading isrproj.pkg1654264ca1d7d
Writing 'NAMESPACE'
✔ Adding knitr to 'Suggests' field in DESCRIPTION.
☐ Use `requireNamespace("knitr", quietly = TRUE)` to test if knitr is
installed.
☐ Then directly refer to functions with `knitr::fun()`.
✔ Adding "inst/doc" to '.gitignore'.
── config file for dev/flat_full.Rmd ───────────────────────────────────────────
✔ R: R/my_median.R was added to the config file
✔ R: R/my_other_median.R was added to the config file
✔ tests: tests/testthat/test-my_median.R was added to the config file
✔ tests: tests/testthat/test-my_other_median.R was added to the config file
✔ vignettes: vignettes/get-started.Rmd was added to the config file
Saving attachment parameters to yaml config file
Updating isrproj.pkg1654264ca1d7d documentation
ℹ Loading isrproj.pkg1654264ca1d7d
Writing 'NAMESPACE'
Writing 'my_median.Rd'
Writing 'my_other_median.Rd'
Writing 'sub_median.Rd'
ℹ Loading isrproj.pkg1654264ca1d7d
[+] 3 package(s) added: stats, rmarkdown, testthat.
✔ Setting active project to
"/private/var/folders/2b/t0kwbtmn3p7brv2mvx39c9cr0000gn/T/RtmpSfwjqu/isrproj.pkg1654264ca1d7d".
✔ Setting active project to
"/private/var/folders/2b/t0kwbtmn3p7brv2mvx39c9cr0000gn/T/RtmpSfwjqu/all.templates.knitteaching16542510ea77".
v Setting active project to
"/private/var/folders/2b/t0kwbtmn3p7brv2mvx39c9cr0000gn/T/RtmpSfwjqu/vignette.head165421e9de898".
v Setting active project to
"/private/var/folders/2b/t0kwbtmn3p7brv2mvx39c9cr0000gn/T/RtmpSfwjqu/all.templates.knitteaching16542510ea77".
v Setting active project to
"/private/var/folders/2b/t0kwbtmn3p7brv2mvx39c9cr0000gn/T/RtmpSfwjqu/checkpk.gname165421554d6b2".
i Loading COUCOU
Writing 'NAMESPACE'
v Adding knitr to 'Suggests' field in DESCRIPTION.
[ ] Use `requireNamespace("knitr", quietly = TRUE)` to test if knitr is
installed.
[ ] Then directly refer to functions with `knitr::fun()`.
v Adding "inst/doc" to '.gitignore'.
-- config file for dev/flat_full.Rmd -------------------------------------------
v R: R/my_median.R was added to the config file
v R: R/my_other_median.R was added to the config file
v tests: tests/testthat/test-my_median.R was added to the config file
v tests: tests/testthat/test-my_other_median.R was added to the config file
v vignettes: vignettes/get-started.Rmd was added to the config file
Saving attachment parameters to yaml config file
Updating checkpk.gname165421554d6b2 documentation
i Loading COUCOU
Writing 'NAMESPACE'
Writing 'my_median.Rd'
Writing 'my_other_median.Rd'
Writing 'sub_median.Rd'
i Loading COUCOU
[+] 3 package(s) added: stats, rmarkdown, testthat.
v Setting active project to
"/private/var/folders/2b/t0kwbtmn3p7brv2mvx39c9cr0000gn/T/RtmpSfwjqu/all.templates.knitteaching16542510ea77".
✔ Setting active project to
"/private/var/folders/2b/t0kwbtmn3p7brv2mvx39c9cr0000gn/T/RtmpSfwjqu/clean1654228bf7879".
✔ Setting active project to
"/private/var/folders/2b/t0kwbtmn3p7brv2mvx39c9cr0000gn/T/RtmpSfwjqu/all.templates.knitteaching16542510ea77".
! The flat file flat_minimal2.Rmd is not going to be inflated because it is 'inactive or deprecated'
v The flat file flat_minimal.Rmd is going to be inflated
✔ Setting active project to
"/private/var/folders/2b/t0kwbtmn3p7brv2mvx39c9cr0000gn/T/RtmpSfwjqu/registered1654216054bfd".
── config file for dev/flat_full.Rmd ───────────────────────────────────────────
cli-98058-5377
v R: R/my_median.R was added to the config file
v R: R/my_other_median.R was added to the config file
v tests: tests/testthat/test-my_median.R was added to the config file
v tests: tests/testthat/test-my_other_median.R was added to the config file
v vignettes: vignettes/get-started.Rmd was added to the config file
cli-98058-5403
v R: R/to_keep.R was added to the config file
i Some files group already existed and were modified: keep
v R: R/to_keep.R was added to the config file
i Some files group already existed and were modified: keep
✔ Setting active project to
"/private/var/folders/2b/t0kwbtmn3p7brv2mvx39c9cr0000gn/T/RtmpSfwjqu/all.templates.knitteaching16542510ea77".
✔ Setting active project to
"/private/var/folders/2b/t0kwbtmn3p7brv2mvx39c9cr0000gn/T/RtmpSfwjqu/register16542616766c9/fusentest".
── config file for dev/flat_full.Rmd ───────────────────────────────────────────
✔ Setting active project to
"/private/var/folders/2b/t0kwbtmn3p7brv2mvx39c9cr0000gn/T/RtmpSfwjqu/all.templates.knitteaching16542510ea77".
v Setting active project to
"/private/var/folders/2b/t0kwbtmn3p7brv2mvx39c9cr0000gn/T/RtmpSfwjqu/register16542616766c9/fusentest".
v R: R/to_keep.R was added to the config file
v There are no unregistered files.
-- config file for dev/flat_new_one.Rmd ----------------------------------------
v There are no unregistered files.
There is no file to register or everything was already registered
-- config file for dev/flat_new_one.Rmd ----------------------------------------
v There are no unregistered files.
There is no file to register or everything was already registered
v Setting active project to
"/private/var/folders/2b/t0kwbtmn3p7brv2mvx39c9cr0000gn/T/RtmpSfwjqu/all.templates.knitteaching16542510ea77".
✔ Setting active project to
"/private/var/folders/2b/t0kwbtmn3p7brv2mvx39c9cr0000gn/T/RtmpSfwjqu/register165426e0b2945".
── config file for dev/flat_full.Rmd ───────────────────────────────────────────
-- Delete dev/config_not_registered.csv ----------------------------------------
cli-98058-5685
-- Delete dev/config_not_registered.csv ----------------------------------------
i Some files group already existed and were modified: keep
i Some files group already existed and were modified: keep
✔ Setting active project to
"/private/var/folders/2b/t0kwbtmn3p7brv2mvx39c9cr0000gn/T/RtmpSfwjqu/all.templates.knitteaching16542510ea77".
✔ Setting active project to
"/private/var/folders/2b/t0kwbtmn3p7brv2mvx39c9cr0000gn/T/RtmpSfwjqu/rename1654227a02f25".
i The flat file /private/var/folders/2b/t0kwbtmn3p7brv2mvx39c9cr0000gn/T/RtmpSfwjqu/rename1654227a02f25/dev/flat_full.Rmd has been renamed to /private/var/folders/2b/t0kwbtmn3p7brv2mvx39c9cr0000gn/T/RtmpSfwjqu/rename1654227a02f25/dev/flat_new.Rmd
i The flat file dev/flat_new.Rmd has been renamed to dev/flat_other_new.Rmd
i The flat file flat_new.Rmd has been updated in the config file.
-- config file for dev/flat_other_new.Rmd --------------------------------------
i The flat file dev/flat_other_new.Rmd has been renamed to dev/flat_new2.Rmd
i The flat file flat_other_new.Rmd has been updated in the config file.
i The flat file flat_new2.Rmd has been updated in the inflated files.
i The flat file dev/flat_new2.Rmd has been renamed to otherdev/flat_new_with_path.Rmd
i The flat file flat_new2.Rmd has been updated in the config file.
i The flat file flat_new_with_path.Rmd has been updated in the inflated files.
✔ Setting active project to
"/private/var/folders/2b/t0kwbtmn3p7brv2mvx39c9cr0000gn/T/RtmpSfwjqu/all.templates.knitteaching16542510ea77".
✔ Setting active project to
"/private/var/folders/2b/t0kwbtmn3p7brv2mvx39c9cr0000gn/T/RtmpSfwjqu/hroswgtkal165425425028d".
✔ Adding "MIT + file LICENSE" to 'License'.
✔ Writing 'LICENSE'.
✔ Writing 'LICENSE.md'.
✔ Adding "^LICENSE\\.md$" to '.Rbuildignore'.
i No flat files were detected.
i No fusen-related tags have been found in any files located in R/, tests/ and vignettes/ folders.
Created file .here in /private/var/folders/2b/t0kwbtmn3p7brv2mvx39c9cr0000gn/T/RtmpSfwjqu/hroswgtkal165425425028d . Please start a new R session in the new project directory.
── config file for dev/flat_flat1.Rmd ──────────────────────────────────────────
✔ Cleaning is done !
✔ Setting active project to
"/private/var/folders/2b/t0kwbtmn3p7brv2mvx39c9cr0000gn/T/RtmpSfwjqu/all.templates.knitteaching16542510ea77".
✔ Setting active project to
"/private/var/folders/2b/t0kwbtmn3p7brv2mvx39c9cr0000gn/T/RtmpSfwjqu/wdrgypaxul165424274a17d".
✔ Adding "MIT + file LICENSE" to 'License'.
✔ Writing 'LICENSE'.
✔ Writing 'LICENSE.md'.
✔ Adding "^LICENSE\\.md$" to '.Rbuildignore'.
i No fusen configuration file found. The flat files to be deleted will be identified as Rmd or qmd files starting with 'flat' in the dev/ and dev/flat_history folders.
i No fusen-related tags have been found in any files located in R/, tests/ and vignettes/ folders.
Created file .here in /private/var/folders/2b/t0kwbtmn3p7brv2mvx39c9cr0000gn/T/RtmpSfwjqu/wdrgypaxul165424274a17d . Please start a new R session in the new project directory.
i Loading wdrgypaxul165424274a17d
Writing 'NAMESPACE'
v Adding knitr to 'Suggests' field in DESCRIPTION.
[ ] Use `requireNamespace("knitr", quietly = TRUE)` to test if knitr is
installed.
[ ] Then directly refer to functions with `knitr::fun()`.
v Adding "inst/doc" to '.gitignore'.
-- config file for dev/flat_flat1.Rmd ------------------------------------------
v R: R/flat1_rmd.R was added to the config file
v tests: tests/testthat/test-flat1_rmd.R was added to the config file
v vignettes: vignettes/get-started.Rmd was added to the config file
Saving attachment parameters to yaml config file
Updating wdrgypaxul165424274a17d documentation
i Loading wdrgypaxul165424274a17d
Writing 'NAMESPACE'
Writing 'flat1_rmd.Rd'
i Loading wdrgypaxul165424274a17d
[+] 2 package(s) added: rmarkdown, testthat.
i A fusen configuration file was found. The flat files to be deleted will be identified as files listed in this configuration file as well as Rmd or qmd files starting with 'flat' in the dev/ and dev/flat_history folders. The configuration file will also be deleted.
i The following files have been identified as containing fusen-related tags and will therefore be modified:
R/flat1_rmd.R
tests/testthat/test-flat1_rmd.R
vignettes/get-started.Rmd
v Cleaning is done !
✔ Setting active project to
"/private/var/folders/2b/t0kwbtmn3p7brv2mvx39c9cr0000gn/T/RtmpSfwjqu/all.templates.knitteaching16542510ea77".
✔ Setting active project to
"/private/var/folders/2b/t0kwbtmn3p7brv2mvx39c9cr0000gn/T/RtmpSfwjqu/qaiuyrpmfj1654228573cb0".
✔ Adding "MIT + file LICENSE" to 'License'.
✔ Writing 'LICENSE'.
✔ Writing 'LICENSE.md'.
✔ Adding "^LICENSE\\.md$" to '.Rbuildignore'.
✔ Creating 'R/'.
☐ Edit 'R/some_R_file.R'.
✔ Adding testthat to 'Suggests' field in DESCRIPTION.
✔ Adding "3" to 'Config/testthat/edition'.
✔ Creating 'tests/testthat/'.
✔ Writing 'tests/testthat.R'.
✔ Writing 'tests/testthat/test-some_test.R'.
☐ Edit 'tests/testthat/test-some_test.R'.
i No fusen configuration file found. The flat files to be deleted will be identified as Rmd or qmd files starting with 'flat' in the dev/ and dev/flat_history folders.
i No flat files were detected.
Created file .here in /private/var/folders/2b/t0kwbtmn3p7brv2mvx39c9cr0000gn/T/RtmpSfwjqu/qaiuyrpmfj1654228573cb0 . Please start a new R session in the new project directory.
i Loading qaiuyrpmfj1654228573cb0
Writing 'NAMESPACE'
v Adding knitr to 'Suggests' field in DESCRIPTION.
[ ] Use `requireNamespace("knitr", quietly = TRUE)` to test if knitr is
installed.
[ ] Then directly refer to functions with `knitr::fun()`.
v Adding "inst/doc" to '.gitignore'.
-- config file for dev/flat_flat1.Rmd ------------------------------------------
v R: R/flat1_rmd.R was added to the config file
v tests: tests/testthat/test-flat1_rmd.R was added to the config file
v vignettes: vignettes/get-started.Rmd was added to the config file
Saving attachment parameters to yaml config file
Updating qaiuyrpmfj1654228573cb0 documentation
i Loading qaiuyrpmfj1654228573cb0
Writing 'NAMESPACE'
Writing 'flat1_rmd.Rd'
i Loading qaiuyrpmfj1654228573cb0
[+] 1 package(s) added: rmarkdown.
-- config file for dev/flat_flat2.Rmd ------------------------------------------
v R: R/flat2_rmd.R was added to the config file
v tests: tests/testthat/test-flat2_rmd.R was added to the config file
v vignettes: vignettes/get-started-2.Rmd was added to the config file
Documentation parameters were restored from attachment config file.
Updating qaiuyrpmfj1654228573cb0 documentation
i Loading qaiuyrpmfj1654228573cb0
Writing 'NAMESPACE'
Writing 'flat2_rmd.Rd'
i Loading qaiuyrpmfj1654228573cb0
i A fusen configuration file was found. The flat files to be deleted will be identified as files listed in this configuration file as well as Rmd or qmd files starting with 'flat' in the dev/ and dev/flat_history folders. The configuration file will also be deleted.
i The following flat files were detected and will therefore be deleted from your package:
dev/flat_flat1.Rmd
dev/flat_flat2.Rmd
v Cleaning is done !
✔ Setting active project to
"/private/var/folders/2b/t0kwbtmn3p7brv2mvx39c9cr0000gn/T/RtmpSfwjqu/all.templates.knitteaching16542510ea77".
✔ Setting active project to
"/private/var/folders/2b/t0kwbtmn3p7brv2mvx39c9cr0000gn/T/RtmpSfwjqu/masuvtrkzj16542449cd6a".
✔ Adding "MIT + file LICENSE" to 'License'.
✔ Writing 'LICENSE'.
✔ Writing 'LICENSE.md'.
✔ Adding "^LICENSE\\.md$" to '.Rbuildignore'.
Created file .here in /private/var/folders/2b/t0kwbtmn3p7brv2mvx39c9cr0000gn/T/RtmpSfwjqu/masuvtrkzj16542449cd6a . Please start a new R session in the new project directory.
ℹ Loading masuvtrkzj16542449cd6a
Writing 'NAMESPACE'
✔ Adding knitr to 'Suggests' field in DESCRIPTION.
☐ Use `requireNamespace("knitr", quietly = TRUE)` to test if knitr is
installed.
☐ Then directly refer to functions with `knitr::fun()`.
✔ Adding "inst/doc" to '.gitignore'.
── config file for dev/flat_flat1.Rmd ──────────────────────────────────────────
✔ R: R/flat1_rmd.R was added to the config file
✔ tests: tests/testthat/test-flat1_rmd.R was added to the config file
✔ vignettes: vignettes/get-started.Rmd was added to the config file
Saving attachment parameters to yaml config file
Updating masuvtrkzj16542449cd6a documentation
ℹ Loading masuvtrkzj16542449cd6a
Writing 'NAMESPACE'
Writing 'flat1_rmd.Rd'
ℹ Loading masuvtrkzj16542449cd6a
[+] 2 package(s) added: rmarkdown, testthat.
✔ Setting active project to
"/private/var/folders/2b/t0kwbtmn3p7brv2mvx39c9cr0000gn/T/RtmpSfwjqu/all.templates.knitteaching16542510ea77".
✔ Setting active project to
"/private/var/folders/2b/t0kwbtmn3p7brv2mvx39c9cr0000gn/T/RtmpSfwjqu/mnqaykpgot16542382dcb8e".
✔ Adding "MIT + file LICENSE" to 'License'.
✔ Writing 'LICENSE'.
✔ Writing 'LICENSE.md'.
✔ Adding "^LICENSE\\.md$" to '.Rbuildignore'.
Created file .here in /private/var/folders/2b/t0kwbtmn3p7brv2mvx39c9cr0000gn/T/RtmpSfwjqu/mnqaykpgot16542382dcb8e . Please start a new R session in the new project directory.
ℹ Loading mnqaykpgot16542382dcb8e
Writing 'NAMESPACE'
✔ Adding knitr to 'Suggests' field in DESCRIPTION.
☐ Use `requireNamespace("knitr", quietly = TRUE)` to test if knitr is
installed.
☐ Then directly refer to functions with `knitr::fun()`.
✔ Adding "inst/doc" to '.gitignore'.
── config file for dev/flat_flat1.Rmd ──────────────────────────────────────────
✔ R: R/flat1_rmd.R was added to the config file
✔ tests: tests/testthat/test-flat1_rmd.R was added to the config file
✔ vignettes: vignettes/get-started.Rmd was added to the config file
Saving attachment parameters to yaml config file
Updating mnqaykpgot16542382dcb8e documentation
ℹ Loading mnqaykpgot16542382dcb8e
Writing 'NAMESPACE'
Writing 'flat1_rmd.Rd'
ℹ Loading mnqaykpgot16542382dcb8e
[+] 2 package(s) added: rmarkdown, testthat.
── config file for dev/flat_flat2.Rmd ──────────────────────────────────────────
✔ R: R/flat2_rmd.R was added to the config file
✔ tests: tests/testthat/test-flat2_rmd.R was added to the config file
✔ vignettes: vignettes/get-started-2.Rmd was added to the config file
Documentation parameters were restored from attachment config file.
Updating mnqaykpgot16542382dcb8e documentation
ℹ Loading mnqaykpgot16542382dcb8e
Writing 'NAMESPACE'
Writing 'flat2_rmd.Rd'
ℹ Loading mnqaykpgot16542382dcb8e
✔ The flat file flat_flat1.Rmd has been deprecated.
ℹ A fusen configuration file was found. The flat files to be deleted will be identified as files listed in this configuration file as well as Rmd or qmd files starting with 'flat' in the dev/ and dev/flat_history folders. The configuration file will also be deleted.
✔ Cleaning is done !
✔ Setting active project to
"/private/var/folders/2b/t0kwbtmn3p7brv2mvx39c9cr0000gn/T/RtmpSfwjqu/all.templates.knitteaching16542510ea77".
Created file .here in /private/var/folders/2b/t0kwbtmn3p7brv2mvx39c9cr0000gn/T/RtmpSfwjqu/oiehgmlpbc1654242cc2c13 . Please start a new R session in the new project directory.
✔ Setting active project to
"/private/var/folders/2b/t0kwbtmn3p7brv2mvx39c9cr0000gn/T/RtmpSfwjqu/oiehgmlpbc1654242cc2c13".
✔ Adding "MIT + file LICENSE" to 'License'.
✔ Writing 'LICENSE'.
✔ Writing 'LICENSE.md'.
✔ Adding "^LICENSE\\.md$" to '.Rbuildignore'.
✔ Setting active project to
"/private/var/folders/2b/t0kwbtmn3p7brv2mvx39c9cr0000gn/T/RtmpSfwjqu/all.templates.knitteaching16542510ea77".
✔ Setting active project to
"/private/var/folders/2b/t0kwbtmn3p7brv2mvx39c9cr0000gn/T/RtmpSfwjqu/oiehgmlpbc1654242cc2c13".
i Loading oiehgmlpbc1654242cc2c13
Writing 'NAMESPACE'
v Adding knitr to 'Suggests' field in DESCRIPTION.
[ ] Use `requireNamespace("knitr", quietly = TRUE)` to test if knitr is
installed.
[ ] Then directly refer to functions with `knitr::fun()`.
v Adding "inst/doc" to '.gitignore'.
-- config file for dev/flat_minimal.Rmd ----------------------------------------
v R: R/my_fun.R was added to the config file
v tests: tests/testthat/test-my_fun.R was added to the config file
v vignettes: vignettes/get-started.Rmd was added to the config file
Saving attachment parameters to yaml config file
Updating oiehgmlpbc1654242cc2c13 documentation
i Loading oiehgmlpbc1654242cc2c13
Writing 'NAMESPACE'
Writing 'my_fun.Rd'
i Loading oiehgmlpbc1654242cc2c13
[+] 2 package(s) added: rmarkdown, testthat.
-- config file for dev/flat_xxx_flat2.Rmd --------------------------------------
v R: R/xxx_flat2_rmd.R was added to the config file
v tests: tests/testthat/test-xxx_flat2_rmd.R was added to the config file
v vignettes: vignettes/get-started-2.Rmd was added to the config file
Documentation parameters were restored from attachment config file.
Updating oiehgmlpbc1654242cc2c13 documentation
i Loading oiehgmlpbc1654242cc2c13
Writing 'NAMESPACE'
Writing 'xxx_flat2_rmd.Rd'
i Loading oiehgmlpbc1654242cc2c13
✔ Setting active project to
"/private/var/folders/2b/t0kwbtmn3p7brv2mvx39c9cr0000gn/T/RtmpSfwjqu/all.templates.knitteaching16542510ea77".
Created file .here in /private/var/folders/2b/t0kwbtmn3p7brv2mvx39c9cr0000gn/T/RtmpSfwjqu/hbcyzxnius16542662a9c6 . Please start a new R session in the new project directory.
✔ Setting active project to
"/private/var/folders/2b/t0kwbtmn3p7brv2mvx39c9cr0000gn/T/RtmpSfwjqu/hbcyzxnius16542662a9c6".
✔ Adding "MIT + file LICENSE" to 'License'.
✔ Writing 'LICENSE'.
✔ Writing 'LICENSE.md'.
✔ Adding "^LICENSE\\.md$" to '.Rbuildignore'.
i Loading hbcyzxnius16542662a9c6
Writing 'NAMESPACE'
`vignette_name` is empty: no vignette created
-- config file for dev/flat_minimal.Rmd ----------------------------------------
v R: R/my_fun.R was added to the config file
v tests: tests/testthat/test-my_fun.R was added to the config file
Saving attachment parameters to yaml config file
Updating hbcyzxnius16542662a9c6 documentation
i Loading hbcyzxnius16542662a9c6
Writing 'NAMESPACE'
Writing 'my_fun.Rd'
i Loading hbcyzxnius16542662a9c6
[+] 1 package(s) added: testthat.
v The flat file flat_minimal.Rmd has been deprecated.
✔ Setting active project to
"/private/var/folders/2b/t0kwbtmn3p7brv2mvx39c9cr0000gn/T/RtmpSfwjqu/all.templates.knitteaching16542510ea77".
✔ Setting active project to
"/private/var/folders/2b/t0kwbtmn3p7brv2mvx39c9cr0000gn/T/RtmpSfwjqu/fliphbzxgq165424cf6e0ba".
✔ Adding "MIT + file LICENSE" to 'License'.
✔ Writing 'LICENSE'.
✔ Writing 'LICENSE.md'.
✔ Adding "^LICENSE\\.md$" to '.Rbuildignore'.
Created file .here in /private/var/folders/2b/t0kwbtmn3p7brv2mvx39c9cr0000gn/T/RtmpSfwjqu/fliphbzxgq165424cf6e0ba . Please start a new R session in the new project directory.
i Loading fliphbzxgq165424cf6e0ba
Writing 'NAMESPACE'
v Adding knitr to 'Suggests' field in DESCRIPTION.
[ ] Use `requireNamespace("knitr", quietly = TRUE)` to test if knitr is
installed.
[ ] Then directly refer to functions with `knitr::fun()`.
v Adding "inst/doc" to '.gitignore'.
-- config file for dev/flat_flat1.Rmd ------------------------------------------
v R: R/flat1_rmd.R was added to the config file
v tests: tests/testthat/test-flat1_rmd.R was added to the config file
v vignettes: vignettes/get-started.Rmd was added to the config file
Saving attachment parameters to yaml config file
Updating fliphbzxgq165424cf6e0ba documentation
i Loading fliphbzxgq165424cf6e0ba
Writing 'NAMESPACE'
Writing 'flat1_rmd.Rd'
i Loading fliphbzxgq165424cf6e0ba
[+] 2 package(s) added: rmarkdown, testthat.
! flat1_rmd.R has been overwritten
! test-flat1_rmd.R has been overwritten
-- config file for dev/flat_flat1.Rmd ------------------------------------------
i Some files group already existed and were modified: flat_flat1.Rmd
Documentation parameters were restored from attachment config file.
Updating fliphbzxgq165424cf6e0ba documentation
i Loading fliphbzxgq165424cf6e0ba
Writing 'NAMESPACE'
i Loading fliphbzxgq165424cf6e0ba
v The flat file flat_flat1.Rmd has been deprecated.
✔ Setting active project to
"/private/var/folders/2b/t0kwbtmn3p7brv2mvx39c9cr0000gn/T/RtmpSfwjqu/all.templates.knitteaching16542510ea77".
✔ Setting active project to
"/private/var/folders/2b/t0kwbtmn3p7brv2mvx39c9cr0000gn/T/RtmpSfwjqu/ypoiqzrfjc1654217e65f45".
✔ Adding "MIT + file LICENSE" to 'License'.
✔ Writing 'LICENSE'.
✔ Writing 'LICENSE.md'.
✔ Adding "^LICENSE\\.md$" to '.Rbuildignore'.
Created file .here in /private/var/folders/2b/t0kwbtmn3p7brv2mvx39c9cr0000gn/T/RtmpSfwjqu/ypoiqzrfjc1654217e65f45 . Please start a new R session in the new project directory.
i Loading ypoiqzrfjc1654217e65f45
Writing 'NAMESPACE'
v Adding knitr to 'Suggests' field in DESCRIPTION.
[ ] Use `requireNamespace("knitr", quietly = TRUE)` to test if knitr is
installed.
[ ] Then directly refer to functions with `knitr::fun()`.
v Adding "inst/doc" to '.gitignore'.
-- config file for dev/flat_flat1.Rmd ------------------------------------------
v R: R/flat1_rmd.R was added to the config file
v tests: tests/testthat/test-flat1_rmd.R was added to the config file
v vignettes: vignettes/get-started.Rmd was added to the config file
Saving attachment parameters to yaml config file
Updating ypoiqzrfjc1654217e65f45 documentation
i Loading ypoiqzrfjc1654217e65f45
Writing 'NAMESPACE'
Writing 'flat1_rmd.Rd'
i Loading ypoiqzrfjc1654217e65f45
[+] 2 package(s) added: rmarkdown, testthat.
[ ] Edit 'R/donotfindme.R'.
v Writing 'tests/testthat/test-donotfindme.R'.
[ ] Edit 'tests/testthat/test-donotfindme.R'.
✔ Setting active project to
"/private/var/folders/2b/t0kwbtmn3p7brv2mvx39c9cr0000gn/T/RtmpSfwjqu/all.templates.knitteaching16542510ea77".
✔ Setting active project to
"/private/var/folders/2b/t0kwbtmn3p7brv2mvx39c9cr0000gn/T/RtmpSfwjqu/bxoekrphvj16542383956dc".
✔ Adding "MIT + file LICENSE" to 'License'.
✔ Writing 'LICENSE'.
✔ Writing 'LICENSE.md'.
✔ Adding "^LICENSE\\.md$" to '.Rbuildignore'.
Created file .here in /private/var/folders/2b/t0kwbtmn3p7brv2mvx39c9cr0000gn/T/RtmpSfwjqu/bxoekrphvj16542383956dc . Please start a new R session in the new project directory.
ℹ Loading bxoekrphvj16542383956dc
Writing 'NAMESPACE'
✔ Adding knitr to 'Suggests' field in DESCRIPTION.
☐ Use `requireNamespace("knitr", quietly = TRUE)` to test if knitr is
installed.
☐ Then directly refer to functions with `knitr::fun()`.
✔ Adding "inst/doc" to '.gitignore'.
── config file for dev/flat_flat1.Rmd ──────────────────────────────────────────
✔ R: R/flat1_rmd.R was added to the config file
✔ tests: tests/testthat/test-flat1_rmd.R was added to the config file
✔ vignettes: vignettes/get-started.Rmd was added to the config file
Saving attachment parameters to yaml config file
Updating bxoekrphvj16542383956dc documentation
ℹ Loading bxoekrphvj16542383956dc
Writing 'NAMESPACE'
Writing 'flat1_rmd.Rd'
ℹ Loading bxoekrphvj16542383956dc
[+] 2 package(s) added: rmarkdown, testthat.
✔ Setting active project to
"/private/var/folders/2b/t0kwbtmn3p7brv2mvx39c9cr0000gn/T/RtmpSfwjqu/all.templates.knitteaching16542510ea77".
── Creating new directory: /var/folders/2b/t0kwbtmn3p7brv2mvx39c9cr0000gn/T//Rtm
✔ Setting active project to
"/private/var/folders/2b/t0kwbtmn3p7brv2mvx39c9cr0000gn/T/RtmpSfwjqu/all.templates.second.flat165427f62ac7d/foosen.process".
── config file for dev/flat_first.Rmd ──────────────────────────────────────────
'0-dev_history.Rmd' already exists. It was not overwritten. Set `add_flat_template(overwrite = TRUE)` if you want to do so.
-- config file for dev/flat_second.Rmd -----------------------------------------
-- config file for dev/flat_first.Rmd ------------------------------------------
-- config file for dev/flat_second.Rmd -----------------------------------------
-- check not registered files --------------------------------------------------
-- config file for dev/flat_first.Rmd ------------------------------------------
-- config file for dev/flat_second.Rmd -----------------------------------------
-- check not registered files --------------------------------------------------
✔ Setting active project to
"/private/var/folders/2b/t0kwbtmn3p7brv2mvx39c9cr0000gn/T/RtmpSfwjqu/all.templates.knitteaching16542510ea77".
── Creating new directory: /var/folders/2b/t0kwbtmn3p7brv2mvx39c9cr0000gn/T//Rtm
✔ Setting active project to
"/private/var/folders/2b/t0kwbtmn3p7brv2mvx39c9cr0000gn/T/RtmpSfwjqu/all.templates.second.flat165421c2c5eca/foosen.process".
── config file for dev/flat_first.Rmd ──────────────────────────────────────────
'0-dev_history.Rmd' already exists. It was not overwritten. Set `add_flat_template(overwrite = TRUE)` if you want to do so.
-- config file for dev/flat_second.Rmd -----------------------------------------
-- config file for dev/flat_first.Rmd ------------------------------------------
-- config file for dev/flat_second.Rmd -----------------------------------------
-- check not registered files --------------------------------------------------
-- config file for dev/flat_first.Rmd ------------------------------------------
-- config file for dev/flat_second.Rmd -----------------------------------------
-- check not registered files --------------------------------------------------
✔ Setting active project to
"/private/var/folders/2b/t0kwbtmn3p7brv2mvx39c9cr0000gn/T/RtmpSfwjqu/all.templates.knitteaching16542510ea77".
── Creating new directory: /var/folders/2b/t0kwbtmn3p7brv2mvx39c9cr0000gn/T//Rtm
✔ Setting active project to
"/private/var/folders/2b/t0kwbtmn3p7brv2mvx39c9cr0000gn/T/RtmpSfwjqu/all.templates.second.flat1654265867f07/foosen.process".
── config file for dev/flat_first.Rmd ──────────────────────────────────────────
'0-dev_history.Rmd' already exists. It was not overwritten. Set `add_flat_template(overwrite = TRUE)` if you want to do so.
-- config file for dev/flat_second.Rmd -----------------------------------------
-- config file for dev/flat_first.Rmd ------------------------------------------
-- config file for dev/flat_second.Rmd -----------------------------------------
-- check not registered files --------------------------------------------------
-- config file for dev/flat_first.Rmd ------------------------------------------
-- config file for dev/flat_second.Rmd -----------------------------------------
-- check not registered files --------------------------------------------------
✔ Setting active project to
"/private/var/folders/2b/t0kwbtmn3p7brv2mvx39c9cr0000gn/T/RtmpSfwjqu/all.templates.knitteaching16542510ea77".
── Creating new directory: /var/folders/2b/t0kwbtmn3p7brv2mvx39c9cr0000gn/T//Rtm
✔ Setting active project to
"/private/var/folders/2b/t0kwbtmn3p7brv2mvx39c9cr0000gn/T/RtmpSfwjqu/all.templates.second.flat1654247794672/foosen.process".
── config file for dev/flat_first.Rmd ──────────────────────────────────────────
-- config file for dev/flat_second.Rmd -----------------------------------------
-- config file for dev/flat_first.Rmd ------------------------------------------
-- config file for dev/flat_second.Rmd -----------------------------------------
-- check not registered files --------------------------------------------------
-- config file for dev/flat_first.Rmd ------------------------------------------
-- config file for dev/flat_second.Rmd -----------------------------------------
-- check not registered files --------------------------------------------------
✔ Setting active project to
"/private/var/folders/2b/t0kwbtmn3p7brv2mvx39c9cr0000gn/T/RtmpSfwjqu/all.templates.knitteaching16542510ea77".
── Creating new directory: /var/folders/2b/t0kwbtmn3p7brv2mvx39c9cr0000gn/T//Rtm
✔ Setting active project to
"/private/var/folders/2b/t0kwbtmn3p7brv2mvx39c9cr0000gn/T/RtmpSfwjqu/all.templates.second.flat165425b9d46d/foosen.process".
── config file for dev/flat_first.Rmd ──────────────────────────────────────────
-- config file for dev/flat_second.Rmd -----------------------------------------
-- config file for dev/flat_first.Rmd ------------------------------------------
-- config file for dev/flat_second.Rmd -----------------------------------------
-- check not registered files --------------------------------------------------
-- config file for dev/flat_first.Rmd ------------------------------------------
-- config file for dev/flat_second.Rmd -----------------------------------------
-- check not registered files --------------------------------------------------
✔ Setting active project to
"/private/var/folders/2b/t0kwbtmn3p7brv2mvx39c9cr0000gn/T/RtmpSfwjqu/all.templates.knitteaching16542510ea77".
── Creating new directory: /var/folders/2b/t0kwbtmn3p7brv2mvx39c9cr0000gn/T//Rtm
✔ Setting active project to
"/private/var/folders/2b/t0kwbtmn3p7brv2mvx39c9cr0000gn/T/RtmpSfwjqu/all.templates.second.flat165426805a350/foosen.process".
── config file for dev/flat_first.Rmd ──────────────────────────────────────────
-- config file for dev/flat_second.Rmd -----------------------------------------
-- config file for dev/flat_first.Rmd ------------------------------------------
-- config file for dev/flat_second.Rmd -----------------------------------------
-- check not registered files --------------------------------------------------
-- config file for dev/flat_first.Rmd ------------------------------------------
-- config file for dev/flat_second.Rmd -----------------------------------------
-- check not registered files --------------------------------------------------
✔ Setting active project to
"/private/var/folders/2b/t0kwbtmn3p7brv2mvx39c9cr0000gn/T/RtmpSfwjqu/all.templates.knitteaching16542510ea77".
── Creating new directory: /var/folders/2b/t0kwbtmn3p7brv2mvx39c9cr0000gn/T//Rtm
✔ Setting active project to
"/private/var/folders/2b/t0kwbtmn3p7brv2mvx39c9cr0000gn/T/RtmpSfwjqu/all.templates.second.flat165421561e196/foosen.process".
── config file for dev/flat_first.Rmd ──────────────────────────────────────────
-- config file for dev/flat_second.Rmd -----------------------------------------
-- config file for dev/flat_first.Rmd ------------------------------------------
-- config file for dev/flat_second.Rmd -----------------------------------------
-- check not registered files --------------------------------------------------
-- config file for dev/flat_first.Rmd ------------------------------------------
-- config file for dev/flat_second.Rmd -----------------------------------------
-- check not registered files --------------------------------------------------
✔ Setting active project to
"/private/var/folders/2b/t0kwbtmn3p7brv2mvx39c9cr0000gn/T/RtmpSfwjqu/all.templates.knitteaching16542510ea77".
── Creating new directory: /var/folders/2b/t0kwbtmn3p7brv2mvx39c9cr0000gn/T//Rtm
✔ Setting active project to
"/private/var/folders/2b/t0kwbtmn3p7brv2mvx39c9cr0000gn/T/RtmpSfwjqu/all.templates.second.flat165423300a61f/foosen.process".
── config file for dev/flat_first.Rmd ──────────────────────────────────────────
-- config file for dev/flat_second.Rmd -----------------------------------------
-- config file for dev/flat_first.Rmd ------------------------------------------
-- config file for dev/flat_second.Rmd -----------------------------------------
-- check not registered files --------------------------------------------------
-- config file for dev/flat_first.Rmd ------------------------------------------
-- config file for dev/flat_second.Rmd -----------------------------------------
-- check not registered files --------------------------------------------------
✔ Setting active project to
"/private/var/folders/2b/t0kwbtmn3p7brv2mvx39c9cr0000gn/T/RtmpSfwjqu/all.templates.knitteaching16542510ea77".
── Creating new directory: /var/folders/2b/t0kwbtmn3p7brv2mvx39c9cr0000gn/T//Rtm
✔ Setting active project to
"/private/var/folders/2b/t0kwbtmn3p7brv2mvx39c9cr0000gn/T/RtmpSfwjqu/all.templates.second.flat1654265eb0ab6/foosen.process".
── config file for dev/flat_first.Rmd ──────────────────────────────────────────
-- config file for dev/flat_second.Rmd -----------------------------------------
-- config file for dev/flat_first.Rmd ------------------------------------------
-- config file for dev/flat_second.Rmd -----------------------------------------
-- check not registered files --------------------------------------------------
-- config file for dev/flat_first.Rmd ------------------------------------------
-- config file for dev/flat_second.Rmd -----------------------------------------
-- check not registered files --------------------------------------------------
✔ Setting active project to
"/private/var/folders/2b/t0kwbtmn3p7brv2mvx39c9cr0000gn/T/RtmpSfwjqu/all.templates.knitteaching16542510ea77".
[ FAIL 18 | WARN 0 | SKIP 14 | PASS 906 ]
══ Skipped tests (14) ══════════════════════════════════════════════════════════
• On CRAN (10): 'test-get_package_structure.R:22:5',
'test-get_package_structure.R:54:5', 'test-inflate-part1.R:245:5',
'test-inflate-part2.R:42:5', 'test-inflate-part2.R:85:7',
'test-inflate-part2.R:85:7', 'test-inflate-part2.R:85:7',
'test-inflate-part2.R:313:5', 'test-inflate-part2.R:467:7',
'test-register_config_file.R:429:3'
• empty test (1): 'test-inflate_utils.R:193:1'
• interactive() is not TRUE (3): 'test-inflate_all.R:388:5',
'test-init_share_on_github.R:4:3', 'test-skeleton.R:2:3'
══ Failed tests ════════════════════════════════════════════════════════════════
── Failure ('test-add_flat_template.R:341:7'): flat file inflates after knit from command inside ──
`suppressMessages(eval(parse(text = inflate_command)))` threw an unexpected error.
Message: DESCRIPTION file does not exist in your directory:/private/var/folders/2b/t0kwbtmn3p7brv2mvx39c9cr0000gn/T/RtmpSfwjqu/all.templates.knitfull16542cef5c22.
Have you run the content of the 'description' chunk of your {fusen} template?
Class: simpleError/error/condition
── Failure ('test-add_flat_template.R:349:7'): flat file inflates a second time ──
`suppressMessages(eval(parse(text = inflate_command_second)))` threw an unexpected error.
Message: DESCRIPTION file does not exist in your directory:/private/var/folders/2b/t0kwbtmn3p7brv2mvx39c9cr0000gn/T/RtmpSfwjqu/all.templates.knitfull16542cef5c22.
Have you run the content of the 'description' chunk of your {fusen} template?
Class: simpleError/error/condition
── Failure ('test-add_flat_template.R:341:7'): flat file inflates after knit from command inside ──
`suppressMessages(eval(parse(text = inflate_command)))` threw an unexpected error.
Message: DESCRIPTION file does not exist in your directory:/private/var/folders/2b/t0kwbtmn3p7brv2mvx39c9cr0000gn/T/RtmpSfwjqu/all.templates.knitminimal.package165425ec83ac0.
Have you run the content of the 'description' chunk of your {fusen} template?
Class: simpleError/error/condition
── Failure ('test-add_flat_template.R:349:7'): flat file inflates a second time ──
`suppressMessages(eval(parse(text = inflate_command_second)))` threw an unexpected error.
Message: DESCRIPTION file does not exist in your directory:/private/var/folders/2b/t0kwbtmn3p7brv2mvx39c9cr0000gn/T/RtmpSfwjqu/all.templates.knitminimal.package165425ec83ac0.
Have you run the content of the 'description' chunk of your {fusen} template?
Class: simpleError/error/condition
── Failure ('test-add_flat_template.R:341:7'): flat file inflates after knit from command inside ──
`suppressMessages(eval(parse(text = inflate_command)))` threw an unexpected error.
Message: DESCRIPTION file does not exist in your directory:/private/var/folders/2b/t0kwbtmn3p7brv2mvx39c9cr0000gn/T/RtmpSfwjqu/all.templates.knitminpkg16542c3a6b0c.
Have you run the content of the 'description' chunk of your {fusen} template?
Class: simpleError/error/condition
── Failure ('test-add_flat_template.R:349:7'): flat file inflates a second time ──
`suppressMessages(eval(parse(text = inflate_command_second)))` threw an unexpected error.
Message: DESCRIPTION file does not exist in your directory:/private/var/folders/2b/t0kwbtmn3p7brv2mvx39c9cr0000gn/T/RtmpSfwjqu/all.templates.knitminpkg16542c3a6b0c.
Have you run the content of the 'description' chunk of your {fusen} template?
Class: simpleError/error/condition
── Failure ('test-add_flat_template.R:341:7'): flat file inflates after knit from command inside ──
`suppressMessages(eval(parse(text = inflate_command)))` threw an unexpected error.
Message: DESCRIPTION file does not exist in your directory:/private/var/folders/2b/t0kwbtmn3p7brv2mvx39c9cr0000gn/T/RtmpSfwjqu/all.templates.knitminimal.flat16542222a4480.
Have you run the content of the 'description' chunk of your {fusen} template?
Class: simpleError/error/condition
── Failure ('test-add_flat_template.R:349:7'): flat file inflates a second time ──
`suppressMessages(eval(parse(text = inflate_command_second)))` threw an unexpected error.
Message: DESCRIPTION file does not exist in your directory:/private/var/folders/2b/t0kwbtmn3p7brv2mvx39c9cr0000gn/T/RtmpSfwjqu/all.templates.knitminimal.flat16542222a4480.
Have you run the content of the 'description' chunk of your {fusen} template?
Class: simpleError/error/condition
── Failure ('test-add_flat_template.R:341:7'): flat file inflates after knit from command inside ──
`suppressMessages(eval(parse(text = inflate_command)))` threw an unexpected error.
Message: DESCRIPTION file does not exist in your directory:/private/var/folders/2b/t0kwbtmn3p7brv2mvx39c9cr0000gn/T/RtmpSfwjqu/all.templates.knitminflat1654225fab4d6.
Have you run the content of the 'description' chunk of your {fusen} template?
Class: simpleError/error/condition
── Failure ('test-add_flat_template.R:349:7'): flat file inflates a second time ──
`suppressMessages(eval(parse(text = inflate_command_second)))` threw an unexpected error.
Message: DESCRIPTION file does not exist in your directory:/private/var/folders/2b/t0kwbtmn3p7brv2mvx39c9cr0000gn/T/RtmpSfwjqu/all.templates.knitminflat1654225fab4d6.
Have you run the content of the 'description' chunk of your {fusen} template?
Class: simpleError/error/condition
── Failure ('test-add_flat_template.R:341:7'): flat file inflates after knit from command inside ──
`suppressMessages(eval(parse(text = inflate_command)))` threw an unexpected error.
Message: DESCRIPTION file does not exist in your directory:/private/var/folders/2b/t0kwbtmn3p7brv2mvx39c9cr0000gn/T/RtmpSfwjqu/all.templates.knitadd16542453748a8.
Have you run the content of the 'description' chunk of your {fusen} template?
Class: simpleError/error/condition
── Failure ('test-add_flat_template.R:349:7'): flat file inflates a second time ──
`suppressMessages(eval(parse(text = inflate_command_second)))` threw an unexpected error.
Message: DESCRIPTION file does not exist in your directory:/private/var/folders/2b/t0kwbtmn3p7brv2mvx39c9cr0000gn/T/RtmpSfwjqu/all.templates.knitadd16542453748a8.
Have you run the content of the 'description' chunk of your {fusen} template?
Class: simpleError/error/condition
── Failure ('test-add_flat_template.R:341:7'): flat file inflates after knit from command inside ──
`suppressMessages(eval(parse(text = inflate_command)))` threw an unexpected error.
Message: DESCRIPTION file does not exist in your directory:/private/var/folders/2b/t0kwbtmn3p7brv2mvx39c9cr0000gn/T/RtmpSfwjqu/all.templates.knitadditional1654255d9386a.
Have you run the content of the 'description' chunk of your {fusen} template?
Class: simpleError/error/condition
── Failure ('test-add_flat_template.R:349:7'): flat file inflates a second time ──
`suppressMessages(eval(parse(text = inflate_command_second)))` threw an unexpected error.
Message: DESCRIPTION file does not exist in your directory:/private/var/folders/2b/t0kwbtmn3p7brv2mvx39c9cr0000gn/T/RtmpSfwjqu/all.templates.knitadditional1654255d9386a.
Have you run the content of the 'description' chunk of your {fusen} template?
Class: simpleError/error/condition
── Failure ('test-add_flat_template.R:341:7'): flat file inflates after knit from command inside ──
`suppressMessages(eval(parse(text = inflate_command)))` threw an unexpected error.
Message: DESCRIPTION file does not exist in your directory:/private/var/folders/2b/t0kwbtmn3p7brv2mvx39c9cr0000gn/T/RtmpSfwjqu/all.templates.knitteach165421fc1aafd.
Have you run the content of the 'description' chunk of your {fusen} template?
Class: simpleError/error/condition
── Failure ('test-add_flat_template.R:349:7'): flat file inflates a second time ──
`suppressMessages(eval(parse(text = inflate_command_second)))` threw an unexpected error.
Message: DESCRIPTION file does not exist in your directory:/private/var/folders/2b/t0kwbtmn3p7brv2mvx39c9cr0000gn/T/RtmpSfwjqu/all.templates.knitteach165421fc1aafd.
Have you run the content of the 'description' chunk of your {fusen} template?
Class: simpleError/error/condition
── Failure ('test-add_flat_template.R:341:7'): flat file inflates after knit from command inside ──
`suppressMessages(eval(parse(text = inflate_command)))` threw an unexpected error.
Message: DESCRIPTION file does not exist in your directory:/private/var/folders/2b/t0kwbtmn3p7brv2mvx39c9cr0000gn/T/RtmpSfwjqu/all.templates.knitteaching16542510ea77.
Have you run the content of the 'description' chunk of your {fusen} template?
Class: simpleError/error/condition
── Failure ('test-add_flat_template.R:349:7'): flat file inflates a second time ──
`suppressMessages(eval(parse(text = inflate_command_second)))` threw an unexpected error.
Message: DESCRIPTION file does not exist in your directory:/private/var/folders/2b/t0kwbtmn3p7brv2mvx39c9cr0000gn/T/RtmpSfwjqu/all.templates.knitteaching16542510ea77.
Have you run the content of the 'description' chunk of your {fusen} template?
Class: simpleError/error/condition
[ FAIL 18 | WARN 0 | SKIP 14 | PASS 906 ]
Error: Test failures
Execution halted
Flavor: r-oldrel-macos-x86_64