CRAN Package Check Results for Package funique

Last updated on 2025-01-20 09:49:07 CET.

Flavor Version Tinstall Tcheck Ttotal Status Flags
r-devel-linux-x86_64-debian-clang 0.0.1 1.71 17.88 19.59 OK
r-devel-linux-x86_64-debian-gcc 0.0.1 1.40 15.45 16.85 OK
r-devel-linux-x86_64-fedora-clang 0.0.1 31.73 OK
r-devel-linux-x86_64-fedora-gcc 0.0.1 31.36 OK
r-devel-windows-x86_64 0.0.1 2.00 47.00 49.00 OK
r-patched-linux-x86_64 0.0.1 1.37 17.19 18.56 NOTE
r-release-linux-x86_64 0.0.1 1.53 17.30 18.83 NOTE
r-release-macos-arm64 0.0.1 16.00 NOTE
r-release-macos-x86_64 0.0.1 24.00 NOTE
r-release-windows-x86_64 0.0.1 2.00 45.00 47.00 NOTE
r-oldrel-macos-arm64 0.0.1 17.00 NOTE
r-oldrel-macos-x86_64 0.0.1 22.00 NOTE
r-oldrel-windows-x86_64 0.0.1 3.00 51.00 54.00 NOTE

Check Details

Version: 0.0.1
Check: LazyData
Result: NOTE 'LazyData' is specified without a 'data' directory Flavors: r-patched-linux-x86_64, r-release-linux-x86_64, r-release-macos-arm64, r-release-macos-x86_64, r-release-windows-x86_64, r-oldrel-macos-arm64, r-oldrel-macos-x86_64, r-oldrel-windows-x86_64