CRAN Package Check Results for Package fude

Last updated on 2024-04-23 08:57:57 CEST.

Flavor Version Tinstall Tcheck Ttotal Status Flags
r-devel-linux-x86_64-debian-clang 0.3.5 3.21 31.62 34.83 OK
r-devel-linux-x86_64-debian-gcc 0.3.5 2.40 24.21 26.61 OK
r-devel-linux-x86_64-fedora-clang 0.3.5 43.73 NOTE
r-devel-linux-x86_64-fedora-gcc 0.3.5 41.63 NOTE
r-prerel-macos-arm64 0.3.5 20.00 OK
r-prerel-windows-x86_64 0.3.5 5.00 52.00 57.00 OK
r-patched-linux-x86_64 0.3.5 2.49 30.23 32.72 OK
r-release-linux-x86_64 0.3.5 2.22 31.40 33.62 OK
r-release-macos-arm64 0.3.5 109.00 OK
r-release-macos-x86_64 0.3.5 30.00 OK
r-release-windows-x86_64 0.3.5 6.00 52.00 58.00 OK
r-oldrel-macos-arm64 0.3.5 22.00 OK
r-oldrel-windows-x86_64 0.3.5 5.00 55.00 60.00 OK

Check Details

Version: 0.3.5
Check: data for non-ASCII characters
Result: NOTE Note: found 7921 marked UTF-8 strings Flavors: r-devel-linux-x86_64-fedora-clang, r-devel-linux-x86_64-fedora-gcc