Last updated on 2025-01-21 23:50:26 CET.
Flavor | Version | Tinstall | Tcheck | Ttotal | Status | Flags |
---|---|---|---|---|---|---|
r-devel-linux-x86_64-debian-clang | 1.6.5 | 40.73 | 60.15 | 100.88 | OK | |
r-devel-linux-x86_64-debian-gcc | 1.6.5 | 32.01 | 41.00 | 73.01 | OK | |
r-devel-linux-x86_64-fedora-clang | 1.6.5 | 178.98 | OK | |||
r-devel-linux-x86_64-fedora-gcc | 1.6.5 | 197.07 | OK | |||
r-devel-windows-x86_64 | 1.6.5 | 92.00 | 85.00 | 177.00 | OK | |
r-patched-linux-x86_64 | 1.6.5 | 36.12 | 56.18 | 92.30 | NOTE | |
r-release-linux-x86_64 | 1.6.5 | 38.54 | 55.37 | 93.91 | NOTE | |
r-release-macos-arm64 | 1.6.5 | 90.00 | NOTE | |||
r-release-macos-x86_64 | 1.6.5 | 222.00 | NOTE | |||
r-release-windows-x86_64 | 1.6.5 | 98.00 | 79.00 | 177.00 | NOTE | |
r-oldrel-macos-arm64 | 1.6.5 | 87.00 | NOTE | |||
r-oldrel-macos-x86_64 | 1.6.5 | 230.00 | NOTE | |||
r-oldrel-windows-x86_64 | 1.6.5 | 96.00 | 93.00 | 189.00 | NOTE |
Version: 1.6.5
Check: for GNU extensions in Makefiles
Result: NOTE
GNU make is a SystemRequirements.
Flavors: r-patched-linux-x86_64, r-release-linux-x86_64, r-release-macos-arm64, r-release-macos-x86_64, r-release-windows-x86_64, r-oldrel-macos-arm64, r-oldrel-macos-x86_64, r-oldrel-windows-x86_64