CRAN Package Check Results for Package frair

Last updated on 2024-04-20 08:50:53 CEST.

Flavor Version Tinstall Tcheck Ttotal Status Flags
r-devel-linux-x86_64-debian-clang 0.5.100 13.30 107.49 120.79 NOTE
r-devel-linux-x86_64-debian-gcc 0.5.100 8.54 82.06 90.60 NOTE
r-devel-linux-x86_64-fedora-clang 0.5.100 187.19 NOTE
r-devel-linux-x86_64-fedora-gcc 0.5.100 172.72 NOTE
r-prerel-macos-arm64 0.5.100 43.00 NOTE
r-prerel-windows-x86_64 0.5.100 10.00 94.00 104.00 NOTE
r-patched-linux-x86_64 0.5.100 10.36 103.37 113.73 NOTE
r-release-linux-x86_64 0.5.100 13.12 104.73 117.85 NOTE
r-release-macos-arm64 0.5.100 46.00 NOTE
r-release-macos-x86_64 0.5.100 79.00 NOTE
r-release-windows-x86_64 0.5.100 13.00 114.00 127.00 NOTE
r-oldrel-macos-arm64 0.5.100 47.00 OK
r-oldrel-windows-x86_64 0.5.100 14.00 114.00 128.00 OK

Check Details

Version: 0.5.100
Check: package subdirectories
Result: NOTE Problems with news in ‘NEWS.md’: No news entries found. Flavors: r-devel-linux-x86_64-debian-clang, r-devel-linux-x86_64-debian-gcc, r-devel-linux-x86_64-fedora-clang, r-devel-linux-x86_64-fedora-gcc, r-prerel-macos-arm64, r-prerel-windows-x86_64, r-patched-linux-x86_64, r-release-linux-x86_64, r-release-macos-arm64, r-release-macos-x86_64, r-release-windows-x86_64