CRAN Package Check Results for Package fpow

Last updated on 2024-04-23 16:58:15 CEST.

Flavor Version Tinstall Tcheck Ttotal Status Flags
r-devel-linux-x86_64-debian-clang 0.0-2 2.37 18.65 21.02 OK
r-devel-linux-x86_64-debian-gcc 0.0-2 1.92 15.04 16.96 OK
r-devel-linux-x86_64-fedora-clang 0.0-2 27.78 NOTE
r-devel-linux-x86_64-fedora-gcc 0.0-2 25.98 NOTE
r-prerel-macos-arm64 0.0-2 16.00 OK
r-prerel-windows-x86_64 0.0-2 4.00 41.00 45.00 OK
r-patched-linux-x86_64 0.0-2 1.88 18.51 20.39 OK
r-release-linux-x86_64 0.0-2 2.10 18.44 20.54 OK
r-release-macos-arm64 0.0-2 19.00 OK
r-release-macos-x86_64 0.0-2 20.00 OK
r-release-windows-x86_64 0.0-2 5.00 38.00 43.00 OK
r-oldrel-macos-arm64 0.0-2 18.00 OK
r-oldrel-windows-x86_64 0.0-2 7.00 49.00 56.00 OK

Check Details

Version: 0.0-2
Check: compiled code
Result: NOTE File ‘fpow/libs/fpow.so’: Found no calls to: ‘R_registerRoutines’, ‘R_useDynamicSymbols’ It is good practice to register native routines and to disable symbol search. See ‘Writing portable packages’ in the ‘Writing R Extensions’ manual. Flavors: r-devel-linux-x86_64-fedora-clang, r-devel-linux-x86_64-fedora-gcc