CRAN Package Check Results for Package fmriqa

Last updated on 2024-04-23 08:57:55 CEST.

Flavor Version Tinstall Tcheck Ttotal Status Flags
r-devel-linux-x86_64-debian-clang 0.3.0 9.27 93.87 103.14 NOTE
r-devel-linux-x86_64-debian-gcc 0.3.0 6.08 69.09 75.17 NOTE
r-devel-linux-x86_64-fedora-clang 0.3.0 139.05 NOTE
r-devel-linux-x86_64-fedora-gcc 0.3.0 143.64 NOTE
r-prerel-macos-arm64 0.3.0 64.00 NOTE
r-prerel-windows-x86_64 0.3.0 7.00 79.00 86.00 NOTE
r-patched-linux-x86_64 0.3.0 6.48 88.41 94.89 NOTE
r-release-linux-x86_64 0.3.0 6.88 86.29 93.17 NOTE
r-release-macos-arm64 0.3.0 61.00 NOTE
r-release-macos-x86_64 0.3.0 109.00 NOTE
r-release-windows-x86_64 0.3.0 10.00 94.00 104.00 NOTE
r-oldrel-macos-arm64 0.3.0 65.00 NOTE
r-oldrel-windows-x86_64 0.3.0 10.00 100.00 110.00 NOTE

Check Details

Version: 0.3.0
Check: LazyData
Result: NOTE 'LazyData' is specified without a 'data' directory Flavors: r-devel-linux-x86_64-debian-clang, r-devel-linux-x86_64-debian-gcc, r-devel-linux-x86_64-fedora-clang, r-devel-linux-x86_64-fedora-gcc, r-prerel-macos-arm64, r-prerel-windows-x86_64, r-patched-linux-x86_64, r-release-linux-x86_64, r-release-macos-arm64, r-release-macos-x86_64, r-release-windows-x86_64, r-oldrel-macos-arm64, r-oldrel-windows-x86_64