CRAN Package Check Results for Package fitPS

Last updated on 2024-07-24 16:53:47 CEST.

Flavor Version Tinstall Tcheck Ttotal Status Flags
r-devel-linux-x86_64-debian-clang 1.0.1 16.47 161.83 178.30 OK
r-devel-linux-x86_64-debian-gcc 1.0.1 11.34 120.40 131.74 OK
r-devel-linux-x86_64-fedora-clang 1.0.1 243.77 OK
r-devel-linux-x86_64-fedora-gcc 1.0.1 224.95 OK
r-devel-windows-x86_64 1.0.1 16.00 148.00 164.00 OK
r-patched-linux-x86_64 1.0.1 11.41 153.16 164.57 OK
r-release-linux-x86_64 1.0.1 9.49 156.44 165.93 OK
r-release-macos-arm64 1.0.1 67.00 OK
r-release-macos-x86_64 1.0.1 101.00 WARN
r-release-windows-x86_64 1.0.1 15.00 150.00 165.00 OK
r-oldrel-macos-arm64 1.0.1 72.00 OK
r-oldrel-macos-x86_64 1.0.1 168.00 OK
r-oldrel-windows-x86_64 1.0.1 18.00 172.00 190.00 OK

Check Details

Version: 1.0.1
Check: re-building of vignette outputs
Result: WARN Error(s) in re-building vignettes: --- re-building ‘examples.Rnw’ using knitr Two-sided Wald test data: lau and jackson z = 1.1923, p-value = 0.2331 alternative hypothesis: true difference in shape parameters is not equal to 0 sample estimates: Shape of lau Shape of jackson 5.885919 4.533556 Error: processing vignette 'examples.Rnw' failed with diagnostics: Running 'texi2dvi' on 'examples.tex' failed. LaTeX errors: ! Undefined control sequence. l.78 \hldef {> }\hlkwd{data}\hldef{(}\hlsng{"Psurveys"}\hldef{)} ? ! Emergency stop. ! Emergency stop. l.78 End of file on the terminal! ! ==> Fatal error occurred, no output PDF file produced! --- failed re-building ‘examples.Rnw’ --- re-building ‘simple_P_fit.Rnw’ using knitr Error: processing vignette 'simple_P_fit.Rnw' failed with diagnostics: Running 'texi2dvi' on 'simple_P_fit.tex' failed. LaTeX errors: ! Undefined control sequence. l.89 \hldef {> }\hlkwd{data}\hldef{(}\hlsng{"Psurveys"}\hldef{)} ? ! Emergency stop. ! Emergency stop. l.89 End of file on the terminal! ! ==> Fatal error occurred, no output PDF file produced! --- failed re-building ‘simple_P_fit.Rnw’ SUMMARY: processing the following files failed: ‘examples.Rnw’ ‘simple_P_fit.Rnw’ Error: Vignette re-building failed. Execution halted Flavor: r-release-macos-x86_64