CRAN Package Check Results for Package ffstream

Last updated on 2024-04-16 01:02:01 CEST.

Flavor Version Tinstall Tcheck Ttotal Status Flags
r-devel-linux-x86_64-debian-clang 0.1.7.2 142.79 90.48 233.27 NOTE
r-devel-linux-x86_64-debian-gcc 0.1.7.2 108.25 64.93 173.18 NOTE
r-devel-linux-x86_64-fedora-clang 0.1.7.2 320.93 NOTE
r-devel-linux-x86_64-fedora-gcc 0.1.7.2 339.59 NOTE
r-prerel-macos-arm64 0.1.7.2 64.00 NOTE
r-prerel-windows-x86_64 0.1.7.2 100.00 113.00 213.00 NOTE
r-patched-linux-x86_64 0.1.7.2 134.64 85.78 220.42 NOTE
r-release-linux-x86_64 0.1.7.2 136.74 84.52 221.26 OK
r-release-macos-arm64 0.1.7.2 95.00 NOTE
r-release-macos-x86_64 0.1.7.2 140.00 NOTE
r-release-windows-x86_64 0.1.7.2 97.00 134.00 231.00 OK
r-oldrel-macos-arm64 0.1.7.2 90.00 NOTE
r-oldrel-windows-x86_64 0.1.7.2 123.00 110.00 233.00 OK

Check Details

Version: 0.1.7.2
Check: Rd \usage sections
Result: NOTE Documented arguments not in \usage in Rd file 'checkStream.Rd': ‘skipChecks’ Documented arguments not in \usage in Rd file 'cpp_detectCUSUMMeanSinglePrechange.Rd': ‘BL’ Documented arguments not in \usage in Rd file 'cpp_detectEWMAMeanSinglePrechange.Rd': ‘BL’ Documented arguments not in \usage in Rd file 'makeStreamMeanChangeR.Rd': ‘x’ Documented arguments not in \usage in Rd file 'update_Omega.Rd': ‘m_new’ Functions with \usage entries need to have the appropriate \alias entries, and all their arguments documented. The \usage entries must correspond to syntactically valid R code. See chapter ‘Writing R documentation files’ in the ‘Writing R Extensions’ manual. Flavors: r-devel-linux-x86_64-debian-clang, r-devel-linux-x86_64-debian-gcc, r-devel-linux-x86_64-fedora-clang, r-devel-linux-x86_64-fedora-gcc, r-prerel-macos-arm64, r-prerel-windows-x86_64, r-patched-linux-x86_64

Version: 0.1.7.2
Check: package vignettes
Result: NOTE Package vignette without corresponding tangle output: ‘intro.Rmd’ Flavors: r-devel-linux-x86_64-debian-clang, r-devel-linux-x86_64-debian-gcc, r-devel-linux-x86_64-fedora-clang, r-devel-linux-x86_64-fedora-gcc, r-prerel-macos-arm64, r-prerel-windows-x86_64, r-patched-linux-x86_64

Version: 0.1.7.2
Check: installed package size
Result: NOTE installed size is 8.6Mb sub-directories of 1Mb or more: libs 8.2Mb Flavors: r-prerel-macos-arm64, r-release-macos-arm64, r-release-macos-x86_64, r-oldrel-macos-arm64