CRAN Package Check Results for Package fdaACF

Last updated on 2024-07-23 16:49:04 CEST.

Flavor Version Tinstall Tcheck Ttotal Status Flags
r-devel-linux-x86_64-debian-clang 1.0.0 3.30 41.69 44.99 OK
r-devel-linux-x86_64-debian-gcc 1.0.0 2.07 32.00 34.07 OK
r-devel-linux-x86_64-fedora-clang 1.0.0 56.52 OK
r-devel-linux-x86_64-fedora-gcc 1.0.0 54.64 OK
r-devel-windows-x86_64 1.0.0 4.00 59.00 63.00 OK
r-patched-linux-x86_64 1.0.0 2.99 40.58 43.57 OK
r-release-linux-x86_64 1.0.0 1.86 41.17 43.03 OK
r-release-macos-arm64 1.0.0 21.00 OK
r-release-macos-x86_64 1.0.0 42.00 OK
r-release-windows-x86_64 1.0.0 4.00 60.00 64.00 OK
r-oldrel-macos-arm64 1.0.0 22.00 OK
r-oldrel-macos-x86_64 1.0.0 30.00 NOTE
r-oldrel-windows-x86_64 1.0.0 5.00 74.00 79.00 OK

Check Details

Version: 1.0.0
Check: package dependencies
Result: NOTE Package suggested but not available for checking: ‘fields’ Flavor: r-oldrel-macos-x86_64