CRAN Package Check Results for Package fcl

Last updated on 2024-04-16 01:02:01 CEST.

Flavor Version Tinstall Tcheck Ttotal Status Flags
r-devel-linux-x86_64-debian-clang 0.1.0 89.01 25.70 114.71 OK
r-devel-linux-x86_64-debian-gcc 0.1.0 68.62 19.75 88.37 OK
r-devel-linux-x86_64-fedora-clang 0.1.0 157.35 OK
r-devel-linux-x86_64-fedora-gcc 0.1.0 154.59 OK
r-prerel-macos-arm64 0.1.0 55.00 NOTE
r-prerel-windows-x86_64 0.1.0 96.00 62.00 158.00 OK
r-patched-linux-x86_64 0.1.0 89.70 24.91 114.61 OK
r-release-linux-x86_64 0.1.0 94.55 23.66 118.21 OK
r-release-macos-arm64 0.1.0 52.00 NOTE
r-release-macos-x86_64 0.1.0 77.00 NOTE
r-release-windows-x86_64 0.1.0 113.00 69.00 182.00 OK
r-oldrel-macos-arm64 0.1.0 53.00 NOTE
r-oldrel-windows-x86_64 0.1.0 104.00 68.00 172.00 WARN

Check Details

Version: 0.1.0
Check: installed package size
Result: NOTE installed size is 7.7Mb sub-directories of 1Mb or more: libs 7.6Mb Flavors: r-prerel-macos-arm64, r-release-macos-arm64, r-release-macos-x86_64, r-oldrel-macos-arm64

Version: 0.1.0
Check: whether package can be installed
Result: WARN Found the following significant warnings: Warning: corrupt .drectve at end of def file Flavor: r-oldrel-windows-x86_64