Last updated on 2025-01-24 07:49:17 CET.
Flavor | Version | Tinstall | Tcheck | Ttotal | Status | Flags |
---|---|---|---|---|---|---|
r-devel-linux-x86_64-debian-clang | 0.1.0 | 141.50 | 126.82 | 268.32 | OK | |
r-devel-linux-x86_64-debian-gcc | 0.1.0 | 113.91 | 96.62 | 210.53 | OK | |
r-devel-linux-x86_64-fedora-clang | 0.1.0 | 425.38 | NOTE | |||
r-devel-linux-x86_64-fedora-gcc | 0.1.0 | 514.87 | NOTE | |||
r-devel-windows-x86_64 | 0.1.0 | 131.00 | 149.00 | 280.00 | OK | |
r-patched-linux-x86_64 | 0.1.0 | 159.10 | 132.74 | 291.84 | NOTE | |
r-release-linux-x86_64 | 0.1.0 | 159.62 | 132.44 | 292.06 | NOTE | |
r-release-macos-arm64 | 0.1.0 | 118.00 | NOTE | |||
r-release-macos-x86_64 | 0.1.0 | 179.00 | NOTE | |||
r-release-windows-x86_64 | 0.1.0 | 134.00 | 149.00 | 283.00 | NOTE | |
r-oldrel-macos-arm64 | 0.1.0 | 102.00 | NOTE | |||
r-oldrel-macos-x86_64 | 0.1.0 | 144.00 | NOTE | |||
r-oldrel-windows-x86_64 | 0.1.0 | 170.00 | 178.00 | 348.00 | NOTE |
Version: 0.1.0
Check: dependencies in R code
Result: NOTE
Namespaces in Imports field not imported from:
‘RcppParallel’ ‘rstantools’
All declared Imports should be used.
Flavors: r-devel-linux-x86_64-fedora-clang, r-devel-linux-x86_64-fedora-gcc
Version: 0.1.0
Check: for GNU extensions in Makefiles
Result: NOTE
GNU make is a SystemRequirements.
Flavors: r-patched-linux-x86_64, r-release-linux-x86_64, r-release-macos-arm64, r-release-macos-x86_64, r-release-windows-x86_64, r-oldrel-macos-arm64, r-oldrel-macos-x86_64, r-oldrel-windows-x86_64
Version: 0.1.0
Check: installed package size
Result: NOTE
installed size is 48.3Mb
sub-directories of 1Mb or more:
libs 47.8Mb
Flavors: r-release-macos-arm64, r-release-macos-x86_64, r-oldrel-macos-arm64, r-oldrel-macos-x86_64