CRAN Package Check Results for Package fasterElasticNet

Last updated on 2024-07-25 16:46:12 CEST.

Flavor Version Tinstall Tcheck Ttotal Status Flags
r-devel-linux-x86_64-debian-clang 1.1.2 47.11 31.59 78.70 NOTE
r-devel-linux-x86_64-debian-gcc 1.1.2 33.12 24.61 57.73 NOTE
r-devel-linux-x86_64-fedora-clang 1.1.2 140.85 NOTE
r-devel-linux-x86_64-fedora-gcc 1.1.2 116.31 NOTE
r-devel-windows-x86_64 1.1.2 41.00 62.00 103.00 NOTE
r-patched-linux-x86_64 1.1.2 NOTE
r-release-linux-x86_64 1.1.2 37.77 30.05 67.82 NOTE
r-release-macos-arm64 1.1.2 30.00 NOTE
r-release-macos-x86_64 1.1.2 40.00 NOTE
r-release-windows-x86_64 1.1.2 50.00 67.00 117.00 NOTE
r-oldrel-macos-arm64 1.1.2 37.00 NOTE
r-oldrel-macos-x86_64 1.1.2 59.00 NOTE
r-oldrel-windows-x86_64 1.1.2 47.00 81.00 128.00 NOTE

Check Details

Version: 1.1.2
Check: C++ specification
Result: NOTE Specified C++11: please drop specification unless essential Flavors: r-devel-linux-x86_64-debian-clang, r-devel-linux-x86_64-debian-gcc, r-devel-linux-x86_64-fedora-clang, r-devel-linux-x86_64-fedora-gcc, r-devel-windows-x86_64, r-patched-linux-x86_64, r-release-linux-x86_64, r-release-macos-arm64, r-release-macos-x86_64, r-release-windows-x86_64, r-oldrel-macos-arm64, r-oldrel-macos-x86_64, r-oldrel-windows-x86_64

Version: 1.1.2
Check: installed package size
Result: NOTE installed size is 5.6Mb sub-directories of 1Mb or more: data 3.1Mb libs 2.5Mb Flavors: r-release-macos-arm64, r-release-macos-x86_64, r-oldrel-macos-arm64, r-oldrel-macos-x86_64