CRAN Package Check Results for Package fastcpd

Last updated on 2024-04-24 16:54:31 CEST.

Flavor Version Tinstall Tcheck Ttotal Status Flags
r-devel-linux-x86_64-debian-clang 0.14.1 162.51 594.97 757.48 OK
r-devel-linux-x86_64-debian-gcc 0.14.1 123.34 423.71 547.05 OK
r-devel-linux-x86_64-fedora-clang 0.14.1 857.52 NOTE
r-devel-linux-x86_64-fedora-gcc 0.14.1 853.21 OK
r-devel-windows-x86_64 0.14.1 116.00 321.00 437.00 NOTE
r-patched-linux-x86_64 0.14.0 107.89 559.62 667.51 OK
r-release-linux-x86_64 0.14.1 125.93 543.49 669.42 OK
r-release-macos-arm64 0.14.1 211.00 NOTE
r-release-macos-x86_64 0.14.1 451.00 NOTE
r-release-windows-x86_64 0.14.1 114.00 364.00 478.00 NOTE
r-oldrel-macos-arm64 0.14.1 184.00 NOTE
r-oldrel-macos-x86_64 0.14.1 384.00 NOTE
r-oldrel-windows-x86_64 0.14.1 149.00 450.00 599.00 NOTE

Additional issues

noSuggests

Check Details

Version: 0.14.1
Check: installed package size
Result: NOTE installed size is 13.6Mb sub-directories of 1Mb or more: doc 9.2Mb help 1.8Mb libs 1.4Mb Flavors: r-devel-linux-x86_64-fedora-clang, r-devel-windows-x86_64, r-release-macos-arm64, r-release-macos-x86_64, r-release-windows-x86_64, r-oldrel-macos-arm64, r-oldrel-macos-x86_64, r-oldrel-windows-x86_64