Last updated on 2025-01-18 06:48:20 CET.
Flavor | Version | Tinstall | Tcheck | Ttotal | Status | Flags |
---|---|---|---|---|---|---|
r-devel-linux-x86_64-debian-clang | 0.5.0 | 3.77 | 152.46 | 156.23 | OK | |
r-devel-linux-x86_64-debian-gcc | 0.5.0 | 2.92 | 96.45 | 99.37 | ERROR | |
r-devel-linux-x86_64-fedora-clang | 0.5.0 | 262.51 | OK | |||
r-devel-linux-x86_64-fedora-gcc | 0.5.0 | 270.75 | OK | |||
r-devel-windows-x86_64 | 0.5.0 | 8.00 | 154.00 | 162.00 | OK | |
r-patched-linux-x86_64 | 0.5.0 | 3.51 | 139.86 | 143.37 | OK | |
r-release-linux-x86_64 | 0.5.0 | 3.03 | 139.87 | 142.90 | OK | |
r-release-macos-arm64 | 0.5.0 | 83.00 | OK | |||
r-release-macos-x86_64 | 0.5.0 | 186.00 | OK | |||
r-release-windows-x86_64 | 0.5.0 | 9.00 | 151.00 | 160.00 | OK | |
r-oldrel-macos-arm64 | 0.5.0 | 82.00 | OK | |||
r-oldrel-macos-x86_64 | 0.5.0 | 177.00 | OK | |||
r-oldrel-windows-x86_64 | 0.5.0 | 8.00 | 188.00 | 196.00 | OK |
Version: 0.5.0
Check: tests
Result: ERROR
Running ‘tinytest.R’ [20s/25s]
Running the tests in ‘tests/tinytest.R’ failed.
Complete output:
>
> if ( requireNamespace("tinytest", quietly=TRUE) ){
+ tinytest::test_package("etwfe")
+ }
test_baker.R.................. 0 tests
test_baker.R.................. 0 tests
test_baker.R.................. 0 tests
test_baker.R.................. 0 tests
test_baker.R.................. 0 tests
test_baker.R.................. 5 tests <1b>[0;32mOK<1b>[0m <1b>[0;34m6.3s<1b>[0m
test_emfx.R................... 0 tests
test_emfx.R................... 0 tests
test_emfx.R................... 0 tests
test_emfx.R................... 0 tests The variables '.Dtreat:first.treat::2006:year::2004', '.Dtreat:first.treat::2006:year::2005', '.Dtreat:first.treat::2007:year::2004', '.Dtreat:first.treat::2007:year::2005', '.Dtreat:first.treat::2007:year::2006', '.Dtreat:first.treat::2006:year::2004:lpop_dm' and 4 others have been removed because of collinearity (see $collin.var).
test_emfx.R................... 0 tests
test_emfx.R................... 0 tests
test_emfx.R................... 0 tests
test_emfx.R................... 0 tests
test_emfx.R................... 0 tests
test_emfx.R................... 0 tests
test_emfx.R................... 0 tests
test_emfx.R................... 0 tests
test_emfx.R................... 0 tests
test_emfx.R................... 0 tests
test_emfx.R................... 0 tests
test_emfx.R................... 0 tests
test_emfx.R................... 0 tests
test_emfx.R................... 0 tests
test_emfx.R................... 0 tests
test_emfx.R................... 0 tests
test_emfx.R................... 0 tests
test_emfx.R................... 0 tests
test_emfx.R................... 32 tests <1b>[0;32mOK<1b>[0m <1b>[0;34m9.6s<1b>[0m
test_etwfe.R.................. 0 tests
test_etwfe.R.................. 0 tests
test_etwfe.R.................. 0 tests
test_etwfe.R.................. 0 tests
test_etwfe.R.................. 0 tests
test_etwfe.R.................. 0 tests
test_etwfe.R.................. 0 tests
test_etwfe.R.................. 0 tests
test_etwfe.R.................. 0 tests
test_etwfe.R.................. 1 tests <1b>[0;32mOK<1b>[0m
test_etwfe.R.................. 2 tests <1b>[0;32mOK<1b>[0m
test_etwfe.R.................. 3 tests <1b>[0;32mOK<1b>[0m
test_etwfe.R.................. 3 tests <1b>[0;32mOK<1b>[0m
test_etwfe.R.................. 4 tests <1b>[0;32mOK<1b>[0m
test_etwfe.R.................. 4 tests <1b>[0;32mOK<1b>[0m
test_etwfe.R.................. 5 tests <1b>[0;32mOK<1b>[0m
test_etwfe.R.................. 6 tests <1b>[0;32mOK<1b>[0m The variables '.Dtreat:first.treat::2006:year::2004', '.Dtreat:first.treat::2006:year::2005', '.Dtreat:first.treat::2007:year::2004', '.Dtreat:first.treat::2007:year::2005', '.Dtreat:first.treat::2007:year::2006', '.Dtreat:first.treat::2006:year::2004:lpop_dm' and 4 others have been removed because of collinearity (see $collin.var).
test_etwfe.R.................. 6 tests <1b>[0;32mOK<1b>[0m
test_etwfe.R.................. 7 tests <1b>[0;32mOK<1b>[0m <1b>[0;34m0.5s<1b>[0m
test_xvar.R................... 0 tests
test_xvar.R................... 0 tests
test_xvar.R................... 0 tests
test_xvar.R................... 0 tests
test_xvar.R................... 0 tests
test_xvar.R................... 0 tests
test_xvar.R................... 0 tests
test_xvar.R................... 0 tests
test_xvar.R................... 6 tests <1b>[0;32mOK<1b>[0m
test_xvar.R................... 6 tests <1b>[0;32mOK<1b>[0m
test_xvar.R................... 6 tests <1b>[0;32mOK<1b>[0m
test_xvar.R................... 6 tests <1b>[0;32mOK<1b>[0m
test_xvar.R................... 6 tests <1b>[0;32mOK<1b>[0m
test_xvar.R................... 6 tests <1b>[0;32mOK<1b>[0m
test_xvar.R................... 6 tests <1b>[0;32mOK<1b>[0m
test_xvar.R................... 6 tests <1b>[0;32mOK<1b>[0m malloc(): unsorted double linked list corrupted
Aborted
Flavor: r-devel-linux-x86_64-debian-gcc