CRAN Package Check Results for Package estadistica

Last updated on 2024-07-23 16:49:03 CEST.

Flavor Version Tinstall Tcheck Ttotal Status Flags
r-devel-linux-x86_64-debian-clang 0.2.3 18.90 104.29 123.19 NOTE
r-devel-linux-x86_64-debian-gcc 0.2.3 11.82 78.29 90.11 NOTE
r-devel-linux-x86_64-fedora-clang 0.2.3 154.90 NOTE
r-devel-linux-x86_64-fedora-gcc 0.2.3 139.50 NOTE
r-devel-windows-x86_64 0.2.3 18.00 102.00 120.00 NOTE
r-patched-linux-x86_64 0.2.3 10.03 101.92 111.95 NOTE
r-release-linux-x86_64 0.2.3 9.90 100.21 110.11 NOTE
r-release-macos-arm64 0.2.3 46.00 NOTE
r-release-macos-x86_64 0.2.3 71.00 NOTE
r-release-windows-x86_64 0.2.3 16.00 100.00 116.00 NOTE
r-oldrel-macos-arm64 0.2.3 47.00 OK
r-oldrel-macos-x86_64 0.2.3 92.00 NOTE
r-oldrel-windows-x86_64 0.2.3 19.00 118.00 137.00 OK

Check Details

Version: 0.2.3
Check: Rd files
Result: NOTE checkRd: (-1) momento.central.Rd:12: Lost braces; missing escapes or markup? 12 | \item{orden}{Es un valor numérico que representa el orden del momento central (orden = {1,2,3,4,...})} | ^ Flavors: r-devel-linux-x86_64-debian-clang, r-devel-linux-x86_64-debian-gcc, r-devel-linux-x86_64-fedora-clang, r-devel-linux-x86_64-fedora-gcc, r-devel-windows-x86_64, r-patched-linux-x86_64, r-release-linux-x86_64, r-release-macos-arm64, r-release-macos-x86_64, r-release-windows-x86_64

Version: 0.2.3
Check: data for non-ASCII characters
Result: NOTE Note: found 3 marked UTF-8 strings Flavors: r-devel-linux-x86_64-fedora-clang, r-devel-linux-x86_64-fedora-gcc

Version: 0.2.3
Check: installed package size
Result: NOTE installed size is 5.3Mb sub-directories of 1Mb or more: data 3.4Mb help 1.5Mb Flavor: r-oldrel-macos-x86_64