CRAN Package Check Results for Package epifitter

Last updated on 2024-04-12 01:00:19 CEST.

Flavor Version Tinstall Tcheck Ttotal Status Flags
r-devel-linux-x86_64-debian-clang 0.3.0 3.70 75.90 79.60 OK
r-devel-linux-x86_64-debian-gcc 0.3.0 2.85 56.61 59.46 OK
r-devel-linux-x86_64-fedora-clang 0.3.0 92.32 NOTE
r-devel-linux-x86_64-fedora-gcc 0.3.0 108.43 NOTE
r-devel-windows-x86_64 0.3.0 5.00 80.00 85.00 OK
r-patched-linux-x86_64 0.3.0 3.58 72.27 75.85 OK
r-release-linux-x86_64 0.3.0 3.85 66.53 70.38 OK
r-release-macos-arm64 0.3.0 36.00 OK
r-release-macos-x86_64 0.3.0 56.00 OK
r-release-windows-x86_64 0.3.0 5.00 87.00 92.00 OK
r-oldrel-macos-arm64 0.3.0 39.00 NOTE
r-oldrel-windows-x86_64 0.3.0 6.00 90.00 96.00 OK

Check Details

Version: 0.3.0
Check: dependencies in R code
Result: NOTE Namespace in Imports field not imported from: ‘knitr’ All declared Imports should be used. Flavors: r-devel-linux-x86_64-fedora-clang, r-devel-linux-x86_64-fedora-gcc, r-oldrel-macos-arm64