CRAN Package Check Results for Package einsum

Last updated on 2024-04-18 08:54:28 CEST.

Flavor Version Tinstall Tcheck Ttotal Status Flags
r-devel-linux-x86_64-debian-clang 0.1.2 20.22 197.87 218.09 OK
r-devel-linux-x86_64-debian-gcc 0.1.2 15.82 128.88 144.70 OK
r-devel-linux-x86_64-fedora-clang 0.1.2 271.96 NOTE
r-devel-linux-x86_64-fedora-gcc 0.1.2 261.32 NOTE
r-prerel-macos-arm64 0.1.2 64.00 OK
r-prerel-windows-x86_64 0.1.2 18.00 169.00 187.00 OK
r-patched-linux-x86_64 0.1.2 18.91 185.06 203.97 OK
r-release-linux-x86_64 0.1.2 18.14 186.81 204.95 OK
r-release-macos-arm64 0.1.2 71.00 OK
r-release-macos-x86_64 0.1.2 177.00 OK
r-release-windows-x86_64 0.1.2 19.00 247.00 266.00 OK
r-oldrel-macos-arm64 0.1.2 66.00 OK
r-oldrel-windows-x86_64 0.1.2 22.00 193.00 215.00 OK

Check Details

Version: 0.1.2
Check: dependencies in R code
Result: NOTE Namespace in Imports field not imported from: ‘mathjaxr’ All declared Imports should be used. Flavors: r-devel-linux-x86_64-fedora-clang, r-devel-linux-x86_64-fedora-gcc