CRAN Package Check Results for Package drape

Last updated on 2024-04-20 00:56:04 CEST.

Flavor Version Tinstall Tcheck Ttotal Status Flags
r-devel-linux-x86_64-debian-clang 0.0.1 3.62 60.20 63.82 NOTE
r-devel-linux-x86_64-debian-gcc 0.0.1 NOTE
r-devel-linux-x86_64-fedora-clang 0.0.1 88.56 NOTE
r-devel-linux-x86_64-fedora-gcc 0.0.1 100.78 NOTE
r-prerel-macos-arm64 0.0.1 34.00 NOTE
r-prerel-windows-x86_64 0.0.1 3.00 68.00 71.00 NOTE
r-patched-linux-x86_64 0.0.1 4.09 61.74 65.83 NOTE
r-release-linux-x86_64 0.0.1 3.23 67.89 71.12 OK
r-release-macos-arm64 0.0.1 48.00 OK
r-release-macos-x86_64 0.0.1 118.00 OK
r-release-windows-x86_64 0.0.1 5.00 75.00 80.00 OK
r-oldrel-macos-arm64 0.0.1 38.00 OK
r-oldrel-windows-x86_64 0.0.1 5.00 76.00 81.00 OK

Check Details

Version: 0.0.1
Check: Rd files
Result: NOTE checkRd: (-1) simulate_data.Rd:27: Lost braces; missing escapes or markup? 27 | Z ~ N_{9}(0,Sigma), | ^ checkRd: (-1) simulate_data.Rd:28: Lost braces; missing escapes or markup? 28 | where Sigma_{jj} = 1, Sigma_{jk} = corr for all j not equal to k. | ^ checkRd: (-1) simulate_data.Rd:28: Lost braces; missing escapes or markup? 28 | where Sigma_{jj} = 1, Sigma_{jk} = corr for all j not equal to k. | ^ checkRd: (-1) z_correlated_normal.Rd:5: Lost braces; missing escapes or markup? 5 | \title{Generate n copies of Z ~ N_{p}(0,Sigma), where Sigma_{jj} = 1, Sigma_{jk} = corr for all j not equal to k.} | ^ checkRd: (-1) z_correlated_normal.Rd:5: Lost braces; missing escapes or markup? 5 | \title{Generate n copies of Z ~ N_{p}(0,Sigma), where Sigma_{jj} = 1, Sigma_{jk} = corr for all j not equal to k.} | ^ checkRd: (-1) z_correlated_normal.Rd:5: Lost braces; missing escapes or markup? 5 | \title{Generate n copies of Z ~ N_{p}(0,Sigma), where Sigma_{jj} = 1, Sigma_{jk} = corr for all j not equal to k.} | ^ checkRd: (-1) z_correlated_normal.Rd:20: Lost braces; missing escapes or markup? 20 | Generate n copies of Z ~ N_{p}(0,Sigma), where Sigma_{jj} = 1, Sigma_{jk} = corr for all j not equal to k. | ^ checkRd: (-1) z_correlated_normal.Rd:20: Lost braces; missing escapes or markup? 20 | Generate n copies of Z ~ N_{p}(0,Sigma), where Sigma_{jj} = 1, Sigma_{jk} = corr for all j not equal to k. | ^ checkRd: (-1) z_correlated_normal.Rd:20: Lost braces; missing escapes or markup? 20 | Generate n copies of Z ~ N_{p}(0,Sigma), where Sigma_{jj} = 1, Sigma_{jk} = corr for all j not equal to k. | ^ Flavors: r-devel-linux-x86_64-debian-clang, r-devel-linux-x86_64-debian-gcc, r-devel-linux-x86_64-fedora-clang, r-devel-linux-x86_64-fedora-gcc, r-prerel-macos-arm64, r-prerel-windows-x86_64, r-patched-linux-x86_64