CRAN Package Check Results for Package drake

Last updated on 2024-07-20 08:49:39 CEST.

Flavor Version Tinstall Tcheck Ttotal Status Flags
r-devel-linux-x86_64-debian-clang 7.13.10 21.38 150.22 171.60 OK
r-devel-linux-x86_64-debian-gcc 7.13.10 16.99 107.26 124.25 OK
r-devel-linux-x86_64-fedora-clang 7.13.10 215.98 OK
r-devel-linux-x86_64-fedora-gcc 7.13.10 193.07 OK
r-devel-windows-x86_64 7.13.10 21.00 154.00 175.00 NOTE
r-patched-linux-x86_64 7.13.10 33.20 141.01 174.21 OK
r-release-linux-x86_64 7.13.10 19.58 140.07 159.65 OK
r-release-macos-arm64 7.13.10 53.00 OK
r-release-macos-x86_64 7.13.10 76.00 OK
r-release-windows-x86_64 7.13.10 21.00 154.00 175.00 OK
r-oldrel-macos-arm64 7.13.10 64.00 OK
r-oldrel-macos-x86_64 7.13.10 112.00 OK
r-oldrel-windows-x86_64 7.13.10 27.00 186.00 213.00 OK

Check Details

Version: 7.13.10
Check: Rd cross-references
Result: NOTE Found the following Rd file(s) with Rd \link{} targets missing package anchors: new_cache.Rd: storr_rds recover_cache.Rd: storr_environment Please provide package anchors for all Rd \link{} targets not in the package itself and the base packages. Flavor: r-devel-windows-x86_64