CRAN Package Check Results for Package distcrete

Last updated on 2024-04-24 09:21:43 CEST.

Flavor Version Tinstall Tcheck Ttotal Status Flags
r-devel-linux-x86_64-debian-clang 1.0.3 1.89 29.76 31.65 NOTE
r-devel-linux-x86_64-debian-gcc 1.0.3 1.54 23.23 24.77 NOTE
r-devel-linux-x86_64-fedora-clang 1.0.3 42.66 NOTE
r-devel-linux-x86_64-fedora-gcc 1.0.3 52.59 NOTE
r-patched-linux-x86_64 1.0.3 1.81 29.99 31.80 NOTE
r-release-linux-x86_64 1.0.3 2.15 27.81 29.96 NOTE
r-release-macos-arm64 1.0.3 22.00 NOTE
r-release-windows-x86_64 1.0.3 3.00 43.00 46.00 NOTE
r-oldrel-macos-arm64 1.0.3 18.00 NOTE
r-oldrel-macos-x86_64 1.0.3 33.00 NOTE
r-oldrel-windows-x86_64 1.0.3 4.00 48.00 52.00 NOTE

Check Details

Version: 1.0.3
Check: LazyData
Result: NOTE 'LazyData' is specified without a 'data' directory Flavors: r-devel-linux-x86_64-debian-clang, r-devel-linux-x86_64-debian-gcc, r-devel-linux-x86_64-fedora-clang, r-devel-linux-x86_64-fedora-gcc, r-patched-linux-x86_64, r-release-linux-x86_64, r-release-macos-arm64, r-release-windows-x86_64, r-oldrel-macos-arm64, r-oldrel-macos-x86_64, r-oldrel-windows-x86_64