Last updated on 2025-06-22 11:49:37 CEST.
Flavor | Version | Tinstall | Tcheck | Ttotal | Status | Flags |
---|---|---|---|---|---|---|
r-devel-linux-x86_64-debian-clang | 0.5.0 | 6.89 | 1030.40 | 1037.29 | OK | |
r-devel-linux-x86_64-debian-gcc | 0.5.0 | 4.58 | 809.64 | 814.22 | OK | |
r-devel-linux-x86_64-fedora-clang | 0.5.0 | 1205.31 | OK | |||
r-devel-linux-x86_64-fedora-gcc | 0.5.0 | 971.35 | OK | |||
r-devel-windows-x86_64 | 0.5.0 | 9.00 | 469.00 | 478.00 | OK | |
r-patched-linux-x86_64 | 0.5.0 | 7.75 | 687.27 | 695.02 | OK | |
r-release-linux-x86_64 | 0.5.0 | 5.74 | 669.45 | 675.19 | OK | |
r-release-macos-arm64 | 0.5.0 | 220.00 | OK | |||
r-release-macos-x86_64 | 0.5.0 | 481.00 | OK | |||
r-release-windows-x86_64 | 0.5.0 | 10.00 | 498.00 | 508.00 | OK | |
r-oldrel-macos-arm64 | 0.5.0 | 176.00 | NOTE | |||
r-oldrel-macos-x86_64 | 0.5.0 | 317.00 | NOTE | |||
r-oldrel-windows-x86_64 | 0.5.0 | 11.00 | 636.00 | 647.00 | OK |
Version: 0.5.0
Check: package dependencies
Result: NOTE
Package suggested but not available for checking: ‘OSAT’
Flavors: r-oldrel-macos-arm64, r-oldrel-macos-x86_64