CRAN Package Check Results for Package dbacf

Last updated on 2024-04-23 16:58:12 CEST.

Flavor Version Tinstall Tcheck Ttotal Status Flags
r-devel-linux-x86_64-debian-clang 0.2.8 2.39 31.57 33.96 OK
r-devel-linux-x86_64-debian-gcc 0.2.8 1.56 24.05 25.61 OK
r-devel-linux-x86_64-fedora-clang 0.2.8 41.97 NOTE
r-devel-linux-x86_64-fedora-gcc 0.2.8 40.42 OK
r-prerel-macos-arm64 0.2.8 17.00 OK
r-prerel-windows-x86_64 0.2.8 3.00 45.00 48.00 OK
r-patched-linux-x86_64 0.2.8 2.61 30.15 32.76 OK
r-release-linux-x86_64 0.2.8 2.52 30.88 33.40 OK
r-release-macos-arm64 0.2.8 21.00 OK
r-release-macos-x86_64 0.2.8 34.00 OK
r-release-windows-x86_64 0.2.8 3.00 47.00 50.00 OK
r-oldrel-macos-arm64 0.2.8 22.00 OK
r-oldrel-windows-x86_64 0.2.8 3.00 49.00 52.00 OK

Check Details

Version: 0.2.8
Check: Rd cross-references
Result: NOTE Undeclared package ‘sfsmisc’ in Rd xrefs Flavor: r-devel-linux-x86_64-fedora-clang