CRAN Package Check Results for Package data.table

Last updated on 2024-06-25 08:48:14 CEST.

Flavor Version Tinstall Tcheck Ttotal Status Flags
r-devel-linux-x86_64-debian-clang 1.15.4 43.57 278.73 322.30 NOTE
r-devel-linux-x86_64-debian-gcc 1.15.4 35.25 224.99 260.24 NOTE
r-devel-linux-x86_64-fedora-clang 1.15.4 435.53 NOTE
r-devel-linux-x86_64-fedora-gcc 1.15.4 466.78 NOTE
r-devel-windows-x86_64 1.15.4 60.00 1055.00 1115.00 NOTE
r-patched-linux-x86_64 1.15.4 50.86 287.40 338.26 OK
r-release-linux-x86_64 1.15.4 47.58 292.40 339.98 OK
r-release-macos-arm64 1.15.4 111.00 NOTE
r-release-macos-x86_64 1.15.4 180.00 OK
r-release-windows-x86_64 1.15.4 57.00 720.00 777.00 OK
r-oldrel-macos-arm64 1.15.4 150.00 OK
r-oldrel-macos-x86_64 1.15.4 412.00 NOTE
r-oldrel-windows-x86_64 1.15.4 55.00 1026.00 1081.00 OK

Additional issues

rchk

Check Details

Version: 1.15.4
Check: compiled code
Result: NOTE File ‘data.table/libs/data_table.so’: Found non-API calls to R: ‘LEVELS’, ‘NAMED’, ‘SETLENGTH’, ‘SET_GROWABLE_BIT’, ‘SET_S4_OBJECT’, ‘SET_TRUELENGTH’, ‘STRING_PTR’, ‘UNSET_S4_OBJECT’ Compiled code should not call non-API entry points in R. See ‘Writing portable packages’ in the ‘Writing R Extensions’ manual. Flavor: r-devel-linux-x86_64-debian-clang

Version: 1.15.4
Check: compiled code
Result: NOTE File ‘data.table/libs/data_table.so’: Found non-API calls to R: ‘LEVELS’, ‘NAMED’, ‘SETLENGTH’, ‘SET_GROWABLE_BIT’, ‘SET_S4_OBJECT’, ‘SET_TRUELENGTH’, ‘SET_TYPEOF’, ‘STRING_PTR’, ‘TRUELENGTH’, ‘UNSET_S4_OBJECT’ Compiled code should not call non-API entry points in R. See ‘Writing portable packages’ in the ‘Writing R Extensions’ manual. Flavors: r-devel-linux-x86_64-debian-gcc, r-devel-linux-x86_64-fedora-clang, r-devel-linux-x86_64-fedora-gcc

Version: 1.15.4
Check: compiled code
Result: NOTE File 'data.table/libs/x64/data_table.dll': Found non-API calls to R: 'LEVELS', 'NAMED', 'SETLENGTH', 'SET_GROWABLE_BIT', 'SET_S4_OBJECT', 'SET_TRUELENGTH', 'SET_TYPEOF', 'STRING_PTR', 'TRUELENGTH', 'UNSET_S4_OBJECT' Compiled code should not call non-API entry points in R. See 'Writing portable packages' in the 'Writing R Extensions' manual. Flavor: r-devel-windows-x86_64

Version: 1.15.4
Check: Rd cross-references
Result: NOTE Package unavailable to check Rd xrefs: ‘yaml’ Flavor: r-release-macos-arm64

Version: 1.15.4
Check: installed package size
Result: NOTE installed size is 5.0Mb sub-directories of 1Mb or more: libs 1.8Mb Flavor: r-oldrel-macos-x86_64