CRAN Package Check Results for Package cromwellDashboard

Last updated on 2024-04-20 08:50:48 CEST.

Flavor Version Tinstall Tcheck Ttotal Status Flags
r-devel-linux-x86_64-debian-clang 0.5.1 3.89 36.45 40.34 NOTE
r-devel-linux-x86_64-debian-gcc 0.5.1 3.68 27.79 31.47 NOTE
r-devel-linux-x86_64-fedora-clang 0.5.1 51.01 NOTE
r-devel-linux-x86_64-fedora-gcc 0.5.1 48.06 NOTE
r-prerel-macos-arm64 0.5.1 20.00 NOTE
r-prerel-windows-x86_64 0.5.1 6.00 47.00 53.00 NOTE
r-patched-linux-x86_64 0.5.1 3.88 34.92 38.80 NOTE
r-release-linux-x86_64 0.5.1 4.16 34.70 38.86 NOTE
r-release-macos-arm64 0.5.1 21.00 NOTE
r-release-macos-x86_64 0.5.1 30.00 NOTE
r-release-windows-x86_64 0.5.1 6.00 53.00 59.00 NOTE
r-oldrel-macos-arm64 0.5.1 18.00 NOTE
r-oldrel-windows-x86_64 0.5.1 7.00 60.00 67.00 NOTE

Check Details

Version: 0.5.1
Check: LazyData
Result: NOTE 'LazyData' is specified without a 'data' directory Flavors: r-devel-linux-x86_64-debian-clang, r-devel-linux-x86_64-debian-gcc, r-devel-linux-x86_64-fedora-clang, r-devel-linux-x86_64-fedora-gcc, r-prerel-macos-arm64, r-prerel-windows-x86_64, r-patched-linux-x86_64, r-release-linux-x86_64, r-release-macos-arm64, r-release-macos-x86_64, r-release-windows-x86_64, r-oldrel-macos-arm64, r-oldrel-windows-x86_64