Last updated on 2025-01-12 23:49:22 CET.
Flavor | Version | Tinstall | Tcheck | Ttotal | Status | Flags |
---|---|---|---|---|---|---|
r-devel-linux-x86_64-debian-clang | 0.4.4 | 26.39 | 26.59 | 52.98 | OK | |
r-devel-linux-x86_64-debian-gcc | 0.4.4 | 21.91 | 22.63 | 44.54 | OK | |
r-devel-linux-x86_64-fedora-clang | 0.4.4 | 88.65 | OK | |||
r-devel-linux-x86_64-fedora-gcc | 0.4.4 | 103.79 | OK | |||
r-devel-windows-x86_64 | 0.4.4 | 36.00 | 62.00 | 98.00 | OK | |
r-patched-linux-x86_64 | 0.4.4 | 28.41 | 28.01 | 56.42 | NOTE | |
r-release-linux-x86_64 | 0.4.4 | 29.88 | 27.93 | 57.81 | NOTE | |
r-release-macos-arm64 | 0.4.4 | 28.00 | NOTE | |||
r-release-macos-x86_64 | 0.4.4 | 44.00 | NOTE | |||
r-release-windows-x86_64 | 0.4.4 | 36.00 | 55.00 | 91.00 | NOTE | |
r-oldrel-macos-arm64 | 0.4.4 | 32.00 | NOTE | |||
r-oldrel-macos-x86_64 | 0.4.4 | 45.00 | NOTE | |||
r-oldrel-windows-x86_64 | 0.4.4 | 42.00 | 79.00 | 121.00 | NOTE |
Version: 0.4.4
Check: LazyData
Result: NOTE
'LazyData' is specified without a 'data' directory
Flavors: r-patched-linux-x86_64, r-release-linux-x86_64, r-release-macos-arm64, r-release-macos-x86_64, r-release-windows-x86_64, r-oldrel-macos-arm64, r-oldrel-macos-x86_64, r-oldrel-windows-x86_64
Version: 0.4.4
Check: installed package size
Result: NOTE
installed size is 13.5Mb
sub-directories of 1Mb or more:
libs 13.0Mb
Flavors: r-release-macos-arm64, r-release-macos-x86_64, r-oldrel-macos-arm64, r-oldrel-macos-x86_64