CRAN Package Check Results for Package concordancer

Last updated on 2024-04-20 08:50:48 CEST.

Flavor Version Tinstall Tcheck Ttotal Status Flags
r-devel-linux-x86_64-debian-clang 1.0.2 19.87 27.65 47.52 NOTE
r-devel-linux-x86_64-debian-gcc 1.0.2 14.76 21.20 35.96 NOTE
r-devel-linux-x86_64-fedora-clang 1.0.2 68.71 NOTE
r-devel-linux-x86_64-fedora-gcc 1.0.2 66.75 NOTE
r-prerel-macos-arm64 1.0.2 20.00 NOTE
r-prerel-windows-x86_64 1.0.2 16.00 55.00 71.00 NOTE
r-patched-linux-x86_64 1.0.2 18.49 26.06 44.55 NOTE
r-release-linux-x86_64 1.0.2 20.89 26.51 47.40 OK
r-release-macos-arm64 1.0.2 25.00 OK
r-release-macos-x86_64 1.0.2 43.00 OK
r-release-windows-x86_64 1.0.2 15.00 64.00 79.00 OK
r-oldrel-macos-arm64 1.0.2 27.00 OK
r-oldrel-windows-x86_64 1.0.2 19.00 110.00 129.00 OK

Check Details

Version: 1.0.2
Check: Rd contents
Result: NOTE Auto-generated content requiring editing in Rd file 'concordancer-package.Rd': \references: ‘This optional section can contain literature or other refere...’ \seealso: ‘Optional links to other man pages’ \examples: ‘\dontrun{ ## Optional simple examples of the most impor...’ Flavors: r-devel-linux-x86_64-debian-clang, r-devel-linux-x86_64-debian-gcc, r-devel-linux-x86_64-fedora-clang, r-devel-linux-x86_64-fedora-gcc, r-prerel-macos-arm64, r-prerel-windows-x86_64, r-patched-linux-x86_64

Version: 1.0.2
Check: Rd cross-references
Result: NOTE Undeclared packages ‘DescTools’, ‘epiR’ in Rd xrefs Flavor: r-devel-linux-x86_64-fedora-clang