CRAN Package Check Results for Package colormap

Last updated on 2024-05-25 16:58:37 CEST.

Flavor Version Tinstall Tcheck Ttotal Status Flags
r-devel-linux-x86_64-debian-clang 0.1.4 2.42 35.94 38.36 NOTE
r-devel-linux-x86_64-debian-gcc 0.1.4 2.24 26.86 29.10 NOTE
r-devel-linux-x86_64-fedora-clang 0.1.4 49.41 NOTE
r-devel-linux-x86_64-fedora-gcc 0.1.4 44.76 NOTE
r-devel-windows-x86_64 0.1.4 4.00 47.00 51.00 NOTE
r-patched-linux-x86_64 0.1.4 2.93 34.54 37.47 NOTE
r-release-linux-x86_64 0.1.4 2.93 33.38 36.31 NOTE
r-release-macos-arm64 0.1.4 20.00 NOTE
r-release-windows-x86_64 0.1.4 5.00 48.00 53.00 NOTE
r-oldrel-macos-arm64 0.1.4 20.00 NOTE
r-oldrel-macos-x86_64 0.1.4 28.00 NOTE
r-oldrel-windows-x86_64 0.1.4 5.00 49.00 54.00 NOTE

Check Details

Version: 0.1.4
Check: LazyData
Result: NOTE 'LazyData' is specified without a 'data' directory Flavors: r-devel-linux-x86_64-debian-clang, r-devel-linux-x86_64-debian-gcc, r-devel-linux-x86_64-fedora-clang, r-devel-linux-x86_64-fedora-gcc, r-devel-windows-x86_64, r-patched-linux-x86_64, r-release-linux-x86_64, r-release-macos-arm64, r-release-windows-x86_64, r-oldrel-macos-arm64, r-oldrel-macos-x86_64, r-oldrel-windows-x86_64