CRAN Package Check Results for Package cocorresp

Last updated on 2024-07-23 16:49:01 CEST.

Flavor Version Tinstall Tcheck Ttotal Status Flags
r-devel-linux-x86_64-debian-clang 0.4-4 10.60 105.01 115.61 OK
r-devel-linux-x86_64-debian-gcc 0.4-4 8.02 80.13 88.15 NOTE
r-devel-linux-x86_64-fedora-clang 0.4-4 142.53 OK
r-devel-linux-x86_64-fedora-gcc 0.4-4 149.06 OK
r-devel-windows-x86_64 0.4-4 11.00 99.00 110.00 NOTE
r-patched-linux-x86_64 0.4-4 13.91 99.23 113.14 OK
r-release-linux-x86_64 0.4-4 7.82 99.70 107.52 OK
r-release-macos-arm64 0.4-4 49.00 OK
r-release-macos-x86_64 0.4-4 73.00 OK
r-release-windows-x86_64 0.4-4 9.00 97.00 106.00 OK
r-oldrel-macos-arm64 0.4-4 53.00 OK
r-oldrel-macos-x86_64 0.4-4 129.00 OK
r-oldrel-windows-x86_64 0.4-4 12.00 113.00 125.00 OK

Check Details

Version: 0.4-4
Check: Rd cross-references
Result: NOTE Found the following Rd file(s) with Rd \link{} targets missing package anchors: envfit.coca.Rd: vectorfit, factorfit, envfit Please provide package anchors for all Rd \link{} targets not in the package itself and the base packages. Flavors: r-devel-linux-x86_64-debian-gcc, r-devel-windows-x86_64