CRAN Package Check Results for Package cmvnorm

Last updated on 2024-04-19 01:04:27 CEST.

Flavor Version Tinstall Tcheck Ttotal Status Flags
r-devel-linux-x86_64-debian-clang 1.0-7 2.26 79.04 81.30 OK
r-devel-linux-x86_64-debian-gcc 1.0-7 1.88 53.33 55.21 OK
r-devel-linux-x86_64-fedora-clang 1.0-7 102.75 OK
r-devel-linux-x86_64-fedora-gcc 1.0-7 118.53 OK
r-prerel-macos-arm64 1.0-7 33.00 OK
r-prerel-windows-x86_64 1.0-7 3.00 91.00 94.00 OK
r-patched-linux-x86_64 1.0-7 2.53 73.64 76.17 OK
r-release-linux-x86_64 1.0-7 2.46 74.57 77.03 OK
r-release-macos-arm64 1.0-7 43.00 OK
r-release-macos-x86_64 1.0-7 68.00 NOTE
r-release-windows-x86_64 1.0-7 3.00 99.00 102.00 OK
r-oldrel-macos-arm64 1.0-7 35.00 OK
r-oldrel-windows-x86_64 1.0-7 4.00 96.00 100.00 OK

Check Details

Version: 1.0-7
Check: re-building of vignette outputs
Result: NOTE Error(s) in re-building vignettes: --- re-building ‘cmvnorm.Rnw’ using Sweave Attaching package: ‘cmvnorm’ The following objects are masked from ‘package:stats’: sd, var Attaching package: ‘elliptic’ The following objects are masked from ‘package:cmvnorm’: Im<-, Re<-, sd The following objects are masked from ‘package:stats’: sd, sigma The following object is masked from ‘package:base’: is.primitive Error: processing vignette 'cmvnorm.Rnw' failed with diagnostics: Running 'texi2dvi' on 'cmvnorm.tex' failed. LaTeX errors: ! LaTeX Error: File `dsfont.sty' not found. Type X to quit or <RETURN> to proceed, or enter new name. (Default extension: sty) ! Emergency stop. <read *> l.4 \usepackage {bbm}^^M ! ==> Fatal error occurred, no output PDF file produced! --- failed re-building ‘cmvnorm.Rnw’ SUMMARY: processing the following file failed: ‘cmvnorm.Rnw’ Error: Vignette re-building failed. Execution halted Flavor: r-release-macos-x86_64