CRAN Package Check Results for Package cmenet

Last updated on 2024-04-18 16:49:50 CEST.

Flavor Version Tinstall Tcheck Ttotal Status Flags
r-devel-linux-x86_64-debian-clang 0.1.2 48.75 73.43 122.18 NOTE
r-devel-linux-x86_64-debian-gcc 0.1.2 33.99 53.67 87.66 NOTE
r-devel-linux-x86_64-fedora-clang 0.1.2 165.32 NOTE
r-devel-linux-x86_64-fedora-gcc 0.1.2 179.73 NOTE
r-prerel-macos-arm64 0.1.2 44.00 NOTE
r-prerel-windows-x86_64 0.1.2 37.00 87.00 124.00 NOTE
r-patched-linux-x86_64 0.1.2 45.08 67.24 112.32 NOTE
r-release-linux-x86_64 0.1.2 48.51 70.60 119.11 NOTE
r-release-macos-arm64 0.1.2 48.00 NOTE
r-release-macos-x86_64 0.1.2 74.00 NOTE
r-release-windows-x86_64 0.1.2 47.00 104.00 151.00 NOTE
r-oldrel-macos-arm64 0.1.2 41.00 NOTE
r-oldrel-windows-x86_64 0.1.2 46.00 101.00 147.00 OK

Check Details

Version: 0.1.2
Check: C++ specification
Result: NOTE Specified C++11: please drop specification unless essential Flavors: r-devel-linux-x86_64-debian-clang, r-devel-linux-x86_64-debian-gcc, r-devel-linux-x86_64-fedora-clang, r-devel-linux-x86_64-fedora-gcc, r-prerel-macos-arm64, r-prerel-windows-x86_64, r-patched-linux-x86_64, r-release-linux-x86_64, r-release-macos-arm64, r-release-macos-x86_64, r-release-windows-x86_64

Version: 0.1.2
Check: dependencies in R code
Result: NOTE Namespace in Imports field not imported from: ‘MASS’ All declared Imports should be used. Flavors: r-devel-linux-x86_64-fedora-clang, r-devel-linux-x86_64-fedora-gcc, r-oldrel-macos-arm64