CRAN Package Check Results for Package clpm

Last updated on 2024-04-15 10:01:58 CEST.

Flavor Version Tinstall Tcheck Ttotal Status Flags
r-devel-linux-x86_64-debian-clang 1.0 2.06 25.39 27.45 NOTE
r-devel-linux-x86_64-debian-gcc 1.0 1.99 19.44 21.43 NOTE
r-devel-linux-x86_64-fedora-clang 1.0 36.09 NOTE
r-devel-linux-x86_64-fedora-gcc 1.0 35.61 NOTE
r-prerel-linux-x86_64 1.0 2.36 25.18 27.54 NOTE
r-prerel-macos-arm64 1.0 15.00 NOTE
r-prerel-windows-x86_64 1.0 3.00 46.00 49.00 NOTE
r-release-linux-x86_64 1.0 2.52 24.90 27.42 OK
r-release-macos-arm64 1.0 21.00 OK
r-release-macos-x86_64 1.0 39.00 OK
r-release-windows-x86_64 1.0 3.00 46.00 49.00 OK
r-oldrel-macos-arm64 1.0 19.00 OK
r-oldrel-windows-x86_64 1.0 7.00 74.00 81.00 OK

Check Details

Version: 1.0
Check: Rd \usage sections
Result: NOTE Objects in \usage without \alias in Rd file 'clpm-internal.Rd': ‘lpm.newton2’ ‘lpm.fit’ ‘lpm.newton’ ‘L_lambda’ Functions with \usage entries need to have the appropriate \alias entries, and all their arguments documented. The \usage entries must correspond to syntactically valid R code. See chapter ‘Writing R documentation files’ in the ‘Writing R Extensions’ manual. Flavors: r-devel-linux-x86_64-debian-clang, r-devel-linux-x86_64-debian-gcc, r-devel-linux-x86_64-fedora-clang, r-devel-linux-x86_64-fedora-gcc, r-prerel-linux-x86_64, r-prerel-macos-arm64, r-prerel-windows-x86_64