CRAN Package Check Results for Package clhs

Last updated on 2024-06-16 00:58:17 CEST.

Flavor Version Tinstall Tcheck Ttotal Status Flags
r-devel-linux-x86_64-debian-clang 0.9.0 64.91 475.63 540.54 NOTE
r-devel-linux-x86_64-debian-gcc 0.9.0 51.12 331.02 382.14 NOTE
r-devel-linux-x86_64-fedora-clang 0.9.0 659.24 NOTE
r-devel-linux-x86_64-fedora-gcc 0.9.0 645.91 NOTE
r-devel-windows-x86_64 0.9.0 56.00 289.00 345.00 NOTE
r-patched-linux-x86_64 0.9.0 62.96 446.19 509.15 NOTE
r-release-linux-x86_64 0.9.0 63.34 441.17 504.51 NOTE
r-release-macos-arm64 0.9.0 140.00 NOTE
r-release-macos-x86_64 0.9.0 243.00 NOTE
r-release-windows-x86_64 0.9.0 56.00 283.00 339.00 NOTE
r-oldrel-macos-arm64 0.9.0 158.00 NOTE
r-oldrel-macos-x86_64 0.9.0 293.00 NOTE
r-oldrel-windows-x86_64 0.9.0 71.00 403.00 474.00 NOTE

Check Details

Version: 0.9.0
Check: C++ specification
Result: NOTE Specified C++11: please drop specification unless essential Flavors: r-devel-linux-x86_64-debian-clang, r-devel-linux-x86_64-debian-gcc, r-devel-linux-x86_64-fedora-clang, r-devel-linux-x86_64-fedora-gcc, r-devel-windows-x86_64, r-patched-linux-x86_64, r-release-linux-x86_64, r-release-macos-arm64, r-release-macos-x86_64, r-release-windows-x86_64, r-oldrel-macos-arm64, r-oldrel-macos-x86_64, r-oldrel-windows-x86_64

Version: 0.9.0
Check: package subdirectories
Result: NOTE Problems with news in ‘NEWS.md’: Cannot extract version info from the following section titles: clhs_0.7-2 clhs_0.7-0 clhs_0.6-0 clhs_0.5-7 clhs_0.5-6 clhs_0.5-3 clhs_0.5-2 clhs_0.5-1 clhs_0.5-0 clhs_0.4-3 clhs_0.4-2 clhs_0.4-1 clhs_0.4-0 clhs_0.3-2 clhs_0.3-1 clhs_0.3-0 clhs_0.2-1 clhs_0.2-0 clhs_0.1-0 Flavors: r-devel-linux-x86_64-debian-clang, r-devel-linux-x86_64-debian-gcc, r-devel-linux-x86_64-fedora-clang, r-devel-linux-x86_64-fedora-gcc, r-devel-windows-x86_64, r-patched-linux-x86_64, r-release-linux-x86_64, r-release-macos-arm64, r-release-macos-x86_64, r-release-windows-x86_64, r-oldrel-macos-arm64, r-oldrel-macos-x86_64, r-oldrel-windows-x86_64

Version: 0.9.0
Check: dependencies in R code
Result: NOTE Namespace in Imports field not imported from: ‘sp’ All declared Imports should be used. Flavors: r-devel-linux-x86_64-fedora-clang, r-devel-linux-x86_64-fedora-gcc