CRAN Package Check Results for Package checkglobals

Last updated on 2024-04-23 16:58:11 CEST.

Flavor Version Tinstall Tcheck Ttotal Status Flags
r-devel-linux-x86_64-debian-clang 0.1.0 3.91 31.67 35.58 NOTE
r-devel-linux-x86_64-debian-gcc 0.1.0 4.03 23.99 28.02 NOTE
r-devel-linux-x86_64-fedora-clang 0.1.0 48.20 NOTE
r-devel-linux-x86_64-fedora-gcc 0.1.0 47.21 NOTE
r-prerel-macos-arm64 0.1.0 19.00 NOTE
r-prerel-windows-x86_64 0.1.0 9.00 51.00 60.00 NOTE
r-patched-linux-x86_64 0.1.0 5.52 30.08 35.60 NOTE
r-release-linux-x86_64 0.1.0 5.00 31.00 36.00 OK
r-release-macos-arm64 0.1.0 24.00 OK
r-release-macos-x86_64 0.1.0 44.00 OK
r-release-windows-x86_64 0.1.0 8.00 53.00 61.00 OK
r-oldrel-macos-arm64 0.1.0 25.00 OK
r-oldrel-windows-x86_64 0.1.0 9.00 53.00 62.00 OK

Check Details

Version: 0.1.0
Check: Rd files
Result: NOTE checkRd: (-1) as.data.frame.checkglobals.Rd:43: Lost braces; missing escapes or markup? 43 | \item \code{type}, the type of the detected entity, either \code{"global"} or {"import"}. | ^ checkRd: (-1) as.matrix.checkglobals.Rd:32: Lost braces; missing escapes or markup? 32 | \item \code{type}, the type of the detected entity, either \code{"global"} or {"import"}. | ^ Flavors: r-devel-linux-x86_64-debian-clang, r-devel-linux-x86_64-debian-gcc, r-devel-linux-x86_64-fedora-clang, r-devel-linux-x86_64-fedora-gcc, r-prerel-macos-arm64, r-prerel-windows-x86_64, r-patched-linux-x86_64