CRAN Package Check Results for Package cgAUC

Last updated on 2024-07-15 16:56:18 CEST.

Flavor Version Tinstall Tcheck Ttotal Status Flags
r-devel-linux-x86_64-debian-clang 1.2.1 19.97 27.41 47.38 NOTE
r-devel-linux-x86_64-debian-gcc 1.2.1 14.73 21.69 36.42 NOTE
r-devel-linux-x86_64-fedora-clang 1.2.1 71.06 NOTE
r-devel-linux-x86_64-fedora-gcc 1.2.1 65.75 NOTE
r-devel-windows-x86_64 1.2.1 17.00 59.00 76.00 NOTE
r-patched-linux-x86_64 1.2.1 18.22 27.31 45.53 NOTE
r-release-linux-x86_64 1.2.1 18.13 27.27 45.40 NOTE
r-release-macos-arm64 1.2.1 21.00 NOTE
r-release-macos-x86_64 1.2.1 35.00 NOTE
r-release-windows-x86_64 1.2.1 17.00 63.00 80.00 NOTE
r-oldrel-macos-arm64 1.2.1 23.00 NOTE
r-oldrel-macos-x86_64 1.2.1 32.00 NOTE
r-oldrel-windows-x86_64 1.2.1 20.00 69.00 89.00 NOTE

Check Details

Version: 1.2.1
Check: DESCRIPTION meta-information
Result: NOTE Malformed Title field: should not end in a period. Flavors: r-devel-linux-x86_64-debian-clang, r-devel-linux-x86_64-debian-gcc, r-devel-linux-x86_64-fedora-clang, r-devel-linux-x86_64-fedora-gcc, r-devel-windows-x86_64, r-patched-linux-x86_64, r-release-linux-x86_64, r-release-macos-arm64, r-release-macos-x86_64, r-release-windows-x86_64, r-oldrel-macos-arm64, r-oldrel-macos-x86_64, r-oldrel-windows-x86_64

Version: 1.2.1
Check: compiled code
Result: NOTE File ‘cgAUC/libs/cgAUC.so’: Found no calls to: ‘R_registerRoutines’, ‘R_useDynamicSymbols’ It is good practice to register native routines and to disable symbol search. See ‘Writing portable packages’ in the ‘Writing R Extensions’ manual. Flavors: r-devel-linux-x86_64-fedora-clang, r-devel-linux-x86_64-fedora-gcc