CRAN Package Check Results for Package cequre

Last updated on 2024-04-18 16:49:49 CEST.

Flavor Version Tinstall Tcheck Ttotal Status Flags
r-devel-linux-x86_64-debian-clang 1.5 4.36 35.40 39.76 NOTE
r-devel-linux-x86_64-debian-gcc 1.5 3.10 28.71 31.81 NOTE
r-devel-linux-x86_64-fedora-clang 1.5 55.23 NOTE
r-devel-linux-x86_64-fedora-gcc 1.5 64.11 NOTE
r-prerel-macos-arm64 1.5 26.00 NOTE
r-prerel-windows-x86_64 1.5 6.00 47.00 53.00 NOTE
r-patched-linux-x86_64 1.5 4.09 35.42 39.51 NOTE
r-release-linux-x86_64 1.5 3.56 33.51 37.07 OK
r-release-macos-arm64 1.5 40.00 OK
r-release-macos-x86_64 1.5 76.00 OK
r-release-windows-x86_64 1.5 6.00 48.00 54.00 OK
r-oldrel-macos-arm64 1.5 35.00 OK
r-oldrel-windows-x86_64 1.5 7.00 59.00 66.00 OK

Check Details

Version: 1.5
Check: Rd files
Result: NOTE checkRd: (-1) cequre.Rd:31: Lost braces; missing escapes or markup? 31 | {epsi}^{# regression coefficients} times the initial value, | ^ checkRd: (-1) cequre.Rd:31: Lost braces; missing escapes or markup? 31 | {epsi}^{# regression coefficients} times the initial value, | ^ Flavors: r-devel-linux-x86_64-debian-clang, r-devel-linux-x86_64-debian-gcc, r-devel-linux-x86_64-fedora-clang, r-devel-linux-x86_64-fedora-gcc, r-prerel-macos-arm64, r-prerel-windows-x86_64, r-patched-linux-x86_64