CRAN Package Check Results for Package cascadeSelect

Last updated on 2024-04-18 16:49:49 CEST.

Flavor Version Tinstall Tcheck Ttotal Status Flags
r-devel-linux-x86_64-debian-clang 1.1.0 4.98 30.56 35.54 OK
r-devel-linux-x86_64-debian-gcc 1.1.0 3.33 23.44 26.77 OK
r-devel-linux-x86_64-fedora-clang 1.1.0 43.99 NOTE
r-devel-linux-x86_64-fedora-gcc 1.1.0 40.33 NOTE
r-prerel-macos-arm64 1.1.0 17.00 NOTE
r-prerel-windows-x86_64 1.1.0 7.00 44.00 51.00 NOTE
r-patched-linux-x86_64 1.1.0 3.74 28.71 32.45 OK
r-release-linux-x86_64 1.1.0 3.56 29.25 32.81 OK
r-release-macos-arm64 1.1.0 18.00 NOTE
r-release-macos-x86_64 1.1.0 37.00 NOTE
r-release-windows-x86_64 1.1.0 6.00 46.00 52.00 NOTE
r-oldrel-macos-arm64 1.1.0 22.00 NOTE
r-oldrel-windows-x86_64 1.1.0 7.00 52.00 59.00 NOTE

Check Details

Version: 1.1.0
Check: installed package size
Result: NOTE installed size is 12.4Mb sub-directories of 1Mb or more: www 12.3Mb Flavors: r-devel-linux-x86_64-fedora-clang, r-prerel-macos-arm64, r-prerel-windows-x86_64, r-release-macos-arm64, r-release-macos-x86_64, r-release-windows-x86_64, r-oldrel-macos-arm64, r-oldrel-windows-x86_64

Version: 1.1.0
Check: dependencies in R code
Result: NOTE Namespace in Imports field not imported from: ‘shiny’ All declared Imports should be used. Flavors: r-devel-linux-x86_64-fedora-clang, r-devel-linux-x86_64-fedora-gcc