CRAN Package Check Results for Package bulkreadr

Last updated on 2024-04-20 08:50:46 CEST.

Flavor Version Tinstall Tcheck Ttotal Status Flags
r-devel-linux-x86_64-debian-clang 1.1.0 10.43 101.39 111.82 OK
r-devel-linux-x86_64-debian-gcc 1.1.0 7.06 74.85 81.91 OK
r-devel-linux-x86_64-fedora-clang 1.1.0 139.30 NOTE
r-devel-linux-x86_64-fedora-gcc 1.1.0 143.56 OK
r-prerel-macos-arm64 1.1.0 62.00 OK
r-prerel-windows-x86_64 1.1.0 9.00 99.00 108.00 OK
r-patched-linux-x86_64 1.1.0 14.30 96.96 111.26 OK
r-release-linux-x86_64 1.1.0 6.65 96.47 103.12 OK
r-release-macos-arm64 1.1.0 55.00 OK
r-release-macos-x86_64 1.1.0 156.00 OK
r-release-windows-x86_64 1.1.0 12.00 120.00 132.00 OK
r-oldrel-macos-arm64 1.1.0 57.00 OK
r-oldrel-windows-x86_64 1.1.0 12.00 122.00 134.00 OK

Check Details

Version: 1.1.0
Check: Rd cross-references
Result: NOTE Undeclared package ‘googledrive’ in Rd xrefs Flavor: r-devel-linux-x86_64-fedora-clang