Last updated on 2025-01-21 23:50:21 CET.
Flavor | Version | Tinstall | Tcheck | Ttotal | Status | Flags |
---|---|---|---|---|---|---|
r-devel-linux-x86_64-debian-clang | 0.4.8 | 57.57 | 96.95 | 154.52 | OK | |
r-devel-linux-x86_64-debian-gcc | 0.4.8 | 43.88 | 71.67 | 115.55 | OK | |
r-devel-linux-x86_64-fedora-clang | 0.4.8 | 293.39 | OK | |||
r-devel-linux-x86_64-fedora-gcc | 0.4.8 | 307.72 | OK | |||
r-devel-windows-x86_64 | 0.4.8 | 61.00 | 191.00 | 252.00 | OK | |
r-patched-linux-x86_64 | 0.4.8 | 63.48 | 94.39 | 157.87 | OK | |
r-release-linux-x86_64 | 0.4.8 | 62.04 | 94.49 | 156.53 | OK | |
r-release-macos-arm64 | 0.4.8 | 84.00 | NOTE | |||
r-release-macos-x86_64 | 0.4.8 | 110.00 | NOTE | |||
r-release-windows-x86_64 | 0.4.8 | 63.00 | 187.00 | 250.00 | OK | |
r-oldrel-macos-arm64 | 0.4.8 | 89.00 | NOTE | |||
r-oldrel-macos-x86_64 | 0.4.8 | 181.00 | NOTE | |||
r-oldrel-windows-x86_64 | 0.4.8 | 74.00 | 202.00 | 276.00 | OK |
Version: 0.4.8
Check: installed package size
Result: NOTE
installed size is 6.7Mb
sub-directories of 1Mb or more:
libs 5.9Mb
Flavors: r-release-macos-arm64, r-release-macos-x86_64, r-oldrel-macos-arm64, r-oldrel-macos-x86_64