CRAN Package Check Results for Package bigmatch

Last updated on 2025-01-20 09:49:03 CET.

Flavor Version Tinstall Tcheck Ttotal Status Flags
r-devel-linux-x86_64-debian-clang 0.6.4 4.41 43.22 47.63 OK
r-devel-linux-x86_64-debian-gcc 0.6.4 2.59 30.83 33.42 OK
r-devel-linux-x86_64-fedora-clang 0.6.4 76.75 OK
r-devel-linux-x86_64-fedora-gcc 0.6.4 75.52 OK
r-devel-windows-x86_64 0.6.4 5.00 62.00 67.00 OK
r-patched-linux-x86_64 0.6.4 4.32 41.40 45.72 NOTE
r-release-linux-x86_64 0.6.4 3.46 41.57 45.03 NOTE
r-release-macos-arm64 0.6.4 26.00 NOTE
r-release-macos-x86_64 0.6.4 46.00 NOTE
r-release-windows-x86_64 0.6.4 6.00 65.00 71.00 NOTE
r-oldrel-macos-arm64 0.6.4 30.00 NOTE
r-oldrel-macos-x86_64 0.6.4 40.00 NOTE
r-oldrel-windows-x86_64 0.6.4 6.00 71.00 77.00 NOTE

Check Details

Version: 0.6.4
Check: package dependencies
Result: NOTE Package suggested but not available for checking: ‘rrelaxiv’ Flavors: r-patched-linux-x86_64, r-release-linux-x86_64, r-release-macos-arm64, r-release-macos-x86_64, r-release-windows-x86_64, r-oldrel-macos-arm64, r-oldrel-macos-x86_64, r-oldrel-windows-x86_64