CRAN Package Check Results for Package bethel

Last updated on 2024-04-19 08:54:33 CEST.

Flavor Version Tinstall Tcheck Ttotal Status Flags
r-devel-linux-x86_64-debian-clang 0.2 1.89 22.01 23.90 NOTE
r-devel-linux-x86_64-debian-gcc 0.2 NOTE
r-devel-linux-x86_64-fedora-clang 0.2 30.61 NOTE
r-devel-linux-x86_64-fedora-gcc 0.2 29.45 NOTE
r-prerel-macos-arm64 0.2 14.00 NOTE
r-prerel-windows-x86_64 0.2 2.00 35.00 37.00 NOTE
r-patched-linux-x86_64 0.2 1.55 20.88 22.43 NOTE
r-release-linux-x86_64 0.2 1.78 20.85 22.63 NOTE
r-release-macos-arm64 0.2 16.00 NOTE
r-release-macos-x86_64 0.2 19.00 NOTE
r-release-windows-x86_64 0.2 2.00 36.00 38.00 NOTE
r-oldrel-macos-arm64 0.2 16.00 NOTE
r-oldrel-windows-x86_64 0.2 4.00 42.00 46.00 NOTE

Check Details

Version: 0.2
Check: DESCRIPTION meta-information
Result: NOTE Malformed Title field: should not end in a period. Flavors: r-devel-linux-x86_64-debian-clang, r-devel-linux-x86_64-debian-gcc, r-devel-linux-x86_64-fedora-clang, r-devel-linux-x86_64-fedora-gcc, r-prerel-macos-arm64, r-prerel-windows-x86_64, r-patched-linux-x86_64, r-release-linux-x86_64, r-release-macos-arm64, r-release-macos-x86_64, r-release-windows-x86_64, r-oldrel-macos-arm64, r-oldrel-windows-x86_64