CRAN Package Check Results for Package belex

Last updated on 2024-05-20 08:48:51 CEST.

Flavor Version Tinstall Tcheck Ttotal Status Flags
r-devel-linux-x86_64-debian-clang 0.1.0 1.63 21.40 23.03 NOTE
r-devel-linux-x86_64-debian-gcc 0.1.0 1.68 16.75 18.43 NOTE
r-devel-linux-x86_64-fedora-clang 0.1.0 32.90 NOTE
r-devel-linux-x86_64-fedora-gcc 0.1.0 32.94 NOTE
r-devel-windows-x86_64 0.1.0 2.00 37.00 39.00 NOTE
r-patched-linux-x86_64 0.1.0 1.92 21.77 23.69 NOTE
r-release-linux-x86_64 0.1.0 1.73 21.40 23.13 NOTE
r-release-macos-arm64 0.1.0 14.00 NOTE
r-release-windows-x86_64 0.1.0 2.00 37.00 39.00 NOTE
r-oldrel-macos-arm64 0.1.0 14.00 NOTE
r-oldrel-macos-x86_64 0.1.0 19.00 NOTE
r-oldrel-windows-x86_64 0.1.0 4.00 39.00 43.00 NOTE

Check Details

Version: 0.1.0
Check: LazyData
Result: NOTE 'LazyData' is specified without a 'data' directory Flavors: r-devel-linux-x86_64-debian-clang, r-devel-linux-x86_64-debian-gcc, r-devel-linux-x86_64-fedora-clang, r-devel-linux-x86_64-fedora-gcc, r-devel-windows-x86_64, r-patched-linux-x86_64, r-release-linux-x86_64, r-release-macos-arm64, r-release-windows-x86_64, r-oldrel-macos-arm64, r-oldrel-macos-x86_64, r-oldrel-windows-x86_64