CRAN Package Check Results for Package behaviorchange

Last updated on 2025-01-13 11:48:22 CET.

Flavor Version Tinstall Tcheck Ttotal Status Flags
r-devel-linux-x86_64-debian-clang 0.5.5 10.68 96.30 106.98 NOTE
r-devel-linux-x86_64-debian-gcc 0.5.5 6.45 68.32 74.77 NOTE
r-devel-linux-x86_64-fedora-clang 0.5.5 176.81 OK
r-devel-linux-x86_64-fedora-gcc 0.5.5 183.54 OK
r-devel-windows-x86_64 0.5.5 15.00 114.00 129.00 NOTE
r-patched-linux-x86_64 0.5.5 18.14 89.41 107.55 OK
r-release-linux-x86_64 0.5.5 11.08 91.29 102.37 OK
r-release-macos-arm64 0.5.5 57.00 OK
r-release-macos-x86_64 0.5.5 89.00 OK
r-release-windows-x86_64 0.5.5 12.00 108.00 120.00 OK
r-oldrel-macos-arm64 0.5.5 57.00 OK
r-oldrel-macos-x86_64 0.5.5 83.00 OK
r-oldrel-windows-x86_64 0.5.5 16.00 132.00 148.00 OK

Check Details

Version: 0.5.5
Check: Rd cross-references
Result: NOTE Found the following Rd file(s) with Rd \link{} targets missing package anchors: CIBER.Rd: ggplot2, biAxisDiamondPlot, diamondPlot, gtable determinantStructure.Rd: data.tree Please provide package anchors for all Rd \link{} targets not in the package itself and the base packages. Flavors: r-devel-linux-x86_64-debian-clang, r-devel-linux-x86_64-debian-gcc, r-devel-windows-x86_64