CRAN Package Check Results for Package attenuation

Last updated on 2024-04-20 08:50:44 CEST.

Flavor Version Tinstall Tcheck Ttotal Status Flags
r-devel-linux-x86_64-debian-clang 1.0.0 2.30 40.92 43.22 NOTE
r-devel-linux-x86_64-debian-gcc 1.0.0 2.09 28.51 30.60 NOTE
r-devel-linux-x86_64-fedora-clang 1.0.0 52.90 NOTE
r-devel-linux-x86_64-fedora-gcc 1.0.0 50.50 NOTE
r-prerel-macos-arm64 1.0.0 17.00 NOTE
r-prerel-windows-x86_64 1.0.0 3.00 48.00 51.00 NOTE
r-patched-linux-x86_64 1.0.0 2.01 37.20 39.21 NOTE
r-release-linux-x86_64 1.0.0 2.25 37.38 39.63 NOTE
r-release-macos-arm64 1.0.0 20.00 NOTE
r-release-macos-x86_64 1.0.0 26.00 NOTE
r-release-windows-x86_64 1.0.0 4.00 50.00 54.00 NOTE
r-oldrel-macos-arm64 1.0.0 20.00 NOTE
r-oldrel-windows-x86_64 1.0.0 4.00 52.00 56.00 NOTE

Check Details

Version: 1.0.0
Check: LazyData
Result: NOTE 'LazyData' is specified without a 'data' directory Flavors: r-devel-linux-x86_64-debian-clang, r-devel-linux-x86_64-debian-gcc, r-devel-linux-x86_64-fedora-clang, r-devel-linux-x86_64-fedora-gcc, r-prerel-macos-arm64, r-prerel-windows-x86_64, r-patched-linux-x86_64, r-release-linux-x86_64, r-release-macos-arm64, r-release-macos-x86_64, r-release-windows-x86_64, r-oldrel-macos-arm64, r-oldrel-windows-x86_64