CRAN Package Check Results for Package asciichartr

Last updated on 2024-04-19 08:54:33 CEST.

Flavor Version Tinstall Tcheck Ttotal Status Flags
r-devel-linux-x86_64-debian-clang 0.1.0 2.02 22.51 24.53 NOTE
r-devel-linux-x86_64-debian-gcc 0.1.0 NOTE
r-devel-linux-x86_64-fedora-clang 0.1.0 30.52 NOTE
r-devel-linux-x86_64-fedora-gcc 0.1.0 29.51 NOTE
r-prerel-macos-arm64 0.1.0 14.00 NOTE
r-prerel-windows-x86_64 0.1.0 2.00 37.00 39.00 NOTE
r-patched-linux-x86_64 0.1.0 1.73 21.57 23.30 NOTE
r-release-linux-x86_64 0.1.0 1.52 20.54 22.06 NOTE
r-release-macos-arm64 0.1.0 17.00 NOTE
r-release-macos-x86_64 0.1.0 18.00 NOTE
r-release-windows-x86_64 0.1.0 4.00 38.00 42.00 NOTE
r-oldrel-macos-arm64 0.1.0 16.00 NOTE
r-oldrel-windows-x86_64 0.1.0 5.00 45.00 50.00 NOTE

Check Details

Version: 0.1.0
Check: LazyData
Result: NOTE 'LazyData' is specified without a 'data' directory Flavors: r-devel-linux-x86_64-debian-clang, r-devel-linux-x86_64-debian-gcc, r-devel-linux-x86_64-fedora-clang, r-devel-linux-x86_64-fedora-gcc, r-prerel-macos-arm64, r-prerel-windows-x86_64, r-patched-linux-x86_64, r-release-linux-x86_64, r-release-macos-arm64, r-release-macos-x86_64, r-release-windows-x86_64, r-oldrel-macos-arm64, r-oldrel-windows-x86_64

Version: 0.1.0
Check: dependencies in R code
Result: NOTE Namespace in Imports field not imported from: ‘methods’ All declared Imports should be used. Flavors: r-devel-linux-x86_64-fedora-clang, r-devel-linux-x86_64-fedora-gcc