CRAN Package Check Results for Package area

Last updated on 2024-06-15 00:54:01 CEST.

Flavor Version Tinstall Tcheck Ttotal Status Flags
r-devel-linux-x86_64-debian-clang 0.2.0 7.80 23.77 31.57 NOTE
r-devel-linux-x86_64-debian-gcc 0.2.0 4.84 18.81 23.65 NOTE
r-devel-linux-x86_64-fedora-clang 0.2.0 44.30 NOTE
r-devel-linux-x86_64-fedora-gcc 0.2.0 39.64 NOTE
r-devel-windows-x86_64 0.2.0 7.00 44.00 51.00 NOTE
r-patched-linux-x86_64 0.2.0 5.81 22.66 28.47 OK
r-release-linux-x86_64 0.2.0 5.77 22.98 28.75 OK
r-release-macos-arm64 0.2.0 18.00 OK
r-release-macos-x86_64 0.2.0 28.00 OK
r-release-windows-x86_64 0.2.0 8.00 46.00 54.00 OK
r-oldrel-macos-arm64 0.2.0 36.00 OK
r-oldrel-macos-x86_64 0.2.0 42.00 OK
r-oldrel-windows-x86_64 0.2.0 10.00 48.00 58.00 OK

Check Details

Version: 0.2.0
Check: compiled code
Result: NOTE File ‘area/libs/area.so’: Found non-API calls to R: ‘SETLENGTH’, ‘SET_TRUELENGTH’ Compiled code should not call non-API entry points in R. See ‘Writing portable packages’ in the ‘Writing R Extensions’ manual. Flavors: r-devel-linux-x86_64-debian-clang, r-devel-linux-x86_64-debian-gcc

Version: 0.2.0
Check: compiled code
Result: NOTE File ‘area/libs/area.so’: Found non-API calls to R: ‘SETLENGTH’, ‘SET_GROWABLE_BIT’, ‘SET_TRUELENGTH’ Compiled code should not call non-API entry points in R. See ‘Writing portable packages’ in the ‘Writing R Extensions’ manual. Flavors: r-devel-linux-x86_64-fedora-clang, r-devel-linux-x86_64-fedora-gcc

Version: 0.2.0
Check: compiled code
Result: NOTE File 'area/libs/x64/area.dll': Found non-API calls to R: 'SETLENGTH', 'SET_TRUELENGTH' Compiled code should not call non-API entry points in R. See 'Writing portable packages' in the 'Writing R Extensions' manual. Flavor: r-devel-windows-x86_64